-- https://www.phpmyadmin.net/
--

START TRANSACTION;



--
-- Database: `tt_madisa`
--

-- --------------------------------------------------------

--
-- Table structure for table `oc_address`
--

CREATE TABLE IF NOT EXISTS `oc_address` (
  `address_id` int(11) NOT NULL AUTO_INCREMENT,
  `customer_id` int(11) NOT NULL,
  `firstname` varchar(32) NOT NULL,
  `lastname` varchar(32) NOT NULL,
  `company` varchar(40) NOT NULL,
  `address_1` varchar(128) NOT NULL,
  `address_2` varchar(128) NOT NULL,
  `city` varchar(128) NOT NULL,
  `postcode` varchar(10) NOT NULL,
  `country_id` int(11) NOT NULL DEFAULT '0',
  `zone_id` int(11) NOT NULL DEFAULT '0',
  `custom_field` text NOT NULL,
  PRIMARY KEY (`address_id`),
  KEY `customer_id` (`customer_id`)
) ENGINE=MyISAM AUTO_INCREMENT=2 DEFAULT CHARSET=utf8;

--
-- Dumping data for table `oc_address`
--

INSERT INTO `oc_address` (`address_id`, `customer_id`, `firstname`, `lastname`, `company`, `address_1`, `address_2`, `city`, `postcode`, `country_id`, `zone_id`, `custom_field`) VALUES
(1, 1, 'Plaza', 'Themes', '', 'NewYork', '', 'NewYork', '100000', 222, 3513, '');

-- --------------------------------------------------------

--
-- Table structure for table `oc_api_ip`
--

CREATE TABLE IF NOT EXISTS `oc_api_ip` (
  `api_ip_id` int(11) NOT NULL AUTO_INCREMENT,
  `api_id` int(11) NOT NULL,
  `ip` varchar(40) NOT NULL,
  PRIMARY KEY (`api_ip_id`)
) ENGINE=MyISAM AUTO_INCREMENT=2 DEFAULT CHARSET=utf8;

--
-- Dumping data for table `oc_api_ip`
--

INSERT INTO `oc_api_ip` (`api_ip_id`, `api_id`, `ip`) VALUES
(1, 2, '127.0.0.1');

-- --------------------------------------------------------

--
-- Table structure for table `oc_article`
--

CREATE TABLE IF NOT EXISTS `oc_article` (
  `article_id` int(11) NOT NULL AUTO_INCREMENT,
  `sort_order` int(11) NOT NULL DEFAULT '0',
  `status` tinyint(1) NOT NULL DEFAULT '0',
  `date_added` datetime NOT NULL,
  `date_modified` datetime NOT NULL,
  `image` varchar(255) DEFAULT NULL,
  `author` varchar(100) DEFAULT NULL,
  PRIMARY KEY (`article_id`)
) ENGINE=InnoDB AUTO_INCREMENT=12 DEFAULT CHARSET=utf8;

--
-- Dumping data for table `oc_article`
--

INSERT INTO `oc_article` (`article_id`, `sort_order`, `status`, `date_added`, `date_modified`, `image`, `author`) VALUES
(5, 1, 1, '2017-10-30 08:58:18', '2018-10-19 09:36:30', 'catalog/blog/2.jpg', 'Plaza Themes'),
(6, 1, 1, '2017-10-30 08:59:16', '2018-10-19 09:32:14', 'catalog/blog/3.jpg', 'Plaza Themes'),
(7, 1, 1, '2017-10-30 09:00:11', '2018-10-19 13:21:16', 'catalog/blog/4.jpg', 'Plaza Themes'),
(8, 1, 1, '2017-10-30 09:01:02', '2018-10-19 09:35:59', 'catalog/blog/1.jpg', 'Plaza Themes'),
(9, 1, 1, '2018-09-06 14:42:14', '2018-10-19 09:36:51', 'catalog/blog/5.jpg', 'Plaza Themes'),
(10, 1, 1, '2018-09-06 14:42:14', '2018-10-19 09:32:25', 'catalog/blog/6.jpg', 'Plaza Themes'),
(11, 1, 1, '2018-09-06 14:42:14', '2018-10-19 13:21:33', 'catalog/blog/6.jpg', 'Plaza Themes');

-- --------------------------------------------------------

--
-- Table structure for table `oc_article_description`
--

CREATE TABLE IF NOT EXISTS `oc_article_description` (
  `article_id` int(11) NOT NULL,
  `language_id` int(11) NOT NULL,
  `name` varchar(255) NOT NULL,
  `description` text NOT NULL,
  `intro_text` text NOT NULL,
  `meta_title` varchar(255) NOT NULL,
  `meta_description` varchar(255) NOT NULL,
  `meta_keyword` varchar(255) NOT NULL,
  PRIMARY KEY (`article_id`,`language_id`),
  KEY `name` (`name`)
) ENGINE=InnoDB DEFAULT CHARSET=utf8;

--
-- Dumping data for table `oc_article_description`
--

INSERT INTO `oc_article_description` (`article_id`, `language_id`, `name`, `description`, `intro_text`, `meta_title`, `meta_description`, `meta_keyword`) VALUES
(5, 1, 'Dior F/W 2015 First Fashion Show in 360', '&lt;p&gt;Virtual reality and 3-D technology are already well-established in the entertainment industry. Now, the fashion industry is not-so-slowly adopting the same cutting-edge tech in its eternal quest for something new and different. Designer Iris van Herpen has long been experimenting with 3-D printing and Tommy Hilfiger introduced virtual reality headsets to his stores to let shoppers experience the runway show. Even Sephora has a new version of its app that allows you to “try on” makeup virtually.&lt;/p&gt;', '&lt;p&gt;Virtual reality and 3-D technology are already well-established in the entertainment...&lt;/p&gt;', 'Dior F/W 2015 First Fashion Show in 360• Experience - Trending Fashion', 'Dior F/W 2015 First Fashion Show in 360• Experience - Trending Fashion', 'Dior F/W 2015 First Fashion Show in 360• Experience - Trending Fashion'),
(5, 13, 'Dior F/W 2015 First Fashion Show in 360', '&lt;p&gt;Virtual reality and 3-D technology are already well-established in the entertainment industry. Now, the fashion industry is not-so-slowly adopting the same cutting-edge tech in its eternal quest for something new and different. Designer Iris van Herpen has long been experimenting with 3-D printing and Tommy Hilfiger introduced virtual reality headsets to his stores to let shoppers experience the runway show. Even Sephora has a new version of its app that allows you to “try on” makeup virtually.&lt;/p&gt;', '&lt;p&gt;Virtual reality and 3-D technology are already well-established in the entertainment...&lt;/p&gt;', 'Dior F/W 2015 First Fashion Show in 360• Experience - Trending Fashion', 'Dior F/W 2015 First Fashion Show in 360• Experience - Trending Fashion', 'Dior F/W 2015 First Fashion Show in 360• Experience - Trending Fashion'),
(6, 1, 'London Fashion Week 360° Candy', '&lt;p&gt;Maria Denardo is the Fashion Director at theFashionSpot. Prior to joining tFS, she worked as the Site Director at Lifestyle Mirror and the Senior Fashion Editor at Fashion Week Daily. Her &quot;unhealthy attachment&quot; to hats led her to the halls of FIT, where she\'s currently completing her millinery certification. She proves that turbans never, ever go out of style.&lt;/p&gt;', '&lt;p&gt;Maria Denardo is the Fashion Director at theFashionSpot. Prior to joining tFS, she worked as...&lt;/p&gt;', 'London Fashion Week 360° Candy Rock &amp; Royal Fashion Day', 'London Fashion Week 360° Candy Rock &amp; Royal Fashion Day', 'London Fashion Week 360° Candy Rock &amp; Royal Fashion Day'),
(6, 13, 'London Fashion Week 360° Candy', '&lt;p&gt;Maria Denardo is the Fashion Director at theFashionSpot. Prior to joining tFS, she worked as the Site Director at Lifestyle Mirror and the Senior Fashion Editor at Fashion Week Daily. Her &quot;unhealthy attachment&quot; to hats led her to the halls of FIT, where she\'s currently completing her millinery certification. She proves that turbans never, ever go out of style.&lt;/p&gt;', '&lt;p&gt;Maria Denardo is the Fashion Director at theFashionSpot. Prior to joining tFS, she worked as...&lt;/p&gt;', 'London Fashion Week 360° Candy Rock &amp; Royal Fashion Day', 'London Fashion Week 360° Candy Rock &amp; Royal Fashion Day', 'London Fashion Week 360° Candy Rock &amp; Royal Fashion Day'),
(7, 1, 'Mercedes benz fashion week 2018', '&lt;p&gt;Maria Denardo is the Fashion Director at theFashionSpot. Prior to joining tFS, she worked as the Site Director at Lifestyle Mirror and the Senior Fashion Editor at Fashion Week Daily. Her &quot;unhealthy attachment&quot; to hats led her to the halls of FIT, where she\'s currently completing her millinery certification. She proves that turbans never, ever go out of style.&lt;/p&gt;', '&lt;p&gt;Maria Denardo is the Fashion Director at theFashionSpot. Prior to joining tFS, she worked as...&lt;/p&gt;', 'Mercedes Benz Fashion Week – Mirror To The Soul 360• Experience', 'Mercedes Benz Fashion Week – Mirror To The Soul 360• Experience', 'Mercedes Benz Fashion Week – Mirror To The Soul 360• Experience'),
(7, 13, 'Mercedes benz fashion week 2018', '&lt;p&gt;Maria Denardo is the Fashion Director at theFashionSpot. Prior to joining tFS, she worked as the Site Director at Lifestyle Mirror and the Senior Fashion Editor at Fashion Week Daily. Her &quot;unhealthy attachment&quot; to hats led her to the halls of FIT, where she\'s currently completing her millinery certification. She proves that turbans never, ever go out of style.&lt;/p&gt;', '&lt;p&gt;Maria Denardo is the Fashion Director at theFashionSpot. Prior to joining tFS, she worked as...&lt;/p&gt;', 'Mercedes Benz Fashion Week – Mirror To The Soul 360• Experience', 'Mercedes Benz Fashion Week – Mirror To The Soul 360• Experience', 'Mercedes Benz Fashion Week – Mirror To The Soul 360• Experience'),
(8, 1, 'Best Bridal Hair and Makeup in New York', '&lt;p&gt;Virtual reality and 3-D technology are already well-established in the entertainment industry. Now, the fashion industry is not-so-slowly adopting the same cutting-edge tech in its eternal quest for something new and different. Designer Iris van Herpen has long been experimenting with 3-D printing and Tommy Hilfiger introduced virtual reality headsets to his stores to let shoppers experience the runway show. Even Sephora has a new version of its app that allows you to “try on” makeup virtually.&lt;/p&gt;', '&lt;p&gt;Virtual reality and 3-D technology are already well-established in the entertainment...&lt;/p&gt;', 'Best Bridal Hair and Makeup in New York', 'Best Bridal Hair and Makeup in New York', 'Best of Hair &amp; Makeup New York Spring/Summer 2016 - 360° Experience'),
(8, 13, 'Best Bridal Hair and Makeup in New York', '&lt;p&gt;Virtual reality and 3-D technology are already well-established in the entertainment industry. Now, the fashion industry is not-so-slowly adopting the same cutting-edge tech in its eternal quest for something new and different. Designer Iris van Herpen has long been experimenting with 3-D printing and Tommy Hilfiger introduced virtual reality headsets to his stores to let shoppers experience the runway show. Even Sephora has a new version of its app that allows you to “try on” makeup virtually.&lt;/p&gt;', '&lt;p&gt;Virtual reality and 3-D technology are already well-established in the entertainment...&lt;/p&gt;', 'Best Bridal Hair and Makeup in New York', 'Best Bridal Hair and Makeup in New York', 'Best of Hair &amp; Makeup New York Spring/Summer 2016 - 360° Experience'),
(9, 1, 'Dior F/W 2015 First Fashion Show in 360.', '&lt;p&gt;Virtual reality and 3-D technology are already well-established in the entertainment industry. Now, the fashion industry is not-so-slowly adopting the same cutting-edge tech in its eternal quest for something new and different. Designer Iris van Herpen has long been experimenting with 3-D printing and Tommy Hilfiger introduced virtual reality headsets to his stores to let shoppers experience the runway show. Even Sephora has a new version of its app that allows you to “try on” makeup virtually.&lt;/p&gt;', '&lt;p&gt;Virtual reality and 3-D technology are already well-established in the entertainment...&lt;/p&gt;', 'Dior F/W 2015 First Fashion Show in 360• Experience2 - Trending Fashion', 'Dior F/W 2015 First Fashion Show in 360• Experience - Trending Fashion', 'Dior F/W 2015 First Fashion Show in 360• Experience - Trending Fashion'),
(9, 13, 'Dior F/W 2015 First Fashion Show in 360.', '&lt;p&gt;Virtual reality and 3-D technology are already well-established in the entertainment industry. Now, the fashion industry is not-so-slowly adopting the same cutting-edge tech in its eternal quest for something new and different. Designer Iris van Herpen has long been experimenting with 3-D printing and Tommy Hilfiger introduced virtual reality headsets to his stores to let shoppers experience the runway show. Even Sephora has a new version of its app that allows you to “try on” makeup virtually.&lt;/p&gt;', '&lt;p&gt;Virtual reality and 3-D technology are already well-established in the entertainment...&lt;/p&gt;', 'Dior F/W 2015 First Fashion Show in 360• Experience2 - Trending Fashion', 'Dior F/W 2015 First Fashion Show in 360• Experience - Trending Fashion', 'Dior F/W 2015 First Fashion Show in 360• Experience - Trending Fashion'),
(10, 1, 'London Fashion Week 360° Candy2', '&lt;p&gt;Maria Denardo is the Fashion Director at theFashionSpot. Prior to joining tFS, she worked as the Site Director at Lifestyle Mirror and the Senior Fashion Editor at Fashion Week Daily. Her &quot;unhealthy attachment&quot; to hats led her to the halls of FIT, where she\'s currently completing her millinery certification. She proves that turbans never, ever go out of style.&lt;/p&gt;', '&lt;p&gt;Maria Denardo is the Fashion Director at theFashionSpot. Prior to joining tFS, she worked as...&lt;/p&gt;', 'London Fashion Week 360° Candy Rock &amp; Royal Fashion Day', 'London Fashion Week 360° Candy Rock &amp; Royal Fashion Day', 'London Fashion Week 360° Candy Rock &amp; Royal Fashion Day'),
(10, 13, 'London Fashion Week 360° Candy2', '&lt;p&gt;Maria Denardo is the Fashion Director at theFashionSpot. Prior to joining tFS, she worked as the Site Director at Lifestyle Mirror and the Senior Fashion Editor at Fashion Week Daily. Her &quot;unhealthy attachment&quot; to hats led her to the halls of FIT, where she\'s currently completing her millinery certification. She proves that turbans never, ever go out of style.&lt;/p&gt;', '&lt;p&gt;Maria Denardo is the Fashion Director at theFashionSpot. Prior to joining tFS, she worked as...&lt;/p&gt;', 'London Fashion Week 360° Candy Rock &amp; Royal Fashion Day', 'London Fashion Week 360° Candy Rock &amp; Royal Fashion Day', 'London Fashion Week 360° Candy Rock &amp; Royal Fashion Day'),
(11, 1, 'Mercedes benz fashion week 2018.', '&lt;p&gt;Maria Denardo is the Fashion Director at theFashionSpot. Prior to joining tFS, she worked as the Site Director at Lifestyle Mirror and the Senior Fashion Editor at Fashion Week Daily. Her &quot;unhealthy attachment&quot; to hats led her to the halls of FIT, where she\'s currently completing her millinery certification. She proves that turbans never, ever go out of style.&lt;/p&gt;', '&lt;p&gt;Maria Denardo is the Fashion Director at theFashionSpot. Prior to joining tFS, she worked as...&lt;/p&gt;', 'Mercedes Benz Fashion Week – Mirror To The Soul 360• Experience', 'Mercedes Benz Fashion Week – Mirror To The Soul 360• Experience', 'Mercedes Benz Fashion Week – Mirror To The Soul 360• Experience'),
(11, 13, 'Mercedes benz fashion week 2018.', '&lt;p&gt;Maria Denardo is the Fashion Director at theFashionSpot. Prior to joining tFS, she worked as the Site Director at Lifestyle Mirror and the Senior Fashion Editor at Fashion Week Daily. Her &quot;unhealthy attachment&quot; to hats led her to the halls of FIT, where she\'s currently completing her millinery certification. She proves that turbans never, ever go out of style.&lt;/p&gt;', '&lt;p&gt;Maria Denardo is the Fashion Director at theFashionSpot. Prior to joining tFS, she worked as...&lt;/p&gt;', 'Mercedes Benz Fashion Week – Mirror To The Soul 360• Experience', 'Mercedes Benz Fashion Week – Mirror To The Soul 360• Experience', 'Mercedes Benz Fashion Week – Mirror To The Soul 360• Experience');

-- --------------------------------------------------------

--
-- Table structure for table `oc_article_list`
--

CREATE TABLE IF NOT EXISTS `oc_article_list` (
  `article_list_id` int(11) NOT NULL AUTO_INCREMENT,
  `name` varchar(255) NOT NULL,
  `status` tinyint(1) NOT NULL DEFAULT '0',
  PRIMARY KEY (`article_list_id`),
  KEY `name` (`name`)
) ENGINE=InnoDB AUTO_INCREMENT=3 DEFAULT CHARSET=utf8;

--
-- Dumping data for table `oc_article_list`
--

INSERT INTO `oc_article_list` (`article_list_id`, `name`, `status`) VALUES
(1, 'Articles List  1', 1),
(2, 'Articles List 4', 1);

-- --------------------------------------------------------

--
-- Table structure for table `oc_article_to_list`
--

CREATE TABLE IF NOT EXISTS `oc_article_to_list` (
  `article_list_id` int(11) NOT NULL,
  `article_id` int(11) NOT NULL
) ENGINE=InnoDB DEFAULT CHARSET=utf8;

--
-- Dumping data for table `oc_article_to_list`
--

INSERT INTO `oc_article_to_list` (`article_list_id`, `article_id`) VALUES
(2, 8),
(2, 5),
(2, 6),
(2, 7),
(2, 9),
(2, 10),
(2, 11),
(1, 5),
(1, 6),
(1, 7),
(1, 8);

-- --------------------------------------------------------

--
-- Table structure for table `oc_article_to_store`
--

CREATE TABLE IF NOT EXISTS `oc_article_to_store` (
  `article_id` int(11) NOT NULL,
  `store_id` int(11) NOT NULL
) ENGINE=InnoDB DEFAULT CHARSET=utf8;

--
-- Dumping data for table `oc_article_to_store`
--

INSERT INTO `oc_article_to_store` (`article_id`, `store_id`) VALUES
(1, 0),
(1, 1),
(1, 2),
(1, 3),
(2, 0),
(2, 1),
(2, 2),
(2, 3),
(3, 0),
(3, 1),
(3, 2),
(3, 3),
(4, 0),
(4, 1),
(4, 2),
(4, 3),
(13, 3),
(12, 3),
(6, 0),
(6, 1),
(6, 2),
(6, 3),
(10, 0),
(10, 1),
(10, 2),
(10, 3),
(8, 0),
(8, 1),
(8, 2),
(8, 3),
(8, 16),
(8, 17),
(5, 0),
(5, 1),
(5, 2),
(5, 3),
(5, 16),
(5, 17),
(9, 0),
(9, 1),
(9, 2),
(9, 3),
(9, 16),
(9, 17),
(7, 0),
(7, 1),
(7, 2),
(7, 3),
(7, 16),
(7, 17),
(11, 0),
(11, 1),
(11, 2),
(11, 3),
(11, 16),
(11, 17);

-- --------------------------------------------------------

--
-- Table structure for table `oc_attribute`
--

CREATE TABLE IF NOT EXISTS `oc_attribute` (
  `attribute_id` int(11) NOT NULL AUTO_INCREMENT,
  `attribute_group_id` int(11) NOT NULL,
  `sort_order` int(3) NOT NULL,
  PRIMARY KEY (`attribute_id`)
) ENGINE=MyISAM AUTO_INCREMENT=12 DEFAULT CHARSET=utf8;

--
-- Dumping data for table `oc_attribute`
--

INSERT INTO `oc_attribute` (`attribute_id`, `attribute_group_id`, `sort_order`) VALUES
(1, 6, 1),
(2, 6, 5),
(3, 6, 3),
(4, 3, 1),
(5, 3, 2),
(6, 3, 3),
(7, 3, 4),
(8, 3, 5),
(9, 3, 6),
(10, 3, 7),
(11, 3, 8);

-- --------------------------------------------------------

--
-- Table structure for table `oc_attribute_description`
--

CREATE TABLE IF NOT EXISTS `oc_attribute_description` (
  `attribute_id` int(11) NOT NULL,
  `language_id` int(11) NOT NULL,
  `name` varchar(64) NOT NULL,
  PRIMARY KEY (`attribute_id`,`language_id`)
) ENGINE=MyISAM DEFAULT CHARSET=utf8;

--
-- Dumping data for table `oc_attribute_description`
--

INSERT INTO `oc_attribute_description` (`attribute_id`, `language_id`, `name`) VALUES
(1, 1, 'Description'),
(2, 1, 'No. of Cores'),
(4, 1, 'test 1'),
(5, 1, 'test 2'),
(6, 1, 'test 3'),
(7, 1, 'test 4'),
(8, 1, 'test 5'),
(9, 1, 'test 6'),
(10, 1, 'test 7'),
(11, 1, 'test 8'),
(3, 1, 'Clockspeed'),
(1, 13, 'Description'),
(2, 13, 'No. of Cores'),
(4, 13, 'test 1'),
(5, 13, 'test 2'),
(6, 13, 'test 3'),
(7, 13, 'test 4'),
(8, 13, 'test 5'),
(9, 13, 'test 6'),
(10, 13, 'test 7'),
(11, 13, 'test 8'),
(3, 13, 'Clockspeed');

-- --------------------------------------------------------

--
-- Table structure for table `oc_attribute_group`
--

CREATE TABLE IF NOT EXISTS `oc_attribute_group` (
  `attribute_group_id` int(11) NOT NULL AUTO_INCREMENT,
  `sort_order` int(3) NOT NULL,
  PRIMARY KEY (`attribute_group_id`)
) ENGINE=MyISAM AUTO_INCREMENT=7 DEFAULT CHARSET=utf8;

--
-- Dumping data for table `oc_attribute_group`
--

INSERT INTO `oc_attribute_group` (`attribute_group_id`, `sort_order`) VALUES
(3, 2),
(4, 1),
(5, 3),
(6, 4);

-- --------------------------------------------------------

--
-- Table structure for table `oc_attribute_group_description`
--

CREATE TABLE IF NOT EXISTS `oc_attribute_group_description` (
  `attribute_group_id` int(11) NOT NULL,
  `language_id` int(11) NOT NULL,
  `name` varchar(64) NOT NULL,
  PRIMARY KEY (`attribute_group_id`,`language_id`)
) ENGINE=MyISAM DEFAULT CHARSET=utf8;

--
-- Dumping data for table `oc_attribute_group_description`
--

INSERT INTO `oc_attribute_group_description` (`attribute_group_id`, `language_id`, `name`) VALUES
(3, 1, 'Memory'),
(4, 1, 'Technical'),
(5, 1, 'Motherboard'),
(6, 1, 'Processor'),
(3, 13, 'Memory'),
(4, 13, 'Technical'),
(5, 13, 'Motherboard'),
(6, 13, 'Processor');

-- --------------------------------------------------------

--
-- Table structure for table `oc_banner`
--

CREATE TABLE IF NOT EXISTS `oc_banner` (
  `banner_id` int(11) NOT NULL AUTO_INCREMENT,
  `name` varchar(64) NOT NULL,
  `status` tinyint(1) NOT NULL,
  PRIMARY KEY (`banner_id`)
) ENGINE=MyISAM AUTO_INCREMENT=9 DEFAULT CHARSET=utf8;

--
-- Dumping data for table `oc_banner`
--

INSERT INTO `oc_banner` (`banner_id`, `name`, `status`) VALUES
(6, 'HP Products', 1),
(7, 'Home Page Slideshow', 1),
(8, 'BrandSlider', 1);

-- --------------------------------------------------------

--
-- Table structure for table `oc_banner_image`
--

CREATE TABLE IF NOT EXISTS `oc_banner_image` (
  `banner_image_id` int(11) NOT NULL AUTO_INCREMENT,
  `banner_id` int(11) NOT NULL,
  `language_id` int(11) NOT NULL,
  `title` varchar(64) NOT NULL,
  `link` varchar(255) NOT NULL,
  `image` varchar(255) NOT NULL,
  `sort_order` int(3) NOT NULL DEFAULT '0',
  PRIMARY KEY (`banner_image_id`)
) ENGINE=MyISAM AUTO_INCREMENT=286 DEFAULT CHARSET=utf8;

--
-- Dumping data for table `oc_banner_image`
--

INSERT INTO `oc_banner_image` (`banner_image_id`, `banner_id`, `language_id`, `title`, `link`, `image`, `sort_order`) VALUES
(79, 7, 1, 'iPhone 6', 'index.php?route=product/product&amp;path=57&amp;product_id=49', 'catalog/demo/banners/iPhone6.jpg', 0),
(87, 6, 1, 'HP Banner', 'index.php?route=product/manufacturer/info&amp;manufacturer_id=7', 'catalog/demo/compaq_presario.jpg', 0),
(80, 7, 1, 'MacBookAir', '', 'catalog/demo/banners/MacBookAir.jpg', 0),
(194, 7, 8, 'MacBookAir', '', 'catalog/demo/banners/MacBookAir.jpg', 0),
(192, 7, 8, 'iPhone 6', 'index.php?route=product/product&amp;path=57&amp;product_id=49', 'catalog/demo/banners/iPhone6.jpg', 0),
(193, 6, 8, 'HP Banner', 'index.php?route=product/manufacturer/info&amp;manufacturer_id=7', 'catalog/demo/compaq_presario.jpg', 0),
(215, 7, 9, 'iPhone 6', 'index.php?route=product/product&amp;path=57&amp;product_id=49', 'catalog/demo/banners/iPhone6.jpg', 0),
(216, 6, 9, 'HP Banner', 'index.php?route=product/manufacturer/info&amp;manufacturer_id=7', 'catalog/demo/compaq_presario.jpg', 0),
(217, 7, 9, 'MacBookAir', '', 'catalog/demo/banners/MacBookAir.jpg', 0),
(250, 7, 12, 'MacBookAir', '', 'catalog/demo/banners/MacBookAir.jpg', 0),
(224, 7, 10, 'iPhone 6', 'index.php?route=product/product&amp;path=57&amp;product_id=49', 'catalog/demo/banners/iPhone6.jpg', 0),
(225, 6, 10, 'HP Banner', 'index.php?route=product/manufacturer/info&amp;manufacturer_id=7', 'catalog/demo/compaq_presario.jpg', 0),
(226, 7, 10, 'MacBookAir', '', 'catalog/demo/banners/MacBookAir.jpg', 0),
(249, 6, 12, 'HP Banner', 'index.php?route=product/manufacturer/info&amp;manufacturer_id=7', 'catalog/demo/compaq_presario.jpg', 0),
(248, 7, 12, 'iPhone 6', 'index.php?route=product/product&amp;path=57&amp;product_id=49', 'catalog/demo/banners/iPhone6.jpg', 0),
(233, 7, 11, 'iPhone 6', 'index.php?route=product/product&amp;path=57&amp;product_id=49', 'catalog/demo/banners/iPhone6.jpg', 0),
(234, 6, 11, 'HP Banner', 'index.php?route=product/manufacturer/info&amp;manufacturer_id=7', 'catalog/demo/compaq_presario.jpg', 0),
(235, 7, 11, 'MacBookAir', '', 'catalog/demo/banners/MacBookAir.jpg', 0),
(276, 8, 1, 'br6', '#', 'catalog/brand/brand3.jpg', 0),
(275, 8, 1, 'br5', '#', 'catalog/brand/brand5.jpg', 0),
(274, 8, 1, 'br4', '#', 'catalog/brand/brand4.jpg', 0),
(273, 8, 1, 'br1', '#', 'catalog/brand/brand1.jpg', 0),
(272, 8, 1, 'br2', '#', 'catalog/brand/brand2.jpg', 0),
(271, 8, 1, 'br3', '#', 'catalog/brand/brand3.jpg', 0),
(277, 7, 13, 'iPhone 6', 'index.php?route=product/product&amp;path=57&amp;product_id=49', 'catalog/demo/banners/iPhone6.jpg', 0),
(278, 6, 13, 'HP Banner', 'index.php?route=product/manufacturer/info&amp;manufacturer_id=7', 'catalog/demo/compaq_presario.jpg', 0),
(279, 7, 13, 'MacBookAir', '', 'catalog/demo/banners/MacBookAir.jpg', 0),
(280, 8, 13, 'br6', '#', 'catalog/brand/brand3.jpg', 0),
(281, 8, 13, 'br5', '#', 'catalog/brand/brand5.jpg', 0),
(282, 8, 13, 'br4', '#', 'catalog/brand/brand4.jpg', 0),
(283, 8, 13, 'br1', '#', 'catalog/brand/brand1.jpg', 0),
(284, 8, 13, 'br2', '#', 'catalog/brand/brand2.jpg', 0),
(285, 8, 13, 'br3', '#', 'catalog/brand/brand3.jpg', 0);

-- --------------------------------------------------------

--
-- Table structure for table `oc_category`
--

CREATE TABLE IF NOT EXISTS `oc_category` (
  `category_id` int(11) NOT NULL AUTO_INCREMENT,
  `image` varchar(255) DEFAULT NULL,
  `parent_id` int(11) NOT NULL DEFAULT '0',
  `top` tinyint(1) NOT NULL,
  `column` int(3) NOT NULL,
  `sort_order` int(3) NOT NULL DEFAULT '0',
  `status` tinyint(1) NOT NULL,
  `date_added` datetime NOT NULL,
  `date_modified` datetime NOT NULL,
  `thumbnail_image` varchar(255) DEFAULT NULL,
  `homethumb_image` varchar(255) DEFAULT NULL,
  `featured` tinyint(1) DEFAULT '0',
  PRIMARY KEY (`category_id`),
  KEY `parent_id` (`parent_id`)
) ENGINE=MyISAM AUTO_INCREMENT=432 DEFAULT CHARSET=utf8;

--
-- Dumping data for table `oc_category`
--

INSERT INTO `oc_category` (`category_id`, `image`, `parent_id`, `top`, `column`, `sort_order`, `status`, `date_added`, `date_modified`, `thumbnail_image`, `homethumb_image`, `featured`) VALUES
(20, 'catalog/category image/category-image.jpg', 0, 1, 1, 0, 1, '2017-05-07 11:16:59', '2018-10-20 09:42:16', '', '', 0),
(21, 'catalog/category image/category-image.jpg', 0, 1, 1, 0, 1, '2017-05-07 11:17:17', '2018-10-26 09:40:25', '', '', 0),
(48, '', 20, 0, 1, 1, 1, '2017-05-08 09:17:40', '2018-10-26 09:41:05', '', '', 0),
(50, '', 20, 0, 1, 3, 1, '2017-05-08 09:19:55', '2018-10-26 09:37:48', '', '', 0),
(56, 'catalog/category image/category-image.jpg', 0, 1, 1, 0, 1, '2017-05-08 13:55:22', '2018-10-20 09:38:22', '', 'catalog/category thumb/f-cate2.jpg', 0),
(62, '', 56, 0, 1, 3, 1, '2017-05-08 13:57:58', '2018-10-26 09:35:53', '', '', 0),
(84, '', 56, 0, 1, 1, 1, '2017-05-08 14:14:59', '2018-10-26 09:35:31', '', '', 0),
(86, '', 56, 0, 1, 2, 1, '2017-05-08 14:15:59', '2018-10-26 09:33:39', '', 'catalog/category thumb/cate1.png', 1),
(430, '', 0, 1, 1, 0, 0, '2018-09-14 10:55:13', '2018-10-26 09:50:16', '', 'catalog/category thumb/cate3.png', 1),
(91, '', 56, 0, 1, 5, 1, '2017-05-08 14:20:47', '2018-10-26 09:34:34', '', '', 0),
(124, 'catalog/category image/category-image.jpg', 0, 1, 1, 0, 1, '2017-05-08 21:52:54', '2018-10-26 09:45:55', '', 'catalog/category thumb/f-cate1.jpg', 0),
(125, '', 124, 0, 1, 1, 1, '2017-05-08 21:53:32', '2018-10-26 09:45:49', '', '', 0),
(427, '', 0, 1, 1, 0, 0, '2018-09-14 10:52:18', '2018-10-26 09:50:11', '', 'catalog/category thumb/cate2.png', 1),
(133, '', 124, 0, 1, 2, 1, '2017-05-08 21:56:59', '2018-10-26 09:45:41', '', '', 0),
(137, '', 124, 0, 1, 3, 1, '2017-05-08 21:59:01', '2018-10-26 09:47:35', '', '', 0),
(304, '', 20, 0, 1, 5, 1, '2017-06-19 15:02:20', '2018-10-26 09:39:01', '', '', 0),
(252, 'catalog/category image/category-image.jpg', 0, 1, 1, 0, 0, '2017-05-13 09:17:52', '2018-10-26 09:50:21', '', '', 0),
(305, '', 124, 0, 1, 0, 1, '2018-08-07 09:40:25', '2018-10-26 09:45:33', NULL, NULL, 0),
(307, '', 20, 0, 1, 0, 1, '2018-08-07 09:47:14', '2018-10-26 09:37:12', NULL, NULL, 0),
(308, '', 312, 1, 1, 0, 1, '2018-08-08 11:16:40', '2018-10-26 09:42:08', '', '', 0),
(309, '', 0, 1, 1, 0, 0, '2018-08-08 11:18:36', '2018-10-26 09:49:28', '', 'catalog/category thumb/f-cate6.jpg', 0),
(312, '', 0, 1, 1, 0, 1, '2018-08-09 11:17:24', '2018-10-26 09:42:34', '', '', 0),
(425, '', 309, 0, 1, 0, 1, '2018-09-13 10:36:30', '2018-10-26 09:49:16', NULL, NULL, 0),
(328, '', 84, 0, 1, 0, 1, '2018-08-17 09:38:53', '2018-10-26 09:35:25', NULL, NULL, 0),
(329, '', 84, 0, 1, 0, 1, '2018-08-17 09:39:28', '2018-10-26 09:38:26', NULL, NULL, 0),
(330, '', 84, 0, 1, 0, 1, '2018-08-17 09:39:45', '2018-10-26 09:38:20', NULL, NULL, 0),
(331, '', 84, 0, 1, 0, 1, '2018-08-17 09:40:14', '2018-10-26 09:38:14', NULL, NULL, 0),
(332, '', 84, 0, 1, 0, 1, '2018-08-17 09:40:35', '2018-10-26 09:38:08', NULL, NULL, 0),
(333, '', 84, 0, 1, 0, 1, '2018-08-17 09:40:53', '2018-10-26 09:38:02', NULL, NULL, 0),
(334, '', 84, 0, 1, 0, 1, '2018-08-17 09:41:11', '2018-10-26 09:37:56', NULL, NULL, 0),
(335, '', 305, 0, 1, 0, 1, '2018-08-17 09:43:42', '2018-10-26 09:45:18', NULL, NULL, 0),
(336, '', 305, 0, 1, 0, 1, '2018-08-17 09:44:12', '2018-10-26 09:48:16', NULL, NULL, 0),
(337, '', 305, 0, 1, 0, 1, '2018-08-17 09:44:33', '2018-10-26 09:45:09', NULL, NULL, 0),
(338, '', 305, 0, 1, 0, 1, '2018-08-17 09:44:56', '2018-10-26 09:45:25', NULL, NULL, 0),
(339, '', 305, 0, 1, 0, 1, '2018-08-17 09:45:15', '2018-10-26 09:47:47', NULL, NULL, 0),
(340, '', 305, 0, 1, 0, 1, '2018-08-17 09:45:42', '2018-10-26 09:47:42', NULL, NULL, 0),
(341, '', 137, 0, 1, 0, 1, '2018-08-17 09:46:46', '2018-10-26 09:47:23', NULL, NULL, 0),
(342, '', 137, 0, 1, 0, 1, '2018-08-17 09:47:04', '2018-10-26 09:47:16', NULL, NULL, 0),
(343, '', 137, 0, 1, 0, 1, '2018-08-17 09:47:21', '2018-10-26 09:47:08', NULL, NULL, 0),
(344, '', 137, 0, 1, 0, 1, '2018-08-17 09:47:37', '2018-10-26 09:49:50', NULL, NULL, 0),
(345, '', 137, 0, 1, 0, 1, '2018-08-17 09:47:59', '2018-10-26 09:49:34', NULL, NULL, 0),
(346, '', 137, 0, 1, 0, 1, '2018-08-17 09:48:19', '2018-10-26 09:47:00', NULL, NULL, 0),
(347, '', 137, 0, 1, 0, 1, '2018-08-17 09:48:39', '2018-10-26 09:47:29', NULL, NULL, 0),
(348, '', 137, 0, 1, 0, 1, '2018-08-17 09:49:02', '2018-10-26 09:49:45', NULL, NULL, 0),
(349, '', 137, 0, 1, 0, 1, '2018-08-17 09:49:23', '2018-10-26 09:49:39', NULL, NULL, 0),
(358, '', 48, 0, 1, 0, 1, '2018-08-17 10:29:02', '2018-10-26 09:40:52', NULL, NULL, 0),
(359, '', 304, 0, 1, 0, 1, '2018-08-17 10:29:21', '2018-10-26 09:41:16', NULL, NULL, 0),
(360, '', 307, 0, 1, 0, 1, '2018-08-17 10:29:37', '2018-10-26 09:39:12', NULL, NULL, 0),
(361, '', 48, 0, 1, 0, 1, '2018-08-17 10:29:59', '2018-10-26 09:40:58', NULL, NULL, 0),
(362, '', 48, 0, 1, 0, 1, '2018-08-17 10:30:18', '2018-10-26 09:40:36', NULL, NULL, 0),
(363, '', 50, 0, 1, 0, 1, '2018-08-17 10:30:35', '2018-10-26 09:37:18', NULL, NULL, 0),
(364, '', 48, 0, 1, 0, 1, '2018-08-17 10:31:08', '2018-10-26 09:40:41', NULL, NULL, 0),
(365, '', 48, 0, 1, 0, 1, '2018-08-17 10:31:25', '2018-10-26 09:40:46', NULL, NULL, 0),
(372, '', 308, 0, 1, 0, 1, '2018-09-01 09:28:45', '2018-10-26 09:46:17', NULL, NULL, 0),
(373, '', 308, 0, 1, 0, 1, '2018-09-01 09:29:11', '2018-10-26 09:42:04', NULL, NULL, 0),
(374, '', 308, 0, 1, 0, 1, '2018-09-01 09:29:29', '2018-10-26 09:46:06', NULL, NULL, 0),
(375, '', 308, 0, 1, 0, 1, '2018-09-01 09:29:50', '2018-10-26 09:46:12', NULL, NULL, 0),
(376, '', 309, 0, 1, 0, 1, '2018-09-01 09:30:39', '2018-10-26 09:49:23', NULL, NULL, 0),
(377, '', 309, 0, 1, 0, 1, '2018-09-01 09:31:06', '2018-10-26 09:49:11', NULL, NULL, 0),
(429, '', 0, 1, 1, 0, 1, '2018-09-14 10:54:18', '2018-10-26 09:40:31', '', 'catalog/category thumb/cate4.png', 1),
(428, '', 0, 1, 1, 0, 1, '2018-09-14 10:53:22', '2018-10-26 09:46:01', '', 'catalog/category thumb/cate5.png', 1),
(384, '', 312, 0, 1, 0, 1, '2018-09-01 09:36:21', '2018-10-26 09:42:17', NULL, NULL, 0),
(385, '', 312, 0, 1, 0, 1, '2018-09-01 09:36:40', '2018-10-26 09:42:22', NULL, NULL, 0),
(386, '', 312, 0, 1, 0, 1, '2018-09-01 09:36:59', '2018-10-26 09:42:27', NULL, NULL, 0),
(387, '', 312, 0, 1, 0, 1, '2018-09-01 09:37:18', '2018-10-26 09:42:13', NULL, NULL, 0),
(426, '', 309, 0, 1, 0, 1, '2018-09-13 10:37:10', '2018-10-26 09:49:04', NULL, NULL, 0),
(396, '', 86, 0, 1, 0, 1, '2018-09-06 09:32:33', '2018-10-26 09:33:31', NULL, NULL, 0),
(397, '', 86, 0, 1, 0, 1, '2018-09-06 09:32:48', '2018-10-26 09:36:11', NULL, NULL, 0),
(398, '', 86, 0, 1, 0, 1, '2018-09-06 09:33:04', '2018-10-26 09:36:00', NULL, NULL, 0),
(399, '', 86, 0, 1, 0, 1, '2018-09-06 09:33:22', '2018-10-26 09:36:06', NULL, NULL, 0),
(400, '', 62, 0, 1, 0, 1, '2018-09-06 09:35:22', '2018-10-26 09:35:42', NULL, NULL, 0),
(401, '', 62, 0, 1, 0, 1, '2018-09-06 09:35:37', '2018-10-26 09:35:47', NULL, NULL, 0),
(402, '', 62, 0, 1, 0, 1, '2018-09-06 09:36:26', '2018-10-26 09:35:36', NULL, NULL, 0),
(431, '', 0, 1, 1, 0, 1, '2018-09-14 10:56:53', '2018-10-26 09:40:20', '', 'catalog/category thumb/cate6.png', 1),
(407, '', 91, 0, 1, 0, 1, '2018-09-06 09:42:24', '2018-10-26 09:34:27', NULL, NULL, 0),
(408, '', 91, 0, 1, 0, 1, '2018-09-06 09:43:23', '2018-10-26 09:33:52', NULL, NULL, 0),
(409, '', 91, 0, 1, 0, 1, '2018-09-06 09:43:41', '2018-10-26 09:34:07', NULL, NULL, 0),
(410, '', 91, 0, 1, 0, 1, '2018-09-06 09:44:00', '2018-10-26 09:33:45', NULL, NULL, 0),
(411, '', 91, 0, 1, 0, 1, '2018-09-06 09:49:00', '2018-10-26 09:34:21', NULL, NULL, 0),
(412, '', 91, 0, 1, 0, 1, '2018-09-06 09:49:17', '2018-10-26 09:34:14', NULL, NULL, 0),
(413, '', 91, 0, 1, 0, 1, '2018-09-06 09:49:34', '2018-10-26 09:33:59', NULL, NULL, 0),
(414, '', 307, 0, 1, 0, 1, '2018-09-06 09:57:22', '2018-10-26 09:39:06', NULL, NULL, 0),
(415, '', 307, 0, 1, 0, 1, '2018-09-06 09:57:44', '2018-10-26 09:39:30', NULL, NULL, 0),
(416, '', 307, 0, 1, 0, 1, '2018-09-06 09:58:00', '2018-10-26 09:39:25', NULL, NULL, 0),
(417, '', 307, 0, 1, 0, 1, '2018-09-06 09:58:15', '2018-10-26 09:39:19', NULL, NULL, 0),
(418, '', 50, 0, 1, 0, 1, '2018-09-06 09:58:57', '2018-10-26 09:37:42', NULL, NULL, 0),
(419, '', 50, 0, 1, 0, 1, '2018-09-06 09:59:12', '2018-10-26 09:37:36', NULL, NULL, 0),
(420, '', 50, 0, 1, 0, 1, '2018-09-06 09:59:25', '2018-10-26 09:37:30', NULL, NULL, 0),
(421, '', 50, 0, 1, 0, 1, '2018-09-06 09:59:40', '2018-10-26 09:37:24', NULL, NULL, 0),
(422, '', 304, 0, 1, 0, 1, '2018-09-06 10:00:28', '2018-10-26 09:41:10', NULL, NULL, 0),
(423, '', 304, 0, 1, 0, 1, '2018-09-06 10:00:54', '2018-10-26 09:41:29', NULL, NULL, 0),
(424, '', 304, 0, 1, 0, 1, '2018-09-06 10:01:14', '2018-10-26 09:41:23', NULL, NULL, 0);

-- --------------------------------------------------------

--
-- Table structure for table `oc_category_description`
--

CREATE TABLE IF NOT EXISTS `oc_category_description` (
  `category_id` int(11) NOT NULL,
  `language_id` int(11) NOT NULL,
  `name` varchar(255) NOT NULL,
  `description` text NOT NULL,
  `meta_title` varchar(255) NOT NULL,
  `meta_description` varchar(255) NOT NULL,
  `meta_keyword` varchar(255) NOT NULL,
  PRIMARY KEY (`category_id`,`language_id`),
  KEY `name` (`name`)
) ENGINE=MyISAM DEFAULT CHARSET=utf8;

--
-- Dumping data for table `oc_category_description`
--

INSERT INTO `oc_category_description` (`category_id`, `language_id`, `name`, `description`, `meta_title`, `meta_description`, `meta_keyword`) VALUES
(21, 1, 'Garden Machine', '', 'Garden Machine', '', ''),
(62, 1, 'Handbag', '', 'Handbag', '', ''),
(86, 1, 'Clothing', '', 'Clothing', '', ''),
(124, 1, 'Outdoor Living', '', 'Outdoor Living', '', ''),
(427, 1, 'Women Socks', '', 'Women Socks', '', ''),
(133, 1, 'Clothing', '', 'Clothing', '', ''),
(137, 1, 'Shoes', '', 'Shoes', '', ''),
(56, 1, 'Decor', '', 'Decor', '', ''),
(252, 1, 'shop', '&lt;p&gt;&lt;/p&gt;', 'shop', '', ''),
(20, 1, 'Flowers', '', 'Flowers', '', ''),
(125, 1, 'Accessories', '', 'Accessories', '', ''),
(84, 1, 'Shoes', '', 'Shoes', '', ''),
(91, 1, 'Accessories', '', 'Accessories', '', ''),
(430, 1, 'Sneaker', '', 'Sneaker', '', ''),
(48, 1, 'Tablets', '', 'Tablets', '', ''),
(50, 1, 'Clothing', '', 'Clothing', '', ''),
(304, 1, 'Monitors', '', 'Monitors', '', ''),
(305, 1, 'Handbag', '', 'Handbag', '', ''),
(307, 1, 'Handbag', '', 'Handbag', '', ''),
(308, 1, 'Video Games Cosoles', '', 'Video Games Cosoles', '', ''),
(309, 1, 'Shoes1', '', 'Shoes', '', ''),
(425, 1, 'Check Trousers', '', 'Check Trousers', '', ''),
(426, 1, 'Low-Cut Jeans', '', 'Low-Cut Jeans', '', ''),
(312, 1, 'Indoor Living', '', 'Indoor Living', '', ''),
(328, 1, 'Accessories', '', 'Accessories', '', ''),
(329, 1, 'Bags &amp; Cases', '', 'Bags &amp; Cases', '', ''),
(330, 1, 'Binoculars &amp; Scopes', '', 'Binoculars &amp; Scopes', '', ''),
(331, 1, 'Digital Cameras', '', 'Digital Cameras', '', ''),
(332, 1, 'Film Photography', '', 'Film Photography', '', ''),
(333, 1, 'Flashes', '', 'Flashes', '', ''),
(334, 1, 'Lighting &amp; Studio', '', 'Lighting &amp; Studio', '', ''),
(335, 1, 'Home Theater Systems', '', 'Home Theater Systems', '', ''),
(336, 1, 'Speakers', '', 'Speakers', '', ''),
(337, 1, 'Receivers &amp; Amplifiers', '', 'Receivers &amp; Amplifiers', '', ''),
(338, 1, 'CD Players &amp; Turntables', '', 'CD Players &amp; Turntables', '', ''),
(339, 1, 'Stereo Shelf Systems', '', 'Stereo Shelf Systems', '', ''),
(340, 1, 'Wireless &amp; Multiroom Audio', '', 'Wireless &amp; Multiroom Audio', '', ''),
(341, 1, 'Apple TV', '', 'Apple TV', '', ''),
(342, 1, 'Fire TV Streaming Media Devices', '', 'Fire TV Streaming Media Devices', '', ''),
(343, 1, 'Google Chromecast', '', 'Google Chromecast', '', ''),
(344, 1, 'Roku', '', 'Roku', '', ''),
(345, 1, 'TiVo', '', 'TiVo', '', ''),
(346, 1, 'NVIDIA Shield', '', 'NVIDIA Shield', '', ''),
(347, 1, '4K UHD Streaming Media Players', '', '4K UHD Streaming Media Players', '', ''),
(348, 1, 'Streaming Blu-ray Players', '', 'Streaming Blu-ray Players', '', ''),
(349, 1, 'Streaming Media Player Accessories', '', 'Streaming Media Player Accessories', '', ''),
(358, 1, 'Apple iPad', '', 'Apple iPad', '', ''),
(359, 1, 'Microsoft Surface Pro', '', 'Microsoft Surface Pro', '', ''),
(360, 1, 'Microsoft Surface Go', '', 'Microsoft Surface Go', '', ''),
(361, 1, '4G LTE Tablets', '', '4G LTE Tablets', '', ''),
(362, 1, 'Kids\' Tablets', '', 'Kids\' Tablets', '', ''),
(363, 1, 'Refurbished Tablets', '', 'Refurbished Tablets', '', ''),
(364, 1, 'iPad &amp; Tablet Accessories', '', 'iPad &amp; Tablet Accessories', '', ''),
(365, 1, 'E-Readers', '', 'E-Readers', '', ''),
(372, 1, 'PlayStation 4', '', 'PlayStation 4', '', ''),
(373, 1, 'PlayStation 3', '', 'PlayStation 3', '', ''),
(374, 1, 'Xbox One', '', 'Xbox One', '', ''),
(375, 1, 'Xbox 360', '', 'Xbox 360', '', ''),
(376, 1, 'Calculators', '', 'Calculators', '', ''),
(377, 1, 'Ink &amp; Toner', '', 'Ink &amp; Toner', '', ''),
(429, 1, 'Garden Flowers', '', 'Garden Flowers', '', ''),
(428, 1, 'Lingerine Women', '', 'Lingerine Women', '', ''),
(384, 1, 'Repeater', '', 'Repeater', '', ''),
(385, 1, 'Hub', '', 'Hub', '', ''),
(386, 1, 'Bridge', '', 'Bridge', '', ''),
(387, 1, 'Switch', '', 'Switch', '', ''),
(396, 1, 'DSLR Body &amp; Lens', '', 'DSLR Body &amp; Lens', '', ''),
(397, 1, 'DSLR Body Only', '', 'DSLR Body Only', '', ''),
(398, 1, 'DSLR Package Deals', '', 'DSLR Package Deals', '', ''),
(399, 1, 'DSLR Lenses', '', 'DSLR Lenses', '', ''),
(400, 1, 'DSLR Lenses', '', 'DSLR Lenses', '', ''),
(401, 1, 'Camera Lenses', '', 'Camera Lenses', '', ''),
(402, 1, 'Lens Accessories', '', 'Lens Accessories', '', ''),
(431, 1, 'Hooded Jacket', '', 'Hooded Jacket', '', ''),
(407, 1, 'Bower', '', 'Bower', '', ''),
(408, 1, 'Lowepro', '', 'Lowepro', '', ''),
(409, 1, 'Gary Fong', '', 'Gary Fong', '', ''),
(410, 1, 'SanDisk', '', 'SanDisk', '', ''),
(411, 1, 'Celestron', '', 'Celestron', '', ''),
(412, 1, 'Flipbac', '', 'Flipbac', '', ''),
(413, 1, 'GigaPan', '', 'GigaPan', '', ''),
(414, 1, 'Optical Drives', '', 'Optical Drives', '', ''),
(415, 1, 'Fans, Heatsinks &amp; Cooling', '', 'Fans, Heatsinks &amp; Cooling', '', ''),
(416, 1, 'GPUs / Video Graphics Cards', '', 'GPUs / Video Graphics Cards', '', ''),
(417, 1, 'Hard Drives &amp; Storage', '', 'Hard Drives &amp; Storage', '', ''),
(418, 1, 'Cables &amp; Connectors', '', 'Cables &amp; Connectors', '', ''),
(419, 1, 'Cleaning Equipment &amp; Kits', '', 'Cleaning Equipment &amp; Kits', '', ''),
(420, 1, 'Computer Speakers', '', 'Computer Speakers', '', ''),
(421, 1, 'Graphics Tablets', '', 'Graphics Tablets', '', ''),
(422, 1, 'Printers, Ink &amp; Toner', '', 'Printers, Ink &amp; Toner', '', ''),
(423, 1, 'Computer Cards &amp; Components', '', 'Computer Cards &amp; Components', '', ''),
(424, 1, 'Desktop &amp; All-in-One Computers', '', 'Desktop &amp; All-in-One Computers', '', ''),
(21, 13, 'Garden Machine', '', 'Garden Machine', '', ''),
(62, 13, 'Handbag', '', 'Handbag', '', ''),
(86, 13, 'Clothing', '', 'Clothing', '', ''),
(124, 13, 'Outdoor Living', '', 'Outdoor Living', '', ''),
(427, 13, 'Women Socks', '', 'Women Socks', '', ''),
(133, 13, 'Clothing', '', 'Clothing', '', ''),
(137, 13, 'Shoes', '', 'Shoes', '', ''),
(56, 13, 'Decor', '', 'Decor', '', ''),
(252, 13, 'shop', '&lt;p&gt;&lt;/p&gt;', 'shop', '', ''),
(20, 13, 'Flowers', '', 'Flowers', '', ''),
(125, 13, 'Accessories', '', 'Accessories', '', ''),
(84, 13, 'Shoes', '', 'Shoes', '', ''),
(91, 13, 'Accessories', '', 'Accessories', '', ''),
(430, 13, 'Sneaker', '', 'Sneaker', '', ''),
(48, 13, 'Tablets', '', 'Tablets', '', ''),
(50, 13, 'Clothing', '', 'Clothing', '', ''),
(304, 13, 'Monitors', '', 'Monitors', '', ''),
(305, 13, 'Handbag', '', 'Handbag', '', ''),
(307, 13, 'Handbag', '', 'Handbag', '', ''),
(308, 13, 'Video Games Cosoles', '', 'Video Games Cosoles', '', ''),
(309, 13, 'Shoes1', '', 'Shoes', '', ''),
(425, 13, 'Check Trousers', '', 'Check Trousers', '', ''),
(426, 13, 'Low-Cut Jeans', '', 'Low-Cut Jeans', '', ''),
(312, 13, 'Indoor Living', '', 'Indoor Living', '', ''),
(328, 13, 'Accessories', '', 'Accessories', '', ''),
(329, 13, 'Bags &amp; Cases', '', 'Bags &amp; Cases', '', ''),
(330, 13, 'Binoculars &amp; Scopes', '', 'Binoculars &amp; Scopes', '', ''),
(331, 13, 'Digital Cameras', '', 'Digital Cameras', '', ''),
(332, 13, 'Film Photography', '', 'Film Photography', '', ''),
(333, 13, 'Flashes', '', 'Flashes', '', ''),
(334, 13, 'Lighting &amp; Studio', '', 'Lighting &amp; Studio', '', ''),
(335, 13, 'Home Theater Systems', '', 'Home Theater Systems', '', ''),
(336, 13, 'Speakers', '', 'Speakers', '', ''),
(337, 13, 'Receivers &amp; Amplifiers', '', 'Receivers &amp; Amplifiers', '', ''),
(338, 13, 'CD Players &amp; Turntables', '', 'CD Players &amp; Turntables', '', ''),
(339, 13, 'Stereo Shelf Systems', '', 'Stereo Shelf Systems', '', ''),
(340, 13, 'Wireless &amp; Multiroom Audio', '', 'Wireless &amp; Multiroom Audio', '', ''),
(341, 13, 'Apple TV', '', 'Apple TV', '', ''),
(342, 13, 'Fire TV Streaming Media Devices', '', 'Fire TV Streaming Media Devices', '', ''),
(343, 13, 'Google Chromecast', '', 'Google Chromecast', '', ''),
(344, 13, 'Roku', '', 'Roku', '', ''),
(345, 13, 'TiVo', '', 'TiVo', '', ''),
(346, 13, 'NVIDIA Shield', '', 'NVIDIA Shield', '', ''),
(347, 13, '4K UHD Streaming Media Players', '', '4K UHD Streaming Media Players', '', ''),
(348, 13, 'Streaming Blu-ray Players', '', 'Streaming Blu-ray Players', '', ''),
(349, 13, 'Streaming Media Player Accessories', '', 'Streaming Media Player Accessories', '', ''),
(358, 13, 'Apple iPad', '', 'Apple iPad', '', ''),
(359, 13, 'Microsoft Surface Pro', '', 'Microsoft Surface Pro', '', ''),
(360, 13, 'Microsoft Surface Go', '', 'Microsoft Surface Go', '', ''),
(361, 13, '4G LTE Tablets', '', '4G LTE Tablets', '', ''),
(362, 13, 'Kids\' Tablets', '', 'Kids\' Tablets', '', ''),
(363, 13, 'Refurbished Tablets', '', 'Refurbished Tablets', '', ''),
(364, 13, 'iPad &amp; Tablet Accessories', '', 'iPad &amp; Tablet Accessories', '', ''),
(365, 13, 'E-Readers', '', 'E-Readers', '', ''),
(372, 13, 'PlayStation 4', '', 'PlayStation 4', '', ''),
(373, 13, 'PlayStation 3', '', 'PlayStation 3', '', ''),
(374, 13, 'Xbox One', '', 'Xbox One', '', ''),
(375, 13, 'Xbox 360', '', 'Xbox 360', '', ''),
(376, 13, 'Calculators', '', 'Calculators', '', ''),
(377, 13, 'Ink &amp; Toner', '', 'Ink &amp; Toner', '', ''),
(429, 13, 'Garden Flowers', '', 'Garden Flowers', '', ''),
(428, 13, 'Lingerine Women', '', 'Lingerine Women', '', ''),
(384, 13, 'Repeater', '', 'Repeater', '', ''),
(385, 13, 'Hub', '', 'Hub', '', ''),
(386, 13, 'Bridge', '', 'Bridge', '', ''),
(387, 13, 'Switch', '', 'Switch', '', ''),
(396, 13, 'DSLR Body &amp; Lens', '', 'DSLR Body &amp; Lens', '', ''),
(397, 13, 'DSLR Body Only', '', 'DSLR Body Only', '', ''),
(398, 13, 'DSLR Package Deals', '', 'DSLR Package Deals', '', ''),
(399, 13, 'DSLR Lenses', '', 'DSLR Lenses', '', ''),
(400, 13, 'DSLR Lenses', '', 'DSLR Lenses', '', ''),
(401, 13, 'Camera Lenses', '', 'Camera Lenses', '', ''),
(402, 13, 'Lens Accessories', '', 'Lens Accessories', '', ''),
(431, 13, 'Hooded Jacket', '', 'Hooded Jacket', '', ''),
(407, 13, 'Bower', '', 'Bower', '', ''),
(408, 13, 'Lowepro', '', 'Lowepro', '', ''),
(409, 13, 'Gary Fong', '', 'Gary Fong', '', ''),
(410, 13, 'SanDisk', '', 'SanDisk', '', ''),
(411, 13, 'Celestron', '', 'Celestron', '', ''),
(412, 13, 'Flipbac', '', 'Flipbac', '', ''),
(413, 13, 'GigaPan', '', 'GigaPan', '', ''),
(414, 13, 'Optical Drives', '', 'Optical Drives', '', ''),
(415, 13, 'Fans, Heatsinks &amp; Cooling', '', 'Fans, Heatsinks &amp; Cooling', '', ''),
(416, 13, 'GPUs / Video Graphics Cards', '', 'GPUs / Video Graphics Cards', '', ''),
(417, 13, 'Hard Drives &amp; Storage', '', 'Hard Drives &amp; Storage', '', ''),
(418, 13, 'Cables &amp; Connectors', '', 'Cables &amp; Connectors', '', ''),
(419, 13, 'Cleaning Equipment &amp; Kits', '', 'Cleaning Equipment &amp; Kits', '', ''),
(420, 13, 'Computer Speakers', '', 'Computer Speakers', '', ''),
(421, 13, 'Graphics Tablets', '', 'Graphics Tablets', '', ''),
(422, 13, 'Printers, Ink &amp; Toner', '', 'Printers, Ink &amp; Toner', '', ''),
(423, 13, 'Computer Cards &amp; Components', '', 'Computer Cards &amp; Components', '', ''),
(424, 13, 'Desktop &amp; All-in-One Computers', '', 'Desktop &amp; All-in-One Computers', '', '');

-- --------------------------------------------------------

--
-- Table structure for table `oc_category_filter`
--

CREATE TABLE IF NOT EXISTS `oc_category_filter` (
  `category_id` int(11) NOT NULL,
  `filter_id` int(11) NOT NULL,
  PRIMARY KEY (`category_id`,`filter_id`)
) ENGINE=MyISAM DEFAULT CHARSET=utf8;

--
-- Dumping data for table `oc_category_filter`
--

INSERT INTO `oc_category_filter` (`category_id`, `filter_id`) VALUES
(20, 1),
(20, 2),
(20, 3),
(20, 4),
(20, 5),
(20, 6),
(20, 7),
(20, 8),
(20, 9),
(20, 10),
(20, 11),
(20, 14),
(20, 15),
(20, 16),
(20, 17),
(21, 2),
(21, 4),
(21, 5),
(21, 6),
(21, 7),
(21, 8),
(21, 10),
(21, 11),
(21, 12),
(21, 13),
(21, 15),
(21, 17),
(21, 19),
(21, 20),
(21, 21),
(21, 22),
(21, 23),
(48, 1),
(48, 4),
(48, 8),
(48, 15),
(48, 16),
(50, 3),
(50, 8),
(50, 14),
(50, 16),
(56, 1),
(56, 3),
(56, 4),
(56, 5),
(56, 6),
(56, 7),
(56, 8),
(56, 11),
(56, 14),
(56, 15),
(56, 16),
(56, 17),
(62, 1),
(62, 8),
(62, 15),
(62, 16),
(84, 1),
(84, 3),
(84, 15),
(84, 16),
(86, 1),
(86, 8),
(86, 15),
(86, 17),
(91, 1),
(91, 8),
(91, 14),
(91, 16),
(124, 1),
(124, 3),
(124, 4),
(124, 8),
(124, 14),
(124, 15),
(124, 16),
(124, 17),
(124, 18),
(124, 19),
(124, 22),
(124, 23),
(125, 3),
(125, 8),
(125, 14),
(125, 16),
(133, 3),
(133, 8),
(133, 14),
(133, 16),
(137, 4),
(137, 8),
(137, 14),
(137, 15),
(252, 1),
(252, 2),
(252, 3),
(252, 4),
(252, 6),
(252, 7),
(252, 8),
(252, 9),
(252, 10),
(252, 11),
(252, 12),
(252, 13),
(252, 14),
(252, 15),
(252, 16),
(252, 17),
(252, 19),
(252, 20),
(252, 21),
(252, 22),
(252, 23),
(304, 14),
(304, 16),
(304, 17),
(304, 20),
(304, 21),
(304, 22),
(308, 2),
(308, 4),
(308, 7),
(308, 8),
(308, 14),
(308, 15),
(308, 16),
(308, 17),
(309, 2),
(309, 3),
(309, 4),
(309, 8),
(309, 14),
(309, 15),
(309, 16),
(309, 17),
(312, 2),
(312, 3),
(312, 4),
(312, 8),
(312, 14),
(312, 15),
(312, 16),
(312, 17),
(427, 1),
(427, 3),
(427, 4),
(427, 5),
(427, 7),
(427, 8),
(427, 14),
(427, 15),
(427, 16),
(427, 17),
(428, 1),
(428, 3),
(428, 4),
(428, 6),
(428, 7),
(428, 8),
(428, 11),
(428, 14),
(428, 15),
(428, 16),
(428, 17),
(429, 3),
(429, 4),
(429, 5),
(429, 6),
(429, 7),
(429, 8),
(429, 11),
(429, 14),
(429, 15),
(429, 16),
(429, 17),
(430, 3),
(430, 4),
(430, 6),
(430, 7),
(430, 8),
(430, 11),
(430, 14),
(430, 15),
(430, 16),
(430, 17),
(431, 3),
(431, 4),
(431, 6),
(431, 7),
(431, 8),
(431, 11),
(431, 14),
(431, 15),
(431, 16),
(431, 17);

-- --------------------------------------------------------

--
-- Table structure for table `oc_category_path`
--

CREATE TABLE IF NOT EXISTS `oc_category_path` (
  `category_id` int(11) NOT NULL,
  `path_id` int(11) NOT NULL,
  `level` int(11) NOT NULL,
  PRIMARY KEY (`category_id`,`path_id`)
) ENGINE=MyISAM DEFAULT CHARSET=utf8;

--
-- Dumping data for table `oc_category_path`
--

INSERT INTO `oc_category_path` (`category_id`, `path_id`, `level`) VALUES
(21, 21, 0),
(20, 20, 0),
(48, 48, 1),
(48, 20, 0),
(50, 50, 1),
(50, 20, 0),
(56, 56, 0),
(62, 62, 1),
(62, 56, 0),
(84, 84, 1),
(84, 56, 0),
(86, 86, 1),
(86, 56, 0),
(91, 91, 1),
(91, 56, 0),
(124, 124, 0),
(125, 125, 1),
(125, 124, 0),
(373, 312, 0),
(374, 312, 0),
(133, 124, 0),
(133, 133, 1),
(372, 312, 0),
(308, 312, 0),
(137, 137, 1),
(137, 124, 0),
(304, 20, 0),
(252, 252, 0),
(331, 331, 2),
(330, 84, 1),
(330, 56, 0),
(330, 330, 2),
(331, 56, 0),
(331, 84, 1),
(328, 328, 2),
(328, 84, 1),
(328, 56, 0),
(329, 84, 1),
(329, 56, 0),
(304, 304, 1),
(329, 329, 2),
(305, 124, 0),
(305, 305, 1),
(307, 20, 0),
(307, 307, 1),
(308, 308, 1),
(309, 309, 0),
(312, 312, 0),
(332, 56, 0),
(332, 84, 1),
(332, 332, 2),
(333, 56, 0),
(333, 84, 1),
(333, 333, 2),
(334, 56, 0),
(334, 84, 1),
(334, 334, 2),
(335, 124, 0),
(335, 305, 1),
(335, 335, 2),
(336, 124, 0),
(336, 305, 1),
(336, 336, 2),
(337, 124, 0),
(337, 305, 1),
(337, 337, 2),
(338, 124, 0),
(338, 305, 1),
(338, 338, 2),
(339, 124, 0),
(339, 305, 1),
(339, 339, 2),
(340, 124, 0),
(340, 305, 1),
(340, 340, 2),
(341, 124, 0),
(341, 137, 1),
(341, 341, 2),
(342, 124, 0),
(342, 137, 1),
(342, 342, 2),
(343, 124, 0),
(343, 137, 1),
(343, 343, 2),
(344, 124, 0),
(344, 137, 1),
(344, 344, 2),
(345, 124, 0),
(345, 137, 1),
(345, 345, 2),
(346, 124, 0),
(346, 137, 1),
(346, 346, 2),
(347, 124, 0),
(347, 137, 1),
(347, 347, 2),
(348, 124, 0),
(348, 137, 1),
(348, 348, 2),
(349, 124, 0),
(349, 137, 1),
(349, 349, 2),
(358, 20, 0),
(358, 48, 1),
(358, 358, 2),
(359, 304, 1),
(359, 20, 0),
(359, 359, 2),
(360, 307, 1),
(360, 20, 0),
(360, 360, 2),
(361, 20, 0),
(361, 48, 1),
(361, 361, 2),
(362, 20, 0),
(362, 48, 1),
(362, 362, 2),
(363, 50, 1),
(363, 20, 0),
(363, 363, 2),
(364, 20, 0),
(364, 48, 1),
(364, 364, 2),
(365, 48, 1),
(365, 20, 0),
(365, 365, 2),
(372, 308, 1),
(372, 372, 2),
(373, 308, 1),
(373, 373, 2),
(374, 308, 1),
(374, 374, 2),
(375, 308, 1),
(375, 375, 2),
(376, 309, 0),
(376, 376, 1),
(377, 309, 0),
(377, 377, 1),
(429, 429, 0),
(428, 428, 0),
(427, 427, 0),
(375, 312, 0),
(384, 312, 0),
(384, 384, 1),
(385, 312, 0),
(385, 385, 1),
(386, 312, 0),
(386, 386, 1),
(387, 312, 0),
(387, 387, 1),
(426, 309, 0),
(426, 426, 1),
(425, 309, 0),
(425, 425, 1),
(396, 396, 2),
(396, 86, 1),
(396, 56, 0),
(397, 397, 2),
(397, 86, 1),
(397, 56, 0),
(398, 398, 2),
(398, 86, 1),
(398, 56, 0),
(399, 399, 2),
(399, 86, 1),
(399, 56, 0),
(400, 400, 2),
(400, 62, 1),
(400, 56, 0),
(401, 62, 1),
(401, 401, 2),
(401, 56, 0),
(402, 402, 2),
(402, 62, 1),
(402, 56, 0),
(430, 430, 0),
(431, 431, 0),
(407, 56, 0),
(407, 91, 1),
(407, 407, 2),
(408, 56, 0),
(408, 91, 1),
(408, 408, 2),
(409, 56, 0),
(409, 91, 1),
(409, 409, 2),
(410, 56, 0),
(410, 91, 1),
(410, 410, 2),
(411, 56, 0),
(411, 91, 1),
(411, 411, 2),
(412, 56, 0),
(412, 91, 1),
(412, 412, 2),
(413, 56, 0),
(413, 91, 1),
(413, 413, 2),
(414, 20, 0),
(414, 307, 1),
(414, 414, 2),
(415, 20, 0),
(415, 307, 1),
(415, 415, 2),
(416, 20, 0),
(416, 307, 1),
(416, 416, 2),
(417, 20, 0),
(417, 307, 1),
(417, 417, 2),
(418, 20, 0),
(418, 50, 1),
(418, 418, 2),
(419, 20, 0),
(419, 50, 1),
(419, 419, 2),
(420, 20, 0),
(420, 50, 1),
(420, 420, 2),
(421, 20, 0),
(421, 50, 1),
(421, 421, 2),
(422, 20, 0),
(422, 304, 1),
(422, 422, 2),
(423, 20, 0),
(423, 304, 1),
(423, 423, 2),
(424, 20, 0),
(424, 304, 1),
(424, 424, 2);

-- --------------------------------------------------------

--
-- Table structure for table `oc_category_to_layout`
--

CREATE TABLE IF NOT EXISTS `oc_category_to_layout` (
  `category_id` int(11) NOT NULL,
  `store_id` int(11) NOT NULL,
  `layout_id` int(11) NOT NULL,
  PRIMARY KEY (`category_id`,`store_id`)
) ENGINE=MyISAM DEFAULT CHARSET=utf8;

--
-- Dumping data for table `oc_category_to_layout`
--

INSERT INTO `oc_category_to_layout` (`category_id`, `store_id`, `layout_id`) VALUES
(21, 1, 0),
(423, 0, 0),
(431, 16, 0),
(427, 1, 0),
(425, 17, 0),
(426, 2, 0),
(363, 1, 0),
(425, 0, 0),
(384, 2, 0),
(62, 17, 0),
(62, 16, 0),
(377, 2, 0),
(377, 3, 0),
(308, 17, 0),
(304, 2, 0),
(308, 16, 0),
(430, 3, 0),
(430, 2, 0),
(125, 17, 0),
(125, 16, 0),
(386, 1, 0),
(428, 16, 0),
(137, 16, 0),
(137, 17, 0),
(386, 3, 0),
(386, 2, 0),
(428, 17, 0),
(425, 1, 0),
(423, 1, 0),
(305, 16, 0),
(305, 17, 0),
(431, 17, 0),
(426, 3, 0),
(419, 2, 0),
(419, 3, 0),
(425, 16, 0),
(86, 16, 0),
(86, 17, 0),
(84, 16, 0),
(84, 17, 0),
(419, 1, 0),
(419, 0, 0),
(48, 17, 0),
(48, 16, 0),
(363, 0, 0),
(425, 3, 0),
(425, 2, 0),
(427, 2, 0),
(427, 3, 0),
(91, 16, 0),
(91, 17, 0),
(427, 0, 0),
(385, 3, 0),
(385, 0, 0),
(428, 1, 0),
(428, 0, 0),
(411, 2, 0),
(411, 3, 0),
(50, 17, 0),
(50, 16, 0),
(363, 17, 0),
(363, 16, 0),
(21, 3, 0),
(21, 2, 0),
(412, 1, 0),
(412, 0, 0),
(21, 0, 0),
(124, 16, 0),
(124, 17, 0),
(304, 3, 0),
(384, 1, 0),
(385, 1, 0),
(385, 2, 0),
(124, 2, 0),
(430, 1, 0),
(430, 0, 0),
(133, 17, 0),
(133, 16, 0),
(386, 0, 0),
(374, 2, 0),
(374, 3, 0),
(307, 17, 0),
(307, 16, 0),
(124, 3, 0),
(252, 0, 0),
(252, 1, 0),
(304, 17, 0),
(304, 16, 0),
(21, 16, 0),
(21, 17, 0),
(384, 3, 0),
(384, 0, 0),
(377, 1, 0),
(377, 0, 0),
(426, 1, 0),
(426, 0, 0),
(252, 2, 0),
(252, 3, 0),
(387, 2, 0),
(387, 1, 0),
(387, 3, 0),
(387, 0, 0),
(308, 2, 0),
(308, 1, 0),
(308, 3, 0),
(308, 0, 0),
(373, 2, 0),
(373, 1, 0),
(373, 3, 0),
(373, 0, 0),
(372, 2, 0),
(372, 1, 0),
(372, 3, 0),
(372, 0, 0),
(375, 2, 0),
(375, 1, 0),
(375, 3, 0),
(375, 0, 0),
(431, 3, 0),
(431, 2, 0),
(431, 1, 0),
(431, 0, 0),
(429, 0, 0),
(429, 1, 0),
(429, 2, 0),
(429, 3, 0),
(50, 0, 0),
(50, 1, 0),
(50, 2, 0),
(50, 3, 0),
(20, 3, 0),
(20, 2, 0),
(20, 1, 0),
(20, 0, 0),
(418, 0, 0),
(418, 1, 0),
(418, 2, 0),
(418, 3, 0),
(328, 16, 0),
(328, 17, 0),
(329, 16, 0),
(329, 17, 0),
(330, 17, 0),
(330, 16, 0),
(331, 16, 0),
(331, 17, 0),
(332, 16, 0),
(332, 17, 0),
(333, 16, 0),
(333, 17, 0),
(334, 16, 0),
(334, 17, 0),
(335, 16, 0),
(335, 17, 0),
(336, 16, 0),
(336, 17, 0),
(337, 16, 0),
(337, 17, 0),
(338, 16, 0),
(338, 17, 0),
(339, 16, 0),
(339, 17, 0),
(340, 16, 0),
(340, 17, 0),
(341, 16, 0),
(341, 17, 0),
(342, 16, 0),
(342, 17, 0),
(343, 16, 0),
(343, 17, 0),
(344, 16, 0),
(344, 17, 0),
(427, 16, 0),
(427, 17, 0),
(345, 16, 0),
(345, 17, 0),
(346, 16, 0),
(346, 17, 0),
(347, 16, 0),
(347, 17, 0),
(348, 16, 0),
(348, 17, 0),
(430, 16, 0),
(430, 17, 0),
(349, 16, 0),
(349, 17, 0),
(252, 16, 0),
(252, 17, 0),
(423, 2, 0),
(423, 3, 0),
(424, 0, 0),
(424, 1, 0),
(424, 2, 0),
(424, 3, 0),
(422, 0, 0),
(422, 1, 0),
(422, 2, 0),
(422, 3, 0),
(48, 0, 0),
(48, 1, 0),
(48, 2, 0),
(48, 3, 0),
(361, 0, 0),
(361, 1, 0),
(361, 2, 0),
(361, 3, 0),
(358, 0, 0),
(358, 1, 0),
(358, 2, 0),
(358, 3, 0),
(365, 0, 0),
(365, 1, 0),
(365, 2, 0),
(365, 3, 0),
(364, 0, 0),
(364, 1, 0),
(364, 2, 0),
(364, 3, 0),
(374, 0, 0),
(374, 1, 0),
(358, 16, 0),
(358, 17, 0),
(361, 16, 0),
(361, 17, 0),
(362, 16, 0),
(362, 17, 0),
(364, 16, 0),
(364, 17, 0),
(365, 17, 0),
(365, 16, 0),
(408, 2, 0),
(408, 3, 0),
(410, 0, 0),
(410, 1, 0),
(410, 2, 0),
(410, 3, 0),
(415, 0, 0),
(415, 1, 0),
(415, 2, 0),
(415, 3, 0),
(416, 0, 0),
(416, 1, 0),
(416, 2, 0),
(416, 3, 0),
(417, 0, 0),
(417, 1, 0),
(417, 2, 0),
(417, 3, 0),
(414, 0, 0),
(414, 1, 0),
(414, 2, 0),
(414, 3, 0),
(304, 0, 0),
(304, 1, 0),
(372, 16, 0),
(372, 17, 0),
(373, 16, 0),
(373, 17, 0),
(374, 16, 0),
(374, 17, 0),
(375, 16, 0),
(375, 17, 0),
(376, 16, 0),
(309, 16, 0),
(309, 17, 0),
(376, 17, 0),
(377, 16, 0),
(377, 17, 0),
(124, 1, 0),
(362, 0, 0),
(362, 1, 0),
(124, 0, 0),
(362, 2, 0),
(360, 3, 0),
(360, 2, 0),
(362, 3, 0),
(360, 1, 0),
(359, 3, 0),
(359, 2, 0),
(360, 0, 0),
(359, 1, 0),
(363, 3, 0),
(363, 2, 0),
(359, 0, 0),
(384, 16, 0),
(384, 17, 0),
(385, 16, 0),
(385, 17, 0),
(386, 16, 0),
(312, 16, 0),
(312, 17, 0),
(386, 17, 0),
(387, 16, 0),
(387, 17, 0),
(428, 2, 0),
(56, 2, 0),
(56, 3, 0),
(428, 3, 0),
(56, 16, 0),
(91, 0, 0),
(91, 1, 0),
(56, 17, 0),
(91, 2, 0),
(407, 0, 0),
(407, 1, 0),
(91, 3, 0),
(407, 2, 0),
(411, 0, 0),
(411, 1, 0),
(407, 3, 0),
(412, 2, 0),
(409, 0, 0),
(409, 1, 0),
(412, 3, 0),
(409, 2, 0),
(413, 0, 0),
(413, 1, 0),
(409, 3, 0),
(413, 2, 0),
(408, 0, 0),
(408, 1, 0),
(413, 3, 0),
(426, 17, 0),
(426, 16, 0),
(396, 16, 0),
(396, 17, 0),
(397, 16, 0),
(397, 17, 0),
(398, 16, 0),
(398, 17, 0),
(399, 16, 0),
(399, 17, 0),
(400, 16, 0),
(400, 17, 0),
(401, 16, 0),
(401, 17, 0),
(402, 16, 0),
(402, 17, 0),
(420, 0, 0),
(420, 3, 0),
(420, 1, 0),
(420, 2, 0),
(421, 0, 0),
(421, 3, 0),
(421, 1, 0),
(421, 2, 0),
(307, 0, 0),
(307, 3, 0),
(307, 1, 0),
(307, 2, 0),
(312, 3, 0),
(312, 0, 0),
(312, 2, 0),
(312, 1, 0),
(407, 16, 0),
(407, 17, 0),
(408, 16, 0),
(408, 17, 0),
(409, 16, 0),
(409, 17, 0),
(410, 16, 0),
(410, 17, 0),
(411, 16, 0),
(411, 17, 0),
(412, 16, 0),
(412, 17, 0),
(413, 16, 0),
(413, 17, 0),
(414, 16, 0),
(360, 17, 0),
(414, 17, 0),
(360, 16, 0),
(415, 16, 0),
(429, 17, 0),
(415, 17, 0),
(429, 16, 0),
(416, 16, 0),
(416, 17, 0),
(417, 16, 0),
(417, 17, 0),
(418, 16, 0),
(418, 17, 0),
(419, 16, 0),
(419, 17, 0),
(420, 16, 0),
(420, 17, 0),
(421, 16, 0),
(421, 17, 0),
(422, 16, 0),
(359, 17, 0),
(422, 17, 0),
(359, 16, 0),
(423, 16, 0),
(423, 17, 0),
(424, 16, 0),
(424, 17, 0),
(376, 3, 0),
(376, 2, 0),
(376, 1, 0),
(376, 0, 0),
(309, 0, 0),
(309, 1, 0),
(309, 2, 0),
(309, 3, 0),
(334, 3, 0),
(334, 2, 0),
(334, 1, 0),
(334, 0, 0),
(333, 3, 0),
(333, 2, 0),
(333, 1, 0),
(333, 0, 0),
(332, 3, 0),
(332, 2, 0),
(332, 1, 0),
(332, 0, 0),
(331, 3, 0),
(331, 2, 0),
(331, 1, 0),
(331, 0, 0),
(336, 3, 0),
(336, 2, 0),
(336, 1, 0),
(336, 0, 0),
(337, 3, 0),
(337, 2, 0),
(337, 1, 0),
(337, 0, 0),
(335, 3, 0),
(335, 2, 0),
(335, 1, 0),
(335, 0, 0),
(338, 3, 0),
(338, 2, 0),
(338, 1, 0),
(338, 0, 0),
(305, 3, 0),
(305, 2, 0),
(305, 1, 0),
(305, 0, 0),
(133, 3, 0),
(133, 2, 0),
(133, 1, 0),
(133, 0, 0),
(125, 3, 0),
(125, 2, 0),
(125, 1, 0),
(125, 0, 0),
(345, 3, 0),
(345, 2, 0),
(345, 1, 0),
(345, 0, 0),
(349, 3, 0),
(349, 2, 0),
(349, 1, 0),
(349, 0, 0),
(348, 3, 0),
(348, 2, 0),
(348, 1, 0),
(348, 0, 0),
(344, 3, 0),
(344, 2, 0),
(344, 1, 0),
(344, 0, 0),
(346, 3, 0),
(346, 2, 0),
(346, 1, 0),
(346, 0, 0),
(343, 3, 0),
(343, 2, 0),
(343, 1, 0),
(343, 0, 0),
(342, 3, 0),
(342, 2, 0),
(342, 1, 0),
(342, 0, 0),
(341, 3, 0),
(341, 2, 0),
(341, 1, 0),
(341, 0, 0),
(347, 3, 0),
(347, 2, 0),
(347, 1, 0),
(347, 0, 0),
(137, 3, 0),
(137, 2, 0),
(137, 1, 0),
(137, 0, 0),
(340, 3, 0),
(340, 2, 0),
(340, 1, 0),
(340, 0, 0),
(339, 3, 0),
(339, 2, 0),
(339, 1, 0),
(339, 0, 0),
(86, 3, 0),
(86, 2, 0),
(86, 1, 0),
(86, 0, 0),
(396, 3, 0),
(396, 2, 0),
(396, 1, 0),
(396, 0, 0),
(402, 3, 0),
(402, 2, 0),
(402, 1, 0),
(402, 0, 0),
(400, 3, 0),
(400, 2, 0),
(400, 1, 0),
(400, 0, 0),
(401, 3, 0),
(401, 2, 0),
(401, 1, 0),
(401, 0, 0),
(62, 3, 0),
(62, 2, 0),
(62, 1, 0),
(62, 0, 0),
(398, 3, 0),
(398, 2, 0),
(398, 1, 0),
(398, 0, 0),
(399, 3, 0),
(399, 2, 0),
(399, 1, 0),
(399, 0, 0),
(397, 3, 0),
(397, 2, 0),
(397, 1, 0),
(397, 0, 0),
(330, 3, 0),
(330, 2, 0),
(330, 1, 0),
(330, 0, 0),
(329, 3, 0),
(329, 2, 0),
(329, 1, 0),
(329, 0, 0),
(328, 3, 0),
(328, 2, 0),
(328, 1, 0),
(328, 0, 0),
(84, 3, 0),
(84, 2, 0),
(84, 1, 0),
(84, 0, 0),
(20, 16, 0),
(20, 17, 0),
(56, 1, 0),
(56, 0, 0);

-- --------------------------------------------------------

--
-- Table structure for table `oc_category_to_store`
--

CREATE TABLE IF NOT EXISTS `oc_category_to_store` (
  `category_id` int(11) NOT NULL,
  `store_id` int(11) NOT NULL,
  PRIMARY KEY (`category_id`,`store_id`)
) ENGINE=MyISAM DEFAULT CHARSET=utf8;

--
-- Dumping data for table `oc_category_to_store`
--

INSERT INTO `oc_category_to_store` (`category_id`, `store_id`) VALUES
(20, 0),
(20, 1),
(20, 2),
(20, 3),
(20, 16),
(20, 17),
(21, 0),
(21, 1),
(21, 2),
(21, 3),
(21, 16),
(21, 17),
(48, 0),
(48, 1),
(48, 2),
(48, 3),
(48, 16),
(48, 17),
(50, 0),
(50, 1),
(50, 2),
(50, 3),
(50, 16),
(50, 17),
(56, 0),
(56, 1),
(56, 2),
(56, 3),
(56, 16),
(56, 17),
(62, 0),
(62, 1),
(62, 2),
(62, 3),
(62, 16),
(62, 17),
(84, 0),
(84, 1),
(84, 2),
(84, 3),
(84, 16),
(84, 17),
(86, 0),
(86, 1),
(86, 2),
(86, 3),
(86, 16),
(86, 17),
(91, 0),
(91, 1),
(91, 2),
(91, 3),
(91, 16),
(91, 17),
(124, 0),
(124, 1),
(124, 2),
(124, 3),
(124, 16),
(124, 17),
(125, 0),
(125, 1),
(125, 2),
(125, 3),
(125, 16),
(125, 17),
(133, 0),
(133, 1),
(133, 2),
(133, 3),
(133, 16),
(133, 17),
(137, 0),
(137, 1),
(137, 2),
(137, 3),
(137, 16),
(137, 17),
(252, 0),
(252, 1),
(252, 2),
(252, 3),
(252, 16),
(252, 17),
(304, 0),
(304, 1),
(304, 2),
(304, 3),
(304, 16),
(304, 17),
(305, 0),
(305, 1),
(305, 2),
(305, 3),
(305, 16),
(305, 17),
(307, 0),
(307, 1),
(307, 2),
(307, 3),
(307, 16),
(307, 17),
(308, 0),
(308, 1),
(308, 2),
(308, 3),
(308, 16),
(308, 17),
(309, 0),
(309, 1),
(309, 2),
(309, 3),
(309, 16),
(309, 17),
(312, 0),
(312, 1),
(312, 2),
(312, 3),
(312, 16),
(312, 17),
(328, 0),
(328, 1),
(328, 2),
(328, 3),
(328, 16),
(328, 17),
(329, 0),
(329, 1),
(329, 2),
(329, 3),
(329, 16),
(329, 17),
(330, 0),
(330, 1),
(330, 2),
(330, 3),
(330, 16),
(330, 17),
(331, 0),
(331, 1),
(331, 2),
(331, 3),
(331, 16),
(331, 17),
(332, 0),
(332, 1),
(332, 2),
(332, 3),
(332, 16),
(332, 17),
(333, 0),
(333, 1),
(333, 2),
(333, 3),
(333, 16),
(333, 17),
(334, 0),
(334, 1),
(334, 2),
(334, 3),
(334, 16),
(334, 17),
(335, 0),
(335, 1),
(335, 2),
(335, 3),
(335, 16),
(335, 17),
(336, 0),
(336, 1),
(336, 2),
(336, 3),
(336, 16),
(336, 17),
(337, 0),
(337, 1),
(337, 2),
(337, 3),
(337, 16),
(337, 17),
(338, 0),
(338, 1),
(338, 2),
(338, 3),
(338, 16),
(338, 17),
(339, 0),
(339, 1),
(339, 2),
(339, 3),
(339, 16),
(339, 17),
(340, 0),
(340, 1),
(340, 2),
(340, 3),
(340, 16),
(340, 17),
(341, 0),
(341, 1),
(341, 2),
(341, 3),
(341, 16),
(341, 17),
(342, 0),
(342, 1),
(342, 2),
(342, 3),
(342, 16),
(342, 17),
(343, 0),
(343, 1),
(343, 2),
(343, 3),
(343, 16),
(343, 17),
(344, 0),
(344, 1),
(344, 2),
(344, 3),
(344, 16),
(344, 17),
(345, 0),
(345, 1),
(345, 2),
(345, 3),
(345, 16),
(345, 17),
(346, 0),
(346, 1),
(346, 2),
(346, 3),
(346, 16),
(346, 17),
(347, 0),
(347, 1),
(347, 2),
(347, 3),
(347, 16),
(347, 17),
(348, 0),
(348, 1),
(348, 2),
(348, 3),
(348, 16),
(348, 17),
(349, 0),
(349, 1),
(349, 2),
(349, 3),
(349, 16),
(349, 17),
(358, 0),
(358, 1),
(358, 2),
(358, 3),
(358, 16),
(358, 17),
(359, 0),
(359, 1),
(359, 2),
(359, 3),
(359, 16),
(359, 17),
(360, 0),
(360, 1),
(360, 2),
(360, 3),
(360, 16),
(360, 17),
(361, 0),
(361, 1),
(361, 2),
(361, 3),
(361, 16),
(361, 17),
(362, 0),
(362, 1),
(362, 2),
(362, 3),
(362, 16),
(362, 17),
(363, 0),
(363, 1),
(363, 2),
(363, 3),
(363, 16),
(363, 17),
(364, 0),
(364, 1),
(364, 2),
(364, 3),
(364, 16),
(364, 17),
(365, 0),
(365, 1),
(365, 2),
(365, 3),
(365, 16),
(365, 17),
(372, 0),
(372, 1),
(372, 2),
(372, 3),
(372, 16),
(372, 17),
(373, 0),
(373, 1),
(373, 2),
(373, 3),
(373, 16),
(373, 17),
(374, 0),
(374, 1),
(374, 2),
(374, 3),
(374, 16),
(374, 17),
(375, 0),
(375, 1),
(375, 2),
(375, 3),
(375, 16),
(375, 17),
(376, 0),
(376, 1),
(376, 2),
(376, 3),
(376, 16),
(376, 17),
(377, 0),
(377, 1),
(377, 2),
(377, 3),
(377, 16),
(377, 17),
(384, 0),
(384, 1),
(384, 2),
(384, 3),
(384, 16),
(384, 17),
(385, 0),
(385, 1),
(385, 2),
(385, 3),
(385, 16),
(385, 17),
(386, 0),
(386, 1),
(386, 2),
(386, 3),
(386, 16),
(386, 17),
(387, 0),
(387, 1),
(387, 2),
(387, 3),
(387, 16),
(387, 17),
(396, 0),
(396, 1),
(396, 2),
(396, 3),
(396, 16),
(396, 17),
(397, 0),
(397, 1),
(397, 2),
(397, 3),
(397, 16),
(397, 17),
(398, 0),
(398, 1),
(398, 2),
(398, 3),
(398, 16),
(398, 17),
(399, 0),
(399, 1),
(399, 2),
(399, 3),
(399, 16),
(399, 17),
(400, 0),
(400, 1),
(400, 2),
(400, 3),
(400, 16),
(400, 17),
(401, 0),
(401, 1),
(401, 2),
(401, 3),
(401, 16),
(401, 17),
(402, 0),
(402, 1),
(402, 2),
(402, 3),
(402, 16),
(402, 17),
(407, 0),
(407, 1),
(407, 2),
(407, 3),
(407, 16),
(407, 17),
(408, 0),
(408, 1),
(408, 2),
(408, 3),
(408, 16),
(408, 17),
(409, 0),
(409, 1),
(409, 2),
(409, 3),
(409, 16),
(409, 17),
(410, 0),
(410, 1),
(410, 2),
(410, 3),
(410, 16),
(410, 17),
(411, 0),
(411, 1),
(411, 2),
(411, 3),
(411, 16),
(411, 17),
(412, 0),
(412, 1),
(412, 2),
(412, 3),
(412, 16),
(412, 17),
(413, 0),
(413, 1),
(413, 2),
(413, 3),
(413, 16),
(413, 17),
(414, 0),
(414, 1),
(414, 2),
(414, 3),
(414, 16),
(414, 17),
(415, 0),
(415, 1),
(415, 2),
(415, 3),
(415, 16),
(415, 17),
(416, 0),
(416, 1),
(416, 2),
(416, 3),
(416, 16),
(416, 17),
(417, 0),
(417, 1),
(417, 2),
(417, 3),
(417, 16),
(417, 17),
(418, 0),
(418, 1),
(418, 2),
(418, 3),
(418, 16),
(418, 17),
(419, 0),
(419, 1),
(419, 2),
(419, 3),
(419, 16),
(419, 17),
(420, 0),
(420, 1),
(420, 2),
(420, 3),
(420, 16),
(420, 17),
(421, 0),
(421, 1),
(421, 2),
(421, 3),
(421, 16),
(421, 17),
(422, 0),
(422, 1),
(422, 2),
(422, 3),
(422, 16),
(422, 17),
(423, 0),
(423, 1),
(423, 2),
(423, 3),
(423, 16),
(423, 17),
(424, 0),
(424, 1),
(424, 2),
(424, 3),
(424, 16),
(424, 17),
(425, 0),
(425, 1),
(425, 2),
(425, 3),
(425, 16),
(425, 17),
(426, 0),
(426, 1),
(426, 2),
(426, 3),
(426, 16),
(426, 17),
(427, 0),
(427, 1),
(427, 2),
(427, 3),
(427, 16),
(427, 17),
(428, 0),
(428, 1),
(428, 2),
(428, 3),
(428, 16),
(428, 17),
(429, 0),
(429, 1),
(429, 2),
(429, 3),
(429, 16),
(429, 17),
(430, 0),
(430, 1),
(430, 2),
(430, 3),
(430, 16),
(430, 17),
(431, 0),
(431, 1),
(431, 2),
(431, 3),
(431, 16),
(431, 17);

-- --------------------------------------------------------

--
-- Table structure for table `oc_cmsblock`
--

CREATE TABLE IF NOT EXISTS `oc_cmsblock` (
  `cmsblock_id` int(11) NOT NULL AUTO_INCREMENT,
  `status` tinyint(1) NOT NULL,
  `sort_order` tinyint(1) DEFAULT NULL,
  `identify` varchar(255) DEFAULT NULL,
  `link` varchar(255) DEFAULT NULL,
  `type` tinyint(1) DEFAULT NULL,
  `banner_store` varchar(255) DEFAULT '0',
  PRIMARY KEY (`cmsblock_id`)
) ENGINE=MyISAM AUTO_INCREMENT=225 DEFAULT CHARSET=utf8;

--
-- Dumping data for table `oc_cmsblock`
--

INSERT INTO `oc_cmsblock` (`cmsblock_id`, `status`, `sort_order`, `identify`, `link`, `type`, `banner_store`) VALUES
(210, 1, 0, 'static_bottom_madisa1', '', 1, '1,2,3,16,17,0'),
(186, 1, 0, 'static_middle_madisa1', '', 1, '0'),
(176, 1, 0, 'footer_contact', '', 1, '1,2,3,16,17,0'),
(178, 1, 0, 'header_phone', '', 1, '1,2,3,16,17,0'),
(188, 1, 0, 'footer_open_time', '', 1, '1,2,3,16,17,0'),
(202, 1, 0, 'header_text', '', 1, '1,2,3,16,17,0'),
(185, 1, 0, 'static_top_madisa1', '', 1, '0'),
(216, 1, 0, 'static_middle_madisa2', '', 1, '1,0'),
(205, 1, 0, 'payment', '', 1, '1,2,3,16,17,0'),
(215, 1, 0, 'static_top_madisa2', '', 1, '1,16,0'),
(214, 1, 0, 'static_about_us', '', 1, '1,2,3,16,17,0'),
(203, 1, 0, 'corporate', '', 1, '1,2,3,16,17,0'),
(217, 1, 0, 'static_top_madisa3', '', 1, '2,3,0'),
(218, 1, 0, 'static_middle_madisa3', '', 1, '2,0'),
(219, 1, 0, 'static_middle_madisa4', '', 1, '3,0'),
(220, 1, 0, 'static_middle_madisa5', '', 1, '16,0'),
(221, 1, 0, 'static_top_madisa5', '', 1, '16,0'),
(222, 1, 0, 'static1_madisa6', '', 1, '17,0'),
(223, 1, 0, 'static2_madisa6', '', 1, '17,0'),
(224, 1, 0, 'static3_madisa6', '', 1, '17,0');

-- --------------------------------------------------------

--
-- Table structure for table `oc_cmsblock_description`
--

CREATE TABLE IF NOT EXISTS `oc_cmsblock_description` (
  `cmsblock_des_id` int(11) NOT NULL AUTO_INCREMENT,
  `language_id` int(11) NOT NULL,
  `cmsblock_id` int(11) NOT NULL,
  `title` varchar(64) NOT NULL,
  `sub_title` varchar(64) DEFAULT NULL,
  `description` text,
  PRIMARY KEY (`cmsblock_des_id`,`language_id`)
) ENGINE=MyISAM AUTO_INCREMENT=805 DEFAULT CHARSET=utf8;

--
-- Dumping data for table `oc_cmsblock_description`
--

INSERT INTO `oc_cmsblock_description` (`cmsblock_des_id`, `language_id`, `cmsblock_id`, `title`, `sub_title`, `description`) VALUES
(788, 1, 186, 'Static Middle Madisa1   ', NULL, '										  										  										  										  										  										  										  										  										  										  &lt;div class=&quot;banner-static static-middle-madisa1&quot;&gt;\r\n\r\n&lt;div class=&quot;image&quot;&gt;\r\n&lt;a href=&quot;index.php?route=product/category&amp;amp;path=20&quot;&gt;\r\n&lt;img src=&quot;image/catalog/cmsblock/img-middle-madisa1.jpg&quot; alt=&quot;img1&quot;&gt;\r\n&lt;/a&gt;\r\n&lt;div class=&quot;container&quot;&gt;\r\n&lt;div class=&quot;container-inner&quot;&gt;\r\n&lt;div class=&quot;text&quot;&gt;\r\n&lt;h3&gt;flower&lt;/h3&gt;\r\n&lt;span&gt;Special offer&lt;/span&gt;\r\n&lt;p&gt;People will go to great lengths to find just the right coffee, so we decided to make it a little easier for folks to find just the&lt;/p&gt;\r\n&lt;a class=&quot;link-more&quot; href=&quot;index.php?route=product/category&amp;amp;path=20&quot;&gt;Shop Now&lt;/a&gt;\r\n&lt;/div&gt;\r\n&lt;/div&gt;\r\n&lt;/div&gt;\r\n&lt;/div&gt;\r\n&lt;/div&gt;\r\n				 									 									 									 									 									 									 									 									 									'),
(763, 1, 176, 'Footer Contact           ', NULL, '										  										  										  										  										  										  										  										  										  										  &lt;div class=&quot;footer-contact&quot;&gt;\r\n&lt;div class=&quot;footer-title&quot;&gt;&lt;h5&gt;Contact Us&lt;/h5&gt;&lt;/div&gt;\r\n&lt;div class=&quot;footer-content&quot;&gt;\r\n&lt;ul class=&quot;list-unstyled text-content&quot;&gt;\r\n&lt;li class=&quot;address&quot;&gt;&lt;i class=&quot;fas fa-home&quot;&gt;&lt;/i&gt;&lt;p&gt;&lt;span&gt;Address&lt;/span&gt;169-C, Technohub, Dubai Silicon&lt;/p&gt;&lt;/li&gt;\r\n&lt;li class=&quot;email&quot;&gt;&lt;i class=&quot;fas fa-envelope&quot;&gt;&lt;/i&gt;&lt;p&gt;&lt;span&gt;Mail us&lt;/span&gt;Support@plazathemes.com&lt;/p&gt;&lt;/li&gt;\r\n&lt;li class=&quot;phone&quot;&gt;&lt;i class=&quot;fas fa-phone&quot;&gt;&lt;/i&gt;&lt;p&gt;&lt;span&gt;Phone:&lt;/span&gt;(+800) 123 456 789)&lt;/p&gt;&lt;/li&gt;\r\n&lt;/ul&gt;\r\n&lt;/div&gt; 		\r\n&lt;/div&gt;							 									 									 									 									 									 									 									 									 									 									'),
(764, 1, 188, 'Footer Open Time  ', NULL, '										  &lt;div class=&quot;footer-title&quot;&gt;&lt;h5&gt;Opening time&lt;/h5&gt;&lt;/div&gt;\r\n&lt;div class=&quot;footer-content&quot;&gt;\r\n&lt;div class=&quot;footer-time&quot;&gt;\r\n&lt;p&gt;&lt;span&gt;Monday - Friday&lt;/span&gt;&lt;span&gt;8:00 - 20:00&lt;/span&gt;&lt;/p&gt;\r\n&lt;p&gt;&lt;span&gt;Saturday&lt;/span&gt;&lt;span&gt;9:00 - 12:00&lt;/span&gt;&lt;/p&gt;\r\n&lt;p&gt;&lt;span&gt;Sunday&lt;/span&gt;&lt;span&gt;Close&lt;/span&gt;&lt;/p&gt;\r\n\r\n&lt;/div&gt;\r\n&lt;/div&gt; 	 									'),
(755, 1, 202, 'Header Text  ', NULL, '&lt;div class=&quot;header-text&quot;&gt;\r\n&lt;p&gt;MID-SEASON SALE UP TO 70% OFF. USE CODE: “SALE70”. &lt;a class=&quot;link-more&quot; href=&quot;#&quot;&gt;SHOP NOW&lt;/a&gt;&lt;/p&gt;\r\n&lt;/div&gt; 									 									'),
(788, 13, 186, 'Static Middle Madisa1   ', NULL, '										  										  										  										  										  										  										  										  										  										  &lt;div class=&quot;banner-static static-middle-madisa1&quot;&gt;\r\n\r\n&lt;div class=&quot;image&quot;&gt;\r\n&lt;a href=&quot;index.php?route=product/category&amp;amp;path=20&quot;&gt;\r\n&lt;img src=&quot;image/catalog/cmsblock/img-middle-madisa1.jpg&quot; alt=&quot;img1&quot;&gt;\r\n&lt;/a&gt;\r\n&lt;div class=&quot;container&quot;&gt;\r\n&lt;div class=&quot;container-inner&quot;&gt;\r\n&lt;div class=&quot;text&quot;&gt;\r\n&lt;h3&gt;flower&lt;/h3&gt;\r\n&lt;span&gt;Special offer&lt;/span&gt;\r\n&lt;p&gt;People will go to great lengths to find just the right coffee, so we decided to make it a little easier for folks to find just the&lt;/p&gt;\r\n&lt;a class=&quot;link-more&quot; href=&quot;index.php?route=product/category&amp;amp;path=20&quot;&gt;Shop Now&lt;/a&gt;\r\n&lt;/div&gt;\r\n&lt;/div&gt;\r\n&lt;/div&gt;\r\n&lt;/div&gt;\r\n&lt;/div&gt;\r\n				 									 									 									 									 									 									 									 									 									'),
(757, 1, 178, 'Header Phone       ', NULL, '										  										  &lt;div class=&quot;header-phone&quot;&gt;\r\n&lt;p&gt;Order online or call us &lt;span&gt;(1800) 000 8808&lt;/span&gt;&lt;/p&gt;\r\n&lt;/div&gt;						 									 									 									 									 									 									 									'),
(787, 1, 185, 'Static Top Madisa1  ', NULL, '										  										  &lt;div class=&quot;banner-static static-top-madisa1&quot;&gt;\r\n  &lt;div class=&quot;row&quot;&gt;\r\n    &lt;div class=&quot;col col-sm-4 col-xs-12&quot;&gt;\r\n      &lt;div class=&quot;image&quot;&gt;\r\n        &lt;a href=&quot;index.php?route=product/category&amp;amp;path=20&quot;&gt;&lt;img src=&quot;image/catalog/cmsblock/img1-top-madisa1.jpg&quot; alt=&quot;img1&quot;&gt;&lt;/a&gt;\r\n        &lt;div class=&quot;text&quot;&gt;\r\n          &lt;h4&gt;10% off&lt;span&gt;Flowers&lt;/span&gt;&lt;/h4&gt;\r\n          &lt;p&gt;Flower Bouquets&lt;/p&gt;\r\n          &lt;p&gt;For any occasion&lt;/p&gt;\r\n          &lt;a class=&quot;link-more&quot; href=&quot;index.php?route=product/category&amp;amp;path=20&quot;&gt;Browse&lt;/a&gt;\r\n        &lt;/div&gt;\r\n      &lt;/div&gt;\r\n    &lt;/div&gt;\r\n    &lt;div class=&quot;col col-sm-4 col-xs-12&quot;&gt;\r\n      &lt;div class=&quot;image&quot;&gt;\r\n        &lt;a href=&quot;index.php?route=product/category&amp;amp;path=56&quot;&gt;&lt;img src=&quot;image/catalog/cmsblock/img2-top-madisa1.jpg&quot; alt=&quot;img2&quot;&gt;&lt;/a&gt;\r\n        &lt;div class=&quot;text text-top&quot;&gt;\r\n          &lt;h4&gt;Need&lt;span&gt;To Day?&lt;/span&gt;&lt;/h4&gt;\r\n          &lt;p&gt;Flower Bouquets&lt;/p&gt;\r\n          &lt;p&gt;For any occasion&lt;/p&gt;\r\n          &lt;a class=&quot;link-more&quot; href=&quot;index.php?route=product/category&amp;amp;path=56&quot;&gt;Browse&lt;/a&gt;\r\n        &lt;/div&gt;\r\n      &lt;/div&gt;\r\n    &lt;/div&gt;\r\n    &lt;div class=&quot;col col-sm-4 col-xs-12&quot;&gt;\r\n      &lt;div class=&quot;image&quot;&gt;\r\n        &lt;a href=&quot;index.php?route=product/category&amp;amp;path=21&quot;&gt;&lt;img src=&quot;image/catalog/cmsblock/img3-top-madisa1.jpg&quot; alt=&quot;img3&quot;&gt;&lt;/a&gt;\r\n        &lt;div class=&quot;text&quot;&gt;\r\n          &lt;h4&gt;Fresh&lt;span&gt;Flowers&lt;/span&gt;&lt;/h4&gt;\r\n          &lt;p&gt;Flower Bouquets&lt;/p&gt;\r\n          &lt;p&gt;For any occasion&lt;/p&gt;\r\n          &lt;a class=&quot;link-more&quot; href=&quot;index.php?route=product/category&amp;amp;path=21&quot;&gt;Browse&lt;/a&gt;\r\n        &lt;/div&gt;\r\n      &lt;/div&gt;\r\n    &lt;/div&gt;\r\n  &lt;/div&gt;\r\n&lt;/div&gt;\r\n 									 									'),
(794, 1, 219, 'Static Middle Madisa4 ', NULL, '										  &lt;div class=&quot;banner-static static-middle-madisa4&quot;&gt;\r\n&lt;div class=&quot;col col1&quot;&gt;\r\n&lt;div class=&quot;image&quot;&gt;\r\n&lt;a href=&quot;index.php?route=product/category&amp;amp;path=56&quot;&gt;&lt;img src=&quot;image/catalog/cmsblock/img1-middle-madisa4.jpg&quot; alt=&quot;img1&quot;&gt;&lt;/a&gt;\r\n&lt;div class=&quot;text&quot;&gt;\r\n&lt;h3&gt;Hanging copper pot&lt;/h3&gt;\r\n&lt;p&gt;10 Best Products&lt;/p&gt;\r\n&lt;/div&gt;\r\n&lt;/div&gt;\r\n&lt;/div&gt;\r\n&lt;div class=&quot;col col2&quot;&gt;\r\n&lt;div class=&quot;image&quot;&gt;\r\n&lt;a href=&quot;index.php?route=product/category&amp;amp;path=21&quot;&gt;&lt;img src=&quot;image/catalog/cmsblock/img2-middle-madisa4.jpg&quot; alt=&quot;img2&quot;&gt;&lt;/a&gt;\r\n&lt;div class=&quot;text&quot;&gt;\r\n&lt;h3&gt;House plant&lt;/h3&gt;\r\n&lt;p&gt;upto 50% special offer&lt;/p&gt;\r\n&lt;/div&gt;\r\n&lt;/div&gt;\r\n&lt;/div&gt;\r\n&lt;/div&gt; 									'),
(792, 1, 217, 'Static Top Madisa3  ', NULL, '										  										  &lt;div class=&quot;banner-static static-top-madisa3&quot;&gt;\r\n&lt;div class=&quot;row&quot;&gt;\r\n&lt;div class=&quot;col col-sm-4 col-xs-12&quot;&gt;\r\n&lt;div class=&quot;image&quot;&gt;\r\n&lt;a href=&quot;index.php?route=product/special&quot;&gt;&lt;img src=&quot;image/catalog/cmsblock/img1-top-madisa3.jpg&quot; alt=&quot;img1&quot;&gt;&lt;/a&gt;\r\n&lt;/div&gt;\r\n&lt;/div&gt;\r\n&lt;div class=&quot;col col-sm-5 col-xs-12&quot;&gt;\r\n&lt;div class=&quot;image&quot;&gt;\r\n&lt;a href=&quot;index.php?route=product/category&amp;amp;path=56&quot;&gt;&lt;img src=&quot;image/catalog/cmsblock/img2-top-madisa3.jpg&quot; alt=&quot;img2&quot;&gt;&lt;/a&gt;\r\n&lt;/div&gt;\r\n&lt;/div&gt;\r\n&lt;div class=&quot;col col-sm-3 col-xs-12&quot;&gt;\r\n&lt;div class=&quot;image&quot;&gt;\r\n&lt;a href=&quot;index.php?route=product/category&amp;amp;path=20&quot;&gt;&lt;img src=&quot;image/catalog/cmsblock/img3-top-madisa3.jpg&quot; alt=&quot;img3&quot;&gt;&lt;/a&gt;\r\n&lt;/div&gt;\r\n&lt;div class=&quot;image&quot;&gt;\r\n&lt;a href=&quot;index.php?route=product/category&amp;amp;path=21&quot;&gt;&lt;img src=&quot;image/catalog/cmsblock/img4-top-madisa3.jpg&quot; alt=&quot;img4&quot;&gt;&lt;/a&gt;\r\n&lt;/div&gt;\r\n&lt;/div&gt;\r\n&lt;/div&gt;\r\n&lt;/div&gt; 									 									'),
(796, 1, 220, 'Static Middle Madisa5 ', NULL, '										  &lt;div class=&quot;banner-static static-middle-madisa5&quot;&gt;\r\n&lt;h3&gt;Sale 20%&lt;/h3&gt;\r\n&lt;h4&gt;Our Products&lt;/h4&gt;\r\n&lt;a href=&quot;index.php?route=product/special&quot; class=&quot;link-more&quot;&gt;Read More&lt;/a&gt;\r\n&lt;/div&gt; 									'),
(795, 1, 221, 'Static Top Madisa5 ', NULL, '										  &lt;div class=&quot;banner-static static-top-madisa5&quot;&gt;\r\n&lt;div class=&quot;row&quot;&gt;\r\n&lt;div class=&quot;col col-sm-3 col-xs-12&quot;&gt;\r\n&lt;div class=&quot;image&quot;&gt;\r\n&lt;a href=&quot;index.php?route=product/category&amp;amp;path=20&quot;&gt;&lt;img src=&quot;image/catalog/cmsblock/img1-top-madisa2.jpg&quot; alt=&quot;img1&quot;&gt;&lt;/a&gt;\r\n&lt;/div&gt;\r\n&lt;/div&gt;\r\n&lt;div class=&quot;col col-sm-6 col-xs-12&quot;&gt;\r\n&lt;div class=&quot;image&quot;&gt;\r\n&lt;a href=&quot;index.php?route=product/category&amp;amp;path=56&quot;&gt;&lt;img src=&quot;image/catalog/cmsblock/img2-top-madisa2.jpg&quot; alt=&quot;img2&quot;&gt;&lt;/a&gt;\r\n&lt;/div&gt;\r\n&lt;/div&gt;\r\n&lt;div class=&quot;col col-sm-3 col-xs-12&quot;&gt;\r\n&lt;div class=&quot;image&quot;&gt;\r\n&lt;a href=&quot;index.php?route=product/category&amp;amp;path=21&quot;&gt;&lt;img src=&quot;image/catalog/cmsblock/img3-top-madisa2.jpg&quot; alt=&quot;img3&quot;&gt;&lt;/a&gt;\r\n&lt;/div&gt;\r\n&lt;/div&gt;\r\n&lt;/div&gt;\r\n&lt;/div&gt; 									'),
(781, 1, 205, 'Payment  ', NULL, '										  										  &lt;div class=&quot;payment&quot;&gt;\r\n&lt;a href=&quot;#&quot;&gt;&lt;img src=&quot;image/catalog/cmsblock/payment.png&quot; alt=&quot;payment&quot;&gt;&lt;/a&gt;\r\n&lt;/div&gt; 									 									'),
(797, 1, 222, 'Static1 Madisa6 ', NULL, '										  &lt;div class=&quot;banner-static static1-madisa6&quot;&gt;\r\n&lt;div class=&quot;image&quot;&gt;\r\n&lt;a href=&quot;index.php?route=product/category&amp;amp;path=56&quot;&gt;&lt;img src=&quot;image/catalog/cmsblock/img1-static1-madisa6.jpg&quot; alt=&quot;img1&quot;&gt;&lt;/a&gt;\r\n&lt;/div&gt;\r\n&lt;div class=&quot;image&quot;&gt;\r\n&lt;a href=&quot;index.php?route=product/category&amp;amp;path=21&quot;&gt;&lt;img src=&quot;image/catalog/cmsblock/img2-static1-madisa6.jpg&quot; alt=&quot;img2&quot;&gt;&lt;/a&gt;\r\n&lt;/div&gt;\r\n&lt;/div&gt; 									'),
(758, 1, 203, 'Corporate      ', NULL, '&lt;div class=&quot;ma-corporate-about&quot;&gt;\r\n&lt;div class=&quot;inner&quot;&gt;\r\n&lt;div class=&quot;col &quot;&gt;\r\n&lt;div class=&quot;box&quot;&gt;\r\n&lt;p&gt;Free shipping on orders over $200&lt;/p&gt;\r\n&lt;/div&gt;\r\n&lt;/div&gt;\r\n&lt;div class=&quot;col col2 &quot;&gt;\r\n&lt;div class=&quot;box&quot;&gt;\r\n&lt;p&gt;30 -Day returns money back&lt;/p&gt;\r\n&lt;/div&gt;\r\n&lt;/div&gt;\r\n&lt;div class=&quot;col col3 &quot;&gt;\r\n&lt;div class=&quot;box&quot;&gt;\r\n&lt;p&gt;24/7 Support&lt;/p&gt;\r\n&lt;/div&gt;\r\n&lt;/div&gt;\r\n&lt;/div&gt;\r\n&lt;/div&gt; 									 									 									 									 									 									'),
(799, 1, 224, 'Static3 Madisa6  ', NULL, '										  &lt;div class=&quot;banner-static static3-madisa6&quot;&gt;\r\n&lt;div class=&quot;image&quot;&gt;\r\n&lt;a href=&quot;index.php?route=product/category&amp;amp;path=56&quot;&gt;&lt;img src=&quot;image/catalog/cmsblock/img-static3-madisa6.jpg&quot; alt=&quot;img&quot;&gt;&lt;/a&gt;\r\n&lt;div class=&quot;text&quot;&gt;\r\n&lt;h3&gt;Need To Day?&lt;/h3&gt;\r\n&lt;p&gt;Flower Bouquets For&lt;/p&gt;\r\n&lt;p&gt;any occasion&lt;/p&gt;\r\n&lt;a href=&quot;index.php?route=product/category&amp;amp;path=56&quot; class=&quot;link-more&quot;&gt;Browse&lt;/a&gt;\r\n&lt;/div&gt;\r\n&lt;/div&gt;\r\n&lt;/div&gt; 									 									'),
(798, 1, 223, 'Static2 Madisa6  ', NULL, '										  										  &lt;div class=&quot;banner-static static2-madisa6&quot;&gt;\r\n&lt;div class=&quot;col&quot;&gt;\r\n&lt;div class=&quot;image&quot;&gt;\r\n&lt;a href=&quot;index.php?route=product/category&amp;amp;path=429&quot;&gt;&lt;img src=&quot;image/catalog/cmsblock/img1-static2-madisa6.jpg&quot; alt=&quot;img1&quot;&gt;&lt;/a&gt;\r\n&lt;div class=&quot;text&quot;&gt;\r\n&lt;p&gt;Sale up to &lt;b&gt;70%&lt;/b&gt; &lt;em&gt;off&lt;/em&gt;&lt;/p&gt;\r\n&lt;h3&gt;Plant Tools&lt;/h3&gt;\r\n&lt;/div&gt;\r\n&lt;/div&gt;\r\n&lt;/div&gt;\r\n&lt;div class=&quot;col&quot;&gt;\r\n&lt;div class=&quot;image&quot;&gt;\r\n&lt;a href=&quot;index.php?route=product/category&amp;amp;path=312&quot;&gt;&lt;img src=&quot;image/catalog/cmsblock/img2-static2-madisa6.jpg&quot; alt=&quot;img2&quot;&gt;&lt;/a&gt;\r\n&lt;div class=&quot;text&quot;&gt;\r\n&lt;p&gt;Best Seller&lt;/p&gt;\r\n&lt;h3&gt;&lt;b&gt;40%&lt;/b&gt; off&lt;/h3&gt;\r\n&lt;/div&gt;\r\n&lt;/div&gt;\r\n&lt;/div&gt; 	\r\n&lt;/div&gt;								 									'),
(803, 1, 216, 'Static Middle Madisa2   ', NULL, '										  										  										  &lt;div class=&quot;banner-static static-middle-madisa2&quot;&gt;\r\n&lt;div class=&quot;image&quot;&gt;\r\n&lt;a href=&quot;index.php?route=product/category&amp;amp;path=20&quot;&gt;&lt;img src=&quot;image/catalog/cmsblock/img-middle-madisa2.jpg&quot; alt=&quot;image&quot;&gt;&lt;/a&gt;\r\n&lt;div class=&quot;text&quot;&gt;\r\n&lt;div class=&quot;text1&quot;&gt;\r\n&lt;div class=&quot;circle&quot;&gt;&lt;span&gt;&lt;i&gt;up to&lt;/i&gt;&lt;b&gt;70%&lt;/b&gt;&lt;em&gt;off&lt;/em&gt;&lt;/span&gt;&lt;/div&gt;\r\n&lt;h3&gt;flower&lt;/h3&gt;\r\n&lt;/div&gt;\r\n&lt;span&gt;Special offer&lt;/span&gt;\r\n&lt;p&gt;People will go to great lengths to find just the right coffee, so we decided to make it a little easier for folks to find just the right Half &amp;amp; Half.&lt;/p&gt;\r\n&lt;a class=&quot;link-more&quot; href=&quot;index.php?route=product/category&amp;amp;path=20&quot;&gt;Shop Now&lt;/a&gt;\r\n&lt;/div&gt;\r\n&lt;/div&gt;\r\n&lt;/div&gt; 									 									 									'),
(804, 1, 218, 'Static Middle Madisa3  ', NULL, '										  										  										  										  										  										  										  										  										  										  										  										  &lt;div class=&quot;banner-static static-middle-madisa3&quot;&gt;\r\n\r\n&lt;div class=&quot;image&quot;&gt;\r\n&lt;a href=&quot;index.php?route=product/category&amp;amp;path=20&quot;&gt;\r\n&lt;img src=&quot;image/catalog/cmsblock/img-middle-madisa3.jpg&quot; alt=&quot;img1&quot;&gt;\r\n&lt;/a&gt;\r\n&lt;div class=&quot;container&quot;&gt;\r\n&lt;div class=&quot;container-inner&quot;&gt;\r\n&lt;div class=&quot;text&quot;&gt;\r\n&lt;h3&gt;planter&lt;/h3&gt;\r\n&lt;span&gt;Special offer&lt;/span&gt;\r\n&lt;p&gt;People will go to great lengths to find just the right coffee, so we decided to make it a little easier for folks to find just the&lt;/p&gt;\r\n&lt;a class=&quot;link-more&quot; href=&quot;index.php?route=product/category&amp;amp;path=20&quot;&gt;Shop Now&lt;/a&gt;\r\n&lt;/div&gt;\r\n&lt;/div&gt;\r\n&lt;/div&gt;\r\n&lt;/div&gt;\r\n&lt;/div&gt;\r\n				 									 									 									 									 									 									 									 									 									 									 									'),
(802, 1, 214, 'Static About us      ', NULL, '										  										  										  										  										  &lt;div class=&quot;static-about-us&quot;&gt;\r\n&lt;div class=&quot;title2&quot;&gt;\r\n&lt;h5&gt;About Us&lt;/h5&gt;\r\n&lt;/div&gt;\r\n&lt;img src=&quot;image/catalog/logo/logo.png&quot; alt=&quot;logo&quot;&gt;\r\n&lt;p&gt;Mauris interdum magna eu neque convallis, vel laoreet lectus ultrices. Mauris at ullamcorper orci. Maecenas in nulla erat.&lt;/p&gt;\r\n&lt;ul class=&quot;link-follow&quot;&gt;\r\n&lt;li&gt;&lt;a class=&quot;facebook social_facebook&quot; title=&quot;Facebook&quot; href=&quot;https://www.facebook.com/plazathemes1&quot;&gt;&lt;span&gt;facebook&lt;/span&gt;&lt;/a&gt;&lt;/li&gt;\r\n&lt;li class=&quot;first&quot;&gt;&lt;a class=&quot;twitter social_twitter&quot; title=&quot;Twitter&quot; href=&quot;https://twitter.com/plazathemes&quot;&gt;&lt;span&gt;twitter&lt;/span&gt;&lt;/a&gt;&lt;/li&gt;\r\n&lt;li&gt;&lt;a class=&quot;google social_googleplus&quot; title=&quot;Google&quot; href=&quot;#&quot;&gt;&lt;span&gt;google &lt;/span&gt;&lt;/a&gt;&lt;/li&gt;\r\n&lt;li&gt;&lt;a class=&quot;rss social_vimeo&quot; title=&quot;Vimeo&quot; href=&quot;#&quot;&gt;&lt;span&gt;Vimeo&lt;/span&gt;&lt;/a&gt;&lt;/li&gt;\r\n&lt;li&gt;&lt;a class=&quot;youtube social_youtube&quot; title=&quot;Youtube&quot; href=&quot;https://www.youtube.com/user/plazathemes&quot;&gt;&lt;span&gt;youtube &lt;/span&gt;&lt;/a&gt;&lt;/li&gt;\r\n\r\n&lt;/ul&gt;\r\n&lt;/div&gt; 									 									 									 									 									 									'),
(789, 1, 210, 'Static Bottom Madisa1  ', NULL, '										  										  										  &lt;div class=&quot;banner-static static-bottom-madisa1&quot;&gt;\r\n&lt;div class=&quot;image&quot;&gt;\r\n&lt;a href=&quot;index.php?route=product/category&amp;amp;path=20&quot;&gt;&lt;img src=&quot;image/catalog/cmsblock/img1-bottom-madisa1.jpg&quot; alt=&quot;img1&quot;&gt;&lt;/a&gt;\r\n&lt;/div&gt;\r\n&lt;div class=&quot;image&quot;&gt;\r\n&lt;a href=&quot;index.php?route=product/category&amp;amp;path=56&quot;&gt;&lt;img src=&quot;image/catalog/cmsblock/img2-bottom-madisa1.jpg&quot; alt=&quot;img2&quot;&gt;&lt;/a&gt;\r\n&lt;/div&gt;\r\n&lt;div class=&quot;image&quot;&gt;\r\n&lt;a href=&quot;index.php?route=product/category&amp;amp;path=21&quot;&gt;&lt;img src=&quot;image/catalog/cmsblock/img3-bottom-madisa1.jpg&quot; alt=&quot;img3&quot;&gt;&lt;/a&gt;\r\n&lt;/div&gt;\r\n&lt;/div&gt; 									 									 									'),
(790, 1, 215, 'Static Top Madisa2   ', NULL, '										  										  										  &lt;div class=&quot;banner-static static-top-madisa2&quot;&gt;\r\n&lt;div class=&quot;title&quot;&gt;&lt;h3&gt;Madison About Us&lt;/h3&gt;&lt;/div&gt;\r\n&lt;div class=&quot;des&quot;&gt;\r\n&lt;p&gt;People will go to great lengths to find just the right coffee, so we decided to make it a little easier for folks to find just the right Half &amp;amp; Half.People will go to great lengths to find just the right coffee, so we decided to make it a little easier for folks to find just the right Half &amp;amp; Half.&lt;/p&gt;\r\n&lt;a href=&quot;index.php?route=information/information&amp;amp;information_id=4&quot; class=&quot;link-more&quot;&gt;Read More&lt;/a&gt;\r\n&lt;/div&gt;\r\n&lt;div class=&quot;row&quot;&gt;\r\n&lt;div class=&quot;col col-sm-3 col-xs-12&quot;&gt;\r\n&lt;div class=&quot;image&quot;&gt;\r\n&lt;a href=&quot;index.php?route=product/category&amp;amp;path=56&quot;&gt;&lt;img src=&quot;image/catalog/cmsblock/img1-top-madisa2.jpg&quot; alt=&quot;img1&quot;&gt;&lt;/a&gt;\r\n&lt;/div&gt;\r\n&lt;/div&gt;\r\n&lt;div class=&quot;col col-sm-6 col-xs-12&quot;&gt;\r\n&lt;div class=&quot;image&quot;&gt;\r\n&lt;a href=&quot;index.php?route=product/category&amp;amp;path=20&quot;&gt;&lt;img src=&quot;image/catalog/cmsblock/img2-top-madisa2.jpg&quot; alt=&quot;img2&quot;&gt;&lt;/a&gt;\r\n&lt;/div&gt;\r\n&lt;/div&gt;\r\n&lt;div class=&quot;col col-sm-3 col-xs-12&quot;&gt;\r\n&lt;div class=&quot;image&quot;&gt;\r\n&lt;a href=&quot;index.php?route=product/category&amp;amp;path=21&quot;&gt;&lt;img src=&quot;image/catalog/cmsblock/img3-top-madisa2.jpg&quot; alt=&quot;img3&quot;&gt;&lt;/a&gt;\r\n&lt;/div&gt;\r\n&lt;/div&gt;\r\n&lt;/div&gt;\r\n&lt;/div&gt; 									 									 									'),
(763, 13, 176, 'Footer Contact           ', NULL, '										  										  										  										  										  										  										  										  										  										  &lt;div class=&quot;footer-contact&quot;&gt;\r\n&lt;div class=&quot;footer-title&quot;&gt;&lt;h5&gt;Contact Us&lt;/h5&gt;&lt;/div&gt;\r\n&lt;div class=&quot;footer-content&quot;&gt;\r\n&lt;ul class=&quot;list-unstyled text-content&quot;&gt;\r\n&lt;li class=&quot;address&quot;&gt;&lt;i class=&quot;fas fa-home&quot;&gt;&lt;/i&gt;&lt;p&gt;&lt;span&gt;Address&lt;/span&gt;169-C, Technohub, Dubai Silicon&lt;/p&gt;&lt;/li&gt;\r\n&lt;li class=&quot;email&quot;&gt;&lt;i class=&quot;fas fa-envelope&quot;&gt;&lt;/i&gt;&lt;p&gt;&lt;span&gt;Mail us&lt;/span&gt;Support@plazathemes.com&lt;/p&gt;&lt;/li&gt;\r\n&lt;li class=&quot;phone&quot;&gt;&lt;i class=&quot;fas fa-phone&quot;&gt;&lt;/i&gt;&lt;p&gt;&lt;span&gt;Phone:&lt;/span&gt;(+800) 123 456 789)&lt;/p&gt;&lt;/li&gt;\r\n&lt;/ul&gt;\r\n&lt;/div&gt; 		\r\n&lt;/div&gt;							 									 									 									 									 									 									 									 									 									 									'),
(764, 13, 188, 'Footer Open Time  ', NULL, '										  &lt;div class=&quot;footer-title&quot;&gt;&lt;h5&gt;Opening time&lt;/h5&gt;&lt;/div&gt;\r\n&lt;div class=&quot;footer-content&quot;&gt;\r\n&lt;div class=&quot;footer-time&quot;&gt;\r\n&lt;p&gt;&lt;span&gt;Monday - Friday&lt;/span&gt;&lt;span&gt;8:00 - 20:00&lt;/span&gt;&lt;/p&gt;\r\n&lt;p&gt;&lt;span&gt;Saturday&lt;/span&gt;&lt;span&gt;9:00 - 12:00&lt;/span&gt;&lt;/p&gt;\r\n&lt;p&gt;&lt;span&gt;Sunday&lt;/span&gt;&lt;span&gt;Close&lt;/span&gt;&lt;/p&gt;\r\n\r\n&lt;/div&gt;\r\n&lt;/div&gt; 	 									'),
(755, 13, 202, 'Header Text  ', NULL, '&lt;div class=&quot;header-text&quot;&gt;\r\n&lt;p&gt;MID-SEASON SALE UP TO 70% OFF. USE CODE: “SALE70”. &lt;a class=&quot;link-more&quot; href=&quot;#&quot;&gt;SHOP NOW&lt;/a&gt;&lt;/p&gt;\r\n&lt;/div&gt; 									 									'),
(757, 13, 178, 'Header Phone       ', NULL, '										  										  &lt;div class=&quot;header-phone&quot;&gt;\r\n&lt;p&gt;Order online or call us &lt;span&gt;(1800) 000 8808&lt;/span&gt;&lt;/p&gt;\r\n&lt;/div&gt;						 									 									 									 									 									 									 									'),
(787, 13, 185, 'Static Top Madisa1  ', NULL, '										  										  &lt;div class=&quot;banner-static static-top-madisa1&quot;&gt;\r\n  &lt;div class=&quot;row&quot;&gt;\r\n    &lt;div class=&quot;col col-sm-4 col-xs-12&quot;&gt;\r\n      &lt;div class=&quot;image&quot;&gt;\r\n        &lt;a href=&quot;index.php?route=product/category&amp;amp;path=20&quot;&gt;&lt;img src=&quot;image/catalog/cmsblock/img1-top-madisa1.jpg&quot; alt=&quot;img1&quot;&gt;&lt;/a&gt;\r\n        &lt;div class=&quot;text&quot;&gt;\r\n          &lt;h4&gt;10% off&lt;span&gt;Flowers&lt;/span&gt;&lt;/h4&gt;\r\n          &lt;p&gt;Flower Bouquets&lt;/p&gt;\r\n          &lt;p&gt;For any occasion&lt;/p&gt;\r\n          &lt;a class=&quot;link-more&quot; href=&quot;index.php?route=product/category&amp;amp;path=20&quot;&gt;Browse&lt;/a&gt;\r\n        &lt;/div&gt;\r\n      &lt;/div&gt;\r\n    &lt;/div&gt;\r\n    &lt;div class=&quot;col col-sm-4 col-xs-12&quot;&gt;\r\n      &lt;div class=&quot;image&quot;&gt;\r\n        &lt;a href=&quot;index.php?route=product/category&amp;amp;path=56&quot;&gt;&lt;img src=&quot;image/catalog/cmsblock/img2-top-madisa1.jpg&quot; alt=&quot;img2&quot;&gt;&lt;/a&gt;\r\n        &lt;div class=&quot;text text-top&quot;&gt;\r\n          &lt;h4&gt;Need&lt;span&gt;To Day?&lt;/span&gt;&lt;/h4&gt;\r\n          &lt;p&gt;Flower Bouquets&lt;/p&gt;\r\n          &lt;p&gt;For any occasion&lt;/p&gt;\r\n          &lt;a class=&quot;link-more&quot; href=&quot;index.php?route=product/category&amp;amp;path=56&quot;&gt;Browse&lt;/a&gt;\r\n        &lt;/div&gt;\r\n      &lt;/div&gt;\r\n    &lt;/div&gt;\r\n    &lt;div class=&quot;col col-sm-4 col-xs-12&quot;&gt;\r\n      &lt;div class=&quot;image&quot;&gt;\r\n        &lt;a href=&quot;index.php?route=product/category&amp;amp;path=21&quot;&gt;&lt;img src=&quot;image/catalog/cmsblock/img3-top-madisa1.jpg&quot; alt=&quot;img3&quot;&gt;&lt;/a&gt;\r\n        &lt;div class=&quot;text&quot;&gt;\r\n          &lt;h4&gt;Fresh&lt;span&gt;Flowers&lt;/span&gt;&lt;/h4&gt;\r\n          &lt;p&gt;Flower Bouquets&lt;/p&gt;\r\n          &lt;p&gt;For any occasion&lt;/p&gt;\r\n          &lt;a class=&quot;link-more&quot; href=&quot;index.php?route=product/category&amp;amp;path=21&quot;&gt;Browse&lt;/a&gt;\r\n        &lt;/div&gt;\r\n      &lt;/div&gt;\r\n    &lt;/div&gt;\r\n  &lt;/div&gt;\r\n&lt;/div&gt;\r\n 									 									'),
(794, 13, 219, 'Static Middle Madisa4 ', NULL, '										  &lt;div class=&quot;banner-static static-middle-madisa4&quot;&gt;\r\n&lt;div class=&quot;col col1&quot;&gt;\r\n&lt;div class=&quot;image&quot;&gt;\r\n&lt;a href=&quot;index.php?route=product/category&amp;amp;path=56&quot;&gt;&lt;img src=&quot;image/catalog/cmsblock/img1-middle-madisa4.jpg&quot; alt=&quot;img1&quot;&gt;&lt;/a&gt;\r\n&lt;div class=&quot;text&quot;&gt;\r\n&lt;h3&gt;Hanging copper pot&lt;/h3&gt;\r\n&lt;p&gt;10 Best Products&lt;/p&gt;\r\n&lt;/div&gt;\r\n&lt;/div&gt;\r\n&lt;/div&gt;\r\n&lt;div class=&quot;col col2&quot;&gt;\r\n&lt;div class=&quot;image&quot;&gt;\r\n&lt;a href=&quot;index.php?route=product/category&amp;amp;path=21&quot;&gt;&lt;img src=&quot;image/catalog/cmsblock/img2-middle-madisa4.jpg&quot; alt=&quot;img2&quot;&gt;&lt;/a&gt;\r\n&lt;div class=&quot;text&quot;&gt;\r\n&lt;h3&gt;House plant&lt;/h3&gt;\r\n&lt;p&gt;upto 50% special offer&lt;/p&gt;\r\n&lt;/div&gt;\r\n&lt;/div&gt;\r\n&lt;/div&gt;\r\n&lt;/div&gt; 									'),
(792, 13, 217, 'Static Top Madisa3  ', NULL, '										  										  &lt;div class=&quot;banner-static static-top-madisa3&quot;&gt;\r\n&lt;div class=&quot;row&quot;&gt;\r\n&lt;div class=&quot;col col-sm-4 col-xs-12&quot;&gt;\r\n&lt;div class=&quot;image&quot;&gt;\r\n&lt;a href=&quot;index.php?route=product/special&quot;&gt;&lt;img src=&quot;image/catalog/cmsblock/img1-top-madisa3.jpg&quot; alt=&quot;img1&quot;&gt;&lt;/a&gt;\r\n&lt;/div&gt;\r\n&lt;/div&gt;\r\n&lt;div class=&quot;col col-sm-5 col-xs-12&quot;&gt;\r\n&lt;div class=&quot;image&quot;&gt;\r\n&lt;a href=&quot;index.php?route=product/category&amp;amp;path=56&quot;&gt;&lt;img src=&quot;image/catalog/cmsblock/img2-top-madisa3.jpg&quot; alt=&quot;img2&quot;&gt;&lt;/a&gt;\r\n&lt;/div&gt;\r\n&lt;/div&gt;\r\n&lt;div class=&quot;col col-sm-3 col-xs-12&quot;&gt;\r\n&lt;div class=&quot;image&quot;&gt;\r\n&lt;a href=&quot;index.php?route=product/category&amp;amp;path=20&quot;&gt;&lt;img src=&quot;image/catalog/cmsblock/img3-top-madisa3.jpg&quot; alt=&quot;img3&quot;&gt;&lt;/a&gt;\r\n&lt;/div&gt;\r\n&lt;div class=&quot;image&quot;&gt;\r\n&lt;a href=&quot;index.php?route=product/category&amp;amp;path=21&quot;&gt;&lt;img src=&quot;image/catalog/cmsblock/img4-top-madisa3.jpg&quot; alt=&quot;img4&quot;&gt;&lt;/a&gt;\r\n&lt;/div&gt;\r\n&lt;/div&gt;\r\n&lt;/div&gt;\r\n&lt;/div&gt; 									 									'),
(796, 13, 220, 'Static Middle Madisa5 ', NULL, '										  &lt;div class=&quot;banner-static static-middle-madisa5&quot;&gt;\r\n&lt;h3&gt;Sale 20%&lt;/h3&gt;\r\n&lt;h4&gt;Our Products&lt;/h4&gt;\r\n&lt;a href=&quot;index.php?route=product/special&quot; class=&quot;link-more&quot;&gt;Read More&lt;/a&gt;\r\n&lt;/div&gt; 									'),
(795, 13, 221, 'Static Top Madisa5 ', NULL, '										  &lt;div class=&quot;banner-static static-top-madisa5&quot;&gt;\r\n&lt;div class=&quot;row&quot;&gt;\r\n&lt;div class=&quot;col col-sm-3 col-xs-12&quot;&gt;\r\n&lt;div class=&quot;image&quot;&gt;\r\n&lt;a href=&quot;index.php?route=product/category&amp;amp;path=20&quot;&gt;&lt;img src=&quot;image/catalog/cmsblock/img1-top-madisa2.jpg&quot; alt=&quot;img1&quot;&gt;&lt;/a&gt;\r\n&lt;/div&gt;\r\n&lt;/div&gt;\r\n&lt;div class=&quot;col col-sm-6 col-xs-12&quot;&gt;\r\n&lt;div class=&quot;image&quot;&gt;\r\n&lt;a href=&quot;index.php?route=product/category&amp;amp;path=56&quot;&gt;&lt;img src=&quot;image/catalog/cmsblock/img2-top-madisa2.jpg&quot; alt=&quot;img2&quot;&gt;&lt;/a&gt;\r\n&lt;/div&gt;\r\n&lt;/div&gt;\r\n&lt;div class=&quot;col col-sm-3 col-xs-12&quot;&gt;\r\n&lt;div class=&quot;image&quot;&gt;\r\n&lt;a href=&quot;index.php?route=product/category&amp;amp;path=21&quot;&gt;&lt;img src=&quot;image/catalog/cmsblock/img3-top-madisa2.jpg&quot; alt=&quot;img3&quot;&gt;&lt;/a&gt;\r\n&lt;/div&gt;\r\n&lt;/div&gt;\r\n&lt;/div&gt;\r\n&lt;/div&gt; 									'),
(781, 13, 205, 'Payment  ', NULL, '										  										  &lt;div class=&quot;payment&quot;&gt;\r\n&lt;a href=&quot;#&quot;&gt;&lt;img src=&quot;image/catalog/cmsblock/payment.png&quot; alt=&quot;payment&quot;&gt;&lt;/a&gt;\r\n&lt;/div&gt; 									 									'),
(797, 13, 222, 'Static1 Madisa6 ', NULL, '										  &lt;div class=&quot;banner-static static1-madisa6&quot;&gt;\r\n&lt;div class=&quot;image&quot;&gt;\r\n&lt;a href=&quot;index.php?route=product/category&amp;amp;path=56&quot;&gt;&lt;img src=&quot;image/catalog/cmsblock/img1-static1-madisa6.jpg&quot; alt=&quot;img1&quot;&gt;&lt;/a&gt;\r\n&lt;/div&gt;\r\n&lt;div class=&quot;image&quot;&gt;\r\n&lt;a href=&quot;index.php?route=product/category&amp;amp;path=21&quot;&gt;&lt;img src=&quot;image/catalog/cmsblock/img2-static1-madisa6.jpg&quot; alt=&quot;img2&quot;&gt;&lt;/a&gt;\r\n&lt;/div&gt;\r\n&lt;/div&gt; 									'),
(758, 13, 203, 'Corporate      ', NULL, '&lt;div class=&quot;ma-corporate-about&quot;&gt;\r\n&lt;div class=&quot;inner&quot;&gt;\r\n&lt;div class=&quot;col &quot;&gt;\r\n&lt;div class=&quot;box&quot;&gt;\r\n&lt;p&gt;Free shipping on orders over $200&lt;/p&gt;\r\n&lt;/div&gt;\r\n&lt;/div&gt;\r\n&lt;div class=&quot;col col2 &quot;&gt;\r\n&lt;div class=&quot;box&quot;&gt;\r\n&lt;p&gt;30 -Day returns money back&lt;/p&gt;\r\n&lt;/div&gt;\r\n&lt;/div&gt;\r\n&lt;div class=&quot;col col3 &quot;&gt;\r\n&lt;div class=&quot;box&quot;&gt;\r\n&lt;p&gt;24/7 Support&lt;/p&gt;\r\n&lt;/div&gt;\r\n&lt;/div&gt;\r\n&lt;/div&gt;\r\n&lt;/div&gt; 									 									 									 									 									 									'),
(799, 13, 224, 'Static3 Madisa6  ', NULL, '										  &lt;div class=&quot;banner-static static3-madisa6&quot;&gt;\r\n&lt;div class=&quot;image&quot;&gt;\r\n&lt;a href=&quot;index.php?route=product/category&amp;amp;path=56&quot;&gt;&lt;img src=&quot;image/catalog/cmsblock/img-static3-madisa6.jpg&quot; alt=&quot;img&quot;&gt;&lt;/a&gt;\r\n&lt;div class=&quot;text&quot;&gt;\r\n&lt;h3&gt;Need To Day?&lt;/h3&gt;\r\n&lt;p&gt;Flower Bouquets For&lt;/p&gt;\r\n&lt;p&gt;any occasion&lt;/p&gt;\r\n&lt;a href=&quot;index.php?route=product/category&amp;amp;path=56&quot; class=&quot;link-more&quot;&gt;Browse&lt;/a&gt;\r\n&lt;/div&gt;\r\n&lt;/div&gt;\r\n&lt;/div&gt; 									 									'),
(798, 13, 223, 'Static2 Madisa6  ', NULL, '										  										  &lt;div class=&quot;banner-static static2-madisa6&quot;&gt;\r\n&lt;div class=&quot;col&quot;&gt;\r\n&lt;div class=&quot;image&quot;&gt;\r\n&lt;a href=&quot;index.php?route=product/category&amp;amp;path=429&quot;&gt;&lt;img src=&quot;image/catalog/cmsblock/img1-static2-madisa6.jpg&quot; alt=&quot;img1&quot;&gt;&lt;/a&gt;\r\n&lt;div class=&quot;text&quot;&gt;\r\n&lt;p&gt;Sale up to &lt;b&gt;70%&lt;/b&gt; &lt;em&gt;off&lt;/em&gt;&lt;/p&gt;\r\n&lt;h3&gt;Plant Tools&lt;/h3&gt;\r\n&lt;/div&gt;\r\n&lt;/div&gt;\r\n&lt;/div&gt;\r\n&lt;div class=&quot;col&quot;&gt;\r\n&lt;div class=&quot;image&quot;&gt;\r\n&lt;a href=&quot;index.php?route=product/category&amp;amp;path=312&quot;&gt;&lt;img src=&quot;image/catalog/cmsblock/img2-static2-madisa6.jpg&quot; alt=&quot;img2&quot;&gt;&lt;/a&gt;\r\n&lt;div class=&quot;text&quot;&gt;\r\n&lt;p&gt;Best Seller&lt;/p&gt;\r\n&lt;h3&gt;&lt;b&gt;40%&lt;/b&gt; off&lt;/h3&gt;\r\n&lt;/div&gt;\r\n&lt;/div&gt;\r\n&lt;/div&gt; 	\r\n&lt;/div&gt;								 									'),
(803, 13, 216, 'Static Middle Madisa2   ', NULL, '										  										  										  &lt;div class=&quot;banner-static static-middle-madisa2&quot;&gt;\r\n&lt;div class=&quot;image&quot;&gt;\r\n&lt;a href=&quot;index.php?route=product/category&amp;amp;path=20&quot;&gt;&lt;img src=&quot;image/catalog/cmsblock/img-middle-madisa2.jpg&quot; alt=&quot;image&quot;&gt;&lt;/a&gt;\r\n&lt;div class=&quot;text&quot;&gt;\r\n&lt;div class=&quot;text1&quot;&gt;\r\n&lt;div class=&quot;circle&quot;&gt;&lt;span&gt;&lt;i&gt;up to&lt;/i&gt;&lt;b&gt;70%&lt;/b&gt;&lt;em&gt;off&lt;/em&gt;&lt;/span&gt;&lt;/div&gt;\r\n&lt;h3&gt;flower&lt;/h3&gt;\r\n&lt;/div&gt;\r\n&lt;span&gt;Special offer&lt;/span&gt;\r\n&lt;p&gt;People will go to great lengths to find just the right coffee, so we decided to make it a little easier for folks to find just the right Half &amp;amp; Half.&lt;/p&gt;\r\n&lt;a class=&quot;link-more&quot; href=&quot;index.php?route=product/category&amp;amp;path=20&quot;&gt;Shop Now&lt;/a&gt;\r\n&lt;/div&gt;\r\n&lt;/div&gt;\r\n&lt;/div&gt; 									 									 									'),
(804, 13, 218, 'Static Middle Madisa3  ', NULL, '										  										  										  										  										  										  										  										  										  										  										  										  &lt;div class=&quot;banner-static static-middle-madisa3&quot;&gt;\r\n\r\n&lt;div class=&quot;image&quot;&gt;\r\n&lt;a href=&quot;index.php?route=product/category&amp;amp;path=20&quot;&gt;\r\n&lt;img src=&quot;image/catalog/cmsblock/img-middle-madisa3.jpg&quot; alt=&quot;img1&quot;&gt;\r\n&lt;/a&gt;\r\n&lt;div class=&quot;container&quot;&gt;\r\n&lt;div class=&quot;container-inner&quot;&gt;\r\n&lt;div class=&quot;text&quot;&gt;\r\n&lt;h3&gt;planter&lt;/h3&gt;\r\n&lt;span&gt;Special offer&lt;/span&gt;\r\n&lt;p&gt;People will go to great lengths to find just the right coffee, so we decided to make it a little easier for folks to find just the&lt;/p&gt;\r\n&lt;a class=&quot;link-more&quot; href=&quot;index.php?route=product/category&amp;amp;path=20&quot;&gt;Shop Now&lt;/a&gt;\r\n&lt;/div&gt;\r\n&lt;/div&gt;\r\n&lt;/div&gt;\r\n&lt;/div&gt;\r\n&lt;/div&gt;\r\n				 									 									 									 									 									 									 									 									 									 									 									'),
(802, 13, 214, 'Static About us      ', NULL, '										  										  										  										  										  &lt;div class=&quot;static-about-us&quot;&gt;\r\n&lt;div class=&quot;title2&quot;&gt;\r\n&lt;h5&gt;About Us&lt;/h5&gt;\r\n&lt;/div&gt;\r\n&lt;img src=&quot;image/catalog/logo/logo.png&quot; alt=&quot;logo&quot;&gt;\r\n&lt;p&gt;Mauris interdum magna eu neque convallis, vel laoreet lectus ultrices. Mauris at ullamcorper orci. Maecenas in nulla erat.&lt;/p&gt;\r\n&lt;ul class=&quot;link-follow&quot;&gt;\r\n&lt;li&gt;&lt;a class=&quot;facebook social_facebook&quot; title=&quot;Facebook&quot; href=&quot;https://www.facebook.com/plazathemes1&quot;&gt;&lt;span&gt;facebook&lt;/span&gt;&lt;/a&gt;&lt;/li&gt;\r\n&lt;li class=&quot;first&quot;&gt;&lt;a class=&quot;twitter social_twitter&quot; title=&quot;Twitter&quot; href=&quot;https://twitter.com/plazathemes&quot;&gt;&lt;span&gt;twitter&lt;/span&gt;&lt;/a&gt;&lt;/li&gt;\r\n&lt;li&gt;&lt;a class=&quot;google social_googleplus&quot; title=&quot;Google&quot; href=&quot;#&quot;&gt;&lt;span&gt;google &lt;/span&gt;&lt;/a&gt;&lt;/li&gt;\r\n&lt;li&gt;&lt;a class=&quot;rss social_vimeo&quot; title=&quot;Vimeo&quot; href=&quot;#&quot;&gt;&lt;span&gt;Vimeo&lt;/span&gt;&lt;/a&gt;&lt;/li&gt;\r\n&lt;li&gt;&lt;a class=&quot;youtube social_youtube&quot; title=&quot;Youtube&quot; href=&quot;https://www.youtube.com/user/plazathemes&quot;&gt;&lt;span&gt;youtube &lt;/span&gt;&lt;/a&gt;&lt;/li&gt;\r\n\r\n&lt;/ul&gt;\r\n&lt;/div&gt; 									 									 									 									 									 									'),
(789, 13, 210, 'Static Bottom Madisa1  ', NULL, '										  										  										  &lt;div class=&quot;banner-static static-bottom-madisa1&quot;&gt;\r\n&lt;div class=&quot;image&quot;&gt;\r\n&lt;a href=&quot;index.php?route=product/category&amp;amp;path=20&quot;&gt;&lt;img src=&quot;image/catalog/cmsblock/img1-bottom-madisa1.jpg&quot; alt=&quot;img1&quot;&gt;&lt;/a&gt;\r\n&lt;/div&gt;\r\n&lt;div class=&quot;image&quot;&gt;\r\n&lt;a href=&quot;index.php?route=product/category&amp;amp;path=56&quot;&gt;&lt;img src=&quot;image/catalog/cmsblock/img2-bottom-madisa1.jpg&quot; alt=&quot;img2&quot;&gt;&lt;/a&gt;\r\n&lt;/div&gt;\r\n&lt;div class=&quot;image&quot;&gt;\r\n&lt;a href=&quot;index.php?route=product/category&amp;amp;path=21&quot;&gt;&lt;img src=&quot;image/catalog/cmsblock/img3-bottom-madisa1.jpg&quot; alt=&quot;img3&quot;&gt;&lt;/a&gt;\r\n&lt;/div&gt;\r\n&lt;/div&gt; 									 									 									'),
(790, 13, 215, 'Static Top Madisa2   ', NULL, '										  										  										  &lt;div class=&quot;banner-static static-top-madisa2&quot;&gt;\r\n&lt;div class=&quot;title&quot;&gt;&lt;h3&gt;Madison About Us&lt;/h3&gt;&lt;/div&gt;\r\n&lt;div class=&quot;des&quot;&gt;\r\n&lt;p&gt;People will go to great lengths to find just the right coffee, so we decided to make it a little easier for folks to find just the right Half &amp;amp; Half.People will go to great lengths to find just the right coffee, so we decided to make it a little easier for folks to find just the right Half &amp;amp; Half.&lt;/p&gt;\r\n&lt;a href=&quot;index.php?route=information/information&amp;amp;information_id=4&quot; class=&quot;link-more&quot;&gt;Read More&lt;/a&gt;\r\n&lt;/div&gt;\r\n&lt;div class=&quot;row&quot;&gt;\r\n&lt;div class=&quot;col col-sm-3 col-xs-12&quot;&gt;\r\n&lt;div class=&quot;image&quot;&gt;\r\n&lt;a href=&quot;index.php?route=product/category&amp;amp;path=56&quot;&gt;&lt;img src=&quot;image/catalog/cmsblock/img1-top-madisa2.jpg&quot; alt=&quot;img1&quot;&gt;&lt;/a&gt;\r\n&lt;/div&gt;\r\n&lt;/div&gt;\r\n&lt;div class=&quot;col col-sm-6 col-xs-12&quot;&gt;\r\n&lt;div class=&quot;image&quot;&gt;\r\n&lt;a href=&quot;index.php?route=product/category&amp;amp;path=20&quot;&gt;&lt;img src=&quot;image/catalog/cmsblock/img2-top-madisa2.jpg&quot; alt=&quot;img2&quot;&gt;&lt;/a&gt;\r\n&lt;/div&gt;\r\n&lt;/div&gt;\r\n&lt;div class=&quot;col col-sm-3 col-xs-12&quot;&gt;\r\n&lt;div class=&quot;image&quot;&gt;\r\n&lt;a href=&quot;index.php?route=product/category&amp;amp;path=21&quot;&gt;&lt;img src=&quot;image/catalog/cmsblock/img3-top-madisa2.jpg&quot; alt=&quot;img3&quot;&gt;&lt;/a&gt;\r\n&lt;/div&gt;\r\n&lt;/div&gt;\r\n&lt;/div&gt;\r\n&lt;/div&gt; 									 									 									');

-- --------------------------------------------------------

--
-- Table structure for table `oc_cmsblock_to_store`
--

CREATE TABLE IF NOT EXISTS `oc_cmsblock_to_store` (
  `cmsblock_id` int(11) DEFAULT NULL,
  `store_id` tinyint(4) DEFAULT NULL
) ENGINE=MyISAM DEFAULT CHARSET=latin1;

-- --------------------------------------------------------

--
-- Table structure for table `oc_country`
--

CREATE TABLE IF NOT EXISTS `oc_country` (
  `country_id` int(11) NOT NULL AUTO_INCREMENT,
  `name` varchar(128) NOT NULL,
  `iso_code_2` varchar(2) NOT NULL,
  `iso_code_3` varchar(3) NOT NULL,
  `address_format` text NOT NULL,
  `postcode_required` tinyint(1) NOT NULL,
  `status` tinyint(1) NOT NULL DEFAULT '1',
  PRIMARY KEY (`country_id`)
) ENGINE=MyISAM AUTO_INCREMENT=258 DEFAULT CHARSET=utf8;

--
-- Dumping data for table `oc_country`
--

INSERT INTO `oc_country` (`country_id`, `name`, `iso_code_2`, `iso_code_3`, `address_format`, `postcode_required`, `status`) VALUES
(1, 'Afghanistan', 'AF', 'AFG', '', 0, 1),
(2, 'Albania', 'AL', 'ALB', '', 0, 1),
(3, 'Algeria', 'DZ', 'DZA', '', 0, 1),
(4, 'American Samoa', 'AS', 'ASM', '', 0, 1),
(5, 'Andorra', 'AD', 'AND', '', 0, 1),
(6, 'Angola', 'AO', 'AGO', '', 0, 1),
(7, 'Anguilla', 'AI', 'AIA', '', 0, 1),
(8, 'Antarctica', 'AQ', 'ATA', '', 0, 1),
(9, 'Antigua and Barbuda', 'AG', 'ATG', '', 0, 1),
(10, 'Argentina', 'AR', 'ARG', '', 0, 1),
(11, 'Armenia', 'AM', 'ARM', '', 0, 1),
(12, 'Aruba', 'AW', 'ABW', '', 0, 1),
(13, 'Australia', 'AU', 'AUS', '', 0, 1),
(14, 'Austria', 'AT', 'AUT', '', 0, 1),
(15, 'Azerbaijan', 'AZ', 'AZE', '', 0, 1),
(16, 'Bahamas', 'BS', 'BHS', '', 0, 1),
(17, 'Bahrain', 'BH', 'BHR', '', 0, 1),
(18, 'Bangladesh', 'BD', 'BGD', '', 0, 1),
(19, 'Barbados', 'BB', 'BRB', '', 0, 1),
(20, 'Belarus', 'BY', 'BLR', '', 0, 1),
(21, 'Belgium', 'BE', 'BEL', '{firstname} {lastname}\r\n{company}\r\n{address_1}\r\n{address_2}\r\n{postcode} {city}\r\n{country}', 0, 1),
(22, 'Belize', 'BZ', 'BLZ', '', 0, 1),
(23, 'Benin', 'BJ', 'BEN', '', 0, 1),
(24, 'Bermuda', 'BM', 'BMU', '', 0, 1),
(25, 'Bhutan', 'BT', 'BTN', '', 0, 1),
(26, 'Bolivia', 'BO', 'BOL', '', 0, 1),
(27, 'Bosnia and Herzegovina', 'BA', 'BIH', '', 0, 1),
(28, 'Botswana', 'BW', 'BWA', '', 0, 1),
(29, 'Bouvet Island', 'BV', 'BVT', '', 0, 1),
(30, 'Brazil', 'BR', 'BRA', '', 0, 1),
(31, 'British Indian Ocean Territory', 'IO', 'IOT', '', 0, 1),
(32, 'Brunei Darussalam', 'BN', 'BRN', '', 0, 1),
(33, 'Bulgaria', 'BG', 'BGR', '', 0, 1),
(34, 'Burkina Faso', 'BF', 'BFA', '', 0, 1),
(35, 'Burundi', 'BI', 'BDI', '', 0, 1),
(36, 'Cambodia', 'KH', 'KHM', '', 0, 1),
(37, 'Cameroon', 'CM', 'CMR', '', 0, 1),
(38, 'Canada', 'CA', 'CAN', '', 0, 1),
(39, 'Cape Verde', 'CV', 'CPV', '', 0, 1),
(40, 'Cayman Islands', 'KY', 'CYM', '', 0, 1),
(41, 'Central African Republic', 'CF', 'CAF', '', 0, 1),
(42, 'Chad', 'TD', 'TCD', '', 0, 1),
(43, 'Chile', 'CL', 'CHL', '', 0, 1),
(44, 'China', 'CN', 'CHN', '', 0, 1),
(45, 'Christmas Island', 'CX', 'CXR', '', 0, 1),
(46, 'Cocos (Keeling) Islands', 'CC', 'CCK', '', 0, 1),
(47, 'Colombia', 'CO', 'COL', '', 0, 1),
(48, 'Comoros', 'KM', 'COM', '', 0, 1),
(49, 'Congo', 'CG', 'COG', '', 0, 1),
(50, 'Cook Islands', 'CK', 'COK', '', 0, 1),
(51, 'Costa Rica', 'CR', 'CRI', '', 0, 1),
(52, 'Cote D\'Ivoire', 'CI', 'CIV', '', 0, 1),
(53, 'Croatia', 'HR', 'HRV', '', 0, 1),
(54, 'Cuba', 'CU', 'CUB', '', 0, 1),
(55, 'Cyprus', 'CY', 'CYP', '', 0, 1),
(56, 'Czech Republic', 'CZ', 'CZE', '', 0, 1),
(57, 'Denmark', 'DK', 'DNK', '', 0, 1),
(58, 'Djibouti', 'DJ', 'DJI', '', 0, 1),
(59, 'Dominica', 'DM', 'DMA', '', 0, 1),
(60, 'Dominican Republic', 'DO', 'DOM', '', 0, 1),
(61, 'East Timor', 'TL', 'TLS', '', 0, 1),
(62, 'Ecuador', 'EC', 'ECU', '', 0, 1),
(63, 'Egypt', 'EG', 'EGY', '', 0, 1),
(64, 'El Salvador', 'SV', 'SLV', '', 0, 1),
(65, 'Equatorial Guinea', 'GQ', 'GNQ', '', 0, 1),
(66, 'Eritrea', 'ER', 'ERI', '', 0, 1),
(67, 'Estonia', 'EE', 'EST', '', 0, 1),
(68, 'Ethiopia', 'ET', 'ETH', '', 0, 1),
(69, 'Falkland Islands (Malvinas)', 'FK', 'FLK', '', 0, 1),
(70, 'Faroe Islands', 'FO', 'FRO', '', 0, 1),
(71, 'Fiji', 'FJ', 'FJI', '', 0, 1),
(72, 'Finland', 'FI', 'FIN', '', 0, 1),
(74, 'France, Metropolitan', 'FR', 'FRA', '{firstname} {lastname}\r\n{company}\r\n{address_1}\r\n{address_2}\r\n{postcode} {city}\r\n{country}', 1, 1),
(75, 'French Guiana', 'GF', 'GUF', '', 0, 1),
(76, 'French Polynesia', 'PF', 'PYF', '', 0, 1),
(77, 'French Southern Territories', 'TF', 'ATF', '', 0, 1),
(78, 'Gabon', 'GA', 'GAB', '', 0, 1),
(79, 'Gambia', 'GM', 'GMB', '', 0, 1),
(80, 'Georgia', 'GE', 'GEO', '', 0, 1),
(81, 'Germany', 'DE', 'DEU', '{company}\r\n{firstname} {lastname}\r\n{address_1}\r\n{address_2}\r\n{postcode} {city}\r\n{country}', 1, 1),
(82, 'Ghana', 'GH', 'GHA', '', 0, 1),
(83, 'Gibraltar', 'GI', 'GIB', '', 0, 1),
(84, 'Greece', 'GR', 'GRC', '', 0, 1),
(85, 'Greenland', 'GL', 'GRL', '', 0, 1),
(86, 'Grenada', 'GD', 'GRD', '', 0, 1),
(87, 'Guadeloupe', 'GP', 'GLP', '', 0, 1),
(88, 'Guam', 'GU', 'GUM', '', 0, 1),
(89, 'Guatemala', 'GT', 'GTM', '', 0, 1),
(90, 'Guinea', 'GN', 'GIN', '', 0, 1),
(91, 'Guinea-Bissau', 'GW', 'GNB', '', 0, 1),
(92, 'Guyana', 'GY', 'GUY', '', 0, 1),
(93, 'Haiti', 'HT', 'HTI', '', 0, 1),
(94, 'Heard and Mc Donald Islands', 'HM', 'HMD', '', 0, 1),
(95, 'Honduras', 'HN', 'HND', '', 0, 1),
(96, 'Hong Kong', 'HK', 'HKG', '', 0, 1),
(97, 'Hungary', 'HU', 'HUN', '', 0, 1),
(98, 'Iceland', 'IS', 'ISL', '', 0, 1),
(99, 'India', 'IN', 'IND', '', 0, 1),
(100, 'Indonesia', 'ID', 'IDN', '', 0, 1),
(101, 'Iran (Islamic Republic of)', 'IR', 'IRN', '', 0, 1),
(102, 'Iraq', 'IQ', 'IRQ', '', 0, 1),
(103, 'Ireland', 'IE', 'IRL', '', 0, 1),
(104, 'Israel', 'IL', 'ISR', '', 0, 1),
(105, 'Italy', 'IT', 'ITA', '', 0, 1),
(106, 'Jamaica', 'JM', 'JAM', '', 0, 1),
(107, 'Japan', 'JP', 'JPN', '', 0, 1),
(108, 'Jordan', 'JO', 'JOR', '', 0, 1),
(109, 'Kazakhstan', 'KZ', 'KAZ', '', 0, 1),
(110, 'Kenya', 'KE', 'KEN', '', 0, 1),
(111, 'Kiribati', 'KI', 'KIR', '', 0, 1),
(112, 'North Korea', 'KP', 'PRK', '', 0, 1),
(113, 'South Korea', 'KR', 'KOR', '', 0, 1),
(114, 'Kuwait', 'KW', 'KWT', '', 0, 1),
(115, 'Kyrgyzstan', 'KG', 'KGZ', '', 0, 1),
(116, 'Lao People\'s Democratic Republic', 'LA', 'LAO', '', 0, 1),
(117, 'Latvia', 'LV', 'LVA', '', 0, 1),
(118, 'Lebanon', 'LB', 'LBN', '', 0, 1),
(119, 'Lesotho', 'LS', 'LSO', '', 0, 1),
(120, 'Liberia', 'LR', 'LBR', '', 0, 1),
(121, 'Libyan Arab Jamahiriya', 'LY', 'LBY', '', 0, 1),
(122, 'Liechtenstein', 'LI', 'LIE', '', 0, 1),
(123, 'Lithuania', 'LT', 'LTU', '', 0, 1),
(124, 'Luxembourg', 'LU', 'LUX', '', 0, 1),
(125, 'Macau', 'MO', 'MAC', '', 0, 1),
(126, 'FYROM', 'MK', 'MKD', '', 0, 1),
(127, 'Madagascar', 'MG', 'MDG', '', 0, 1),
(128, 'Malawi', 'MW', 'MWI', '', 0, 1),
(129, 'Malaysia', 'MY', 'MYS', '', 0, 1),
(130, 'Maldives', 'MV', 'MDV', '', 0, 1),
(131, 'Mali', 'ML', 'MLI', '', 0, 1),
(132, 'Malta', 'MT', 'MLT', '', 0, 1),
(133, 'Marshall Islands', 'MH', 'MHL', '', 0, 1),
(134, 'Martinique', 'MQ', 'MTQ', '', 0, 1),
(135, 'Mauritania', 'MR', 'MRT', '', 0, 1),
(136, 'Mauritius', 'MU', 'MUS', '', 0, 1),
(137, 'Mayotte', 'YT', 'MYT', '', 0, 1),
(138, 'Mexico', 'MX', 'MEX', '', 0, 1),
(139, 'Micronesia, Federated States of', 'FM', 'FSM', '', 0, 1),
(140, 'Moldova, Republic of', 'MD', 'MDA', '', 0, 1),
(141, 'Monaco', 'MC', 'MCO', '', 0, 1),
(142, 'Mongolia', 'MN', 'MNG', '', 0, 1),
(143, 'Montserrat', 'MS', 'MSR', '', 0, 1),
(144, 'Morocco', 'MA', 'MAR', '', 0, 1),
(145, 'Mozambique', 'MZ', 'MOZ', '', 0, 1),
(146, 'Myanmar', 'MM', 'MMR', '', 0, 1),
(147, 'Namibia', 'NA', 'NAM', '', 0, 1),
(148, 'Nauru', 'NR', 'NRU', '', 0, 1),
(149, 'Nepal', 'NP', 'NPL', '', 0, 1),
(150, 'Netherlands', 'NL', 'NLD', '', 0, 1),
(151, 'Netherlands Antilles', 'AN', 'ANT', '', 0, 1),
(152, 'New Caledonia', 'NC', 'NCL', '', 0, 1),
(153, 'New Zealand', 'NZ', 'NZL', '', 0, 1),
(154, 'Nicaragua', 'NI', 'NIC', '', 0, 1),
(155, 'Niger', 'NE', 'NER', '', 0, 1),
(156, 'Nigeria', 'NG', 'NGA', '', 0, 1),
(157, 'Niue', 'NU', 'NIU', '', 0, 1),
(158, 'Norfolk Island', 'NF', 'NFK', '', 0, 1),
(159, 'Northern Mariana Islands', 'MP', 'MNP', '', 0, 1),
(160, 'Norway', 'NO', 'NOR', '', 0, 1),
(161, 'Oman', 'OM', 'OMN', '', 0, 1),
(162, 'Pakistan', 'PK', 'PAK', '', 0, 1),
(163, 'Palau', 'PW', 'PLW', '', 0, 1),
(164, 'Panama', 'PA', 'PAN', '', 0, 1),
(165, 'Papua New Guinea', 'PG', 'PNG', '', 0, 1),
(166, 'Paraguay', 'PY', 'PRY', '', 0, 1),
(167, 'Peru', 'PE', 'PER', '', 0, 1),
(168, 'Philippines', 'PH', 'PHL', '', 0, 1),
(169, 'Pitcairn', 'PN', 'PCN', '', 0, 1),
(170, 'Poland', 'PL', 'POL', '', 0, 1),
(171, 'Portugal', 'PT', 'PRT', '', 0, 1),
(172, 'Puerto Rico', 'PR', 'PRI', '', 0, 1),
(173, 'Qatar', 'QA', 'QAT', '', 0, 1),
(174, 'Reunion', 'RE', 'REU', '', 0, 1),
(175, 'Romania', 'RO', 'ROM', '', 0, 1),
(176, 'Russian Federation', 'RU', 'RUS', '', 0, 1),
(177, 'Rwanda', 'RW', 'RWA', '', 0, 1),
(178, 'Saint Kitts and Nevis', 'KN', 'KNA', '', 0, 1),
(179, 'Saint Lucia', 'LC', 'LCA', '', 0, 1),
(180, 'Saint Vincent and the Grenadines', 'VC', 'VCT', '', 0, 1),
(181, 'Samoa', 'WS', 'WSM', '', 0, 1),
(182, 'San Marino', 'SM', 'SMR', '', 0, 1),
(183, 'Sao Tome and Principe', 'ST', 'STP', '', 0, 1),
(184, 'Saudi Arabia', 'SA', 'SAU', '', 0, 1),
(185, 'Senegal', 'SN', 'SEN', '', 0, 1),
(186, 'Seychelles', 'SC', 'SYC', '', 0, 1),
(187, 'Sierra Leone', 'SL', 'SLE', '', 0, 1),
(188, 'Singapore', 'SG', 'SGP', '', 0, 1),
(189, 'Slovak Republic', 'SK', 'SVK', '{firstname} {lastname}\r\n{company}\r\n{address_1}\r\n{address_2}\r\n{city} {postcode}\r\n{zone}\r\n{country}', 0, 1),
(190, 'Slovenia', 'SI', 'SVN', '', 0, 1),
(191, 'Solomon Islands', 'SB', 'SLB', '', 0, 1),
(192, 'Somalia', 'SO', 'SOM', '', 0, 1),
(193, 'South Africa', 'ZA', 'ZAF', '', 0, 1),
(194, 'South Georgia &amp; South Sandwich Islands', 'GS', 'SGS', '', 0, 1),
(195, 'Spain', 'ES', 'ESP', '', 0, 1),
(196, 'Sri Lanka', 'LK', 'LKA', '', 0, 1),
(197, 'St. Helena', 'SH', 'SHN', '', 0, 1),
(198, 'St. Pierre and Miquelon', 'PM', 'SPM', '', 0, 1),
(199, 'Sudan', 'SD', 'SDN', '', 0, 1),
(200, 'Suriname', 'SR', 'SUR', '', 0, 1),
(201, 'Svalbard and Jan Mayen Islands', 'SJ', 'SJM', '', 0, 1),
(202, 'Swaziland', 'SZ', 'SWZ', '', 0, 1),
(203, 'Sweden', 'SE', 'SWE', '{company}\r\n{firstname} {lastname}\r\n{address_1}\r\n{address_2}\r\n{postcode} {city}\r\n{country}', 1, 1),
(204, 'Switzerland', 'CH', 'CHE', '', 0, 1),
(205, 'Syrian Arab Republic', 'SY', 'SYR', '', 0, 1),
(206, 'Taiwan', 'TW', 'TWN', '', 0, 1),
(207, 'Tajikistan', 'TJ', 'TJK', '', 0, 1),
(208, 'Tanzania, United Republic of', 'TZ', 'TZA', '', 0, 1),
(209, 'Thailand', 'TH', 'THA', '', 0, 1),
(210, 'Togo', 'TG', 'TGO', '', 0, 1),
(211, 'Tokelau', 'TK', 'TKL', '', 0, 1),
(212, 'Tonga', 'TO', 'TON', '', 0, 1),
(213, 'Trinidad and Tobago', 'TT', 'TTO', '', 0, 1),
(214, 'Tunisia', 'TN', 'TUN', '', 0, 1),
(215, 'Turkey', 'TR', 'TUR', '', 0, 1),
(216, 'Turkmenistan', 'TM', 'TKM', '', 0, 1),
(217, 'Turks and Caicos Islands', 'TC', 'TCA', '', 0, 1),
(218, 'Tuvalu', 'TV', 'TUV', '', 0, 1),
(219, 'Uganda', 'UG', 'UGA', '', 0, 1),
(220, 'Ukraine', 'UA', 'UKR', '', 0, 1),
(221, 'United Arab Emirates', 'AE', 'ARE', '', 0, 1),
(222, 'United Kingdom', 'GB', 'GBR', '', 1, 1),
(223, 'United States', 'US', 'USA', '{firstname} {lastname}\r\n{company}\r\n{address_1}\r\n{address_2}\r\n{city}, {zone} {postcode}\r\n{country}', 0, 1),
(224, 'United States Minor Outlying Islands', 'UM', 'UMI', '', 0, 1),
(225, 'Uruguay', 'UY', 'URY', '', 0, 1),
(226, 'Uzbekistan', 'UZ', 'UZB', '', 0, 1),
(227, 'Vanuatu', 'VU', 'VUT', '', 0, 1),
(228, 'Vatican City State (Holy See)', 'VA', 'VAT', '', 0, 1),
(229, 'Venezuela', 'VE', 'VEN', '', 0, 1),
(230, 'Viet Nam', 'VN', 'VNM', '', 0, 1),
(231, 'Virgin Islands (British)', 'VG', 'VGB', '', 0, 1),
(232, 'Virgin Islands (U.S.)', 'VI', 'VIR', '', 0, 1),
(233, 'Wallis and Futuna Islands', 'WF', 'WLF', '', 0, 1),
(234, 'Western Sahara', 'EH', 'ESH', '', 0, 1),
(235, 'Yemen', 'YE', 'YEM', '', 0, 1),
(237, 'Democratic Republic of Congo', 'CD', 'COD', '', 0, 1),
(238, 'Zambia', 'ZM', 'ZMB', '', 0, 1),
(239, 'Zimbabwe', 'ZW', 'ZWE', '', 0, 1),
(242, 'Montenegro', 'ME', 'MNE', '', 0, 1),
(243, 'Serbia', 'RS', 'SRB', '', 0, 1),
(244, 'Aaland Islands', 'AX', 'ALA', '', 0, 1),
(245, 'Bonaire, Sint Eustatius and Saba', 'BQ', 'BES', '', 0, 1),
(246, 'Curacao', 'CW', 'CUW', '', 0, 1),
(247, 'Palestinian Territory, Occupied', 'PS', 'PSE', '', 0, 1),
(248, 'South Sudan', 'SS', 'SSD', '', 0, 1),
(249, 'St. Barthelemy', 'BL', 'BLM', '', 0, 1),
(250, 'St. Martin (French part)', 'MF', 'MAF', '', 0, 1),
(251, 'Canary Islands', 'IC', 'ICA', '', 0, 1),
(252, 'Ascension Island (British)', 'AC', 'ASC', '', 0, 1),
(253, 'Kosovo, Republic of', 'XK', 'UNK', '', 0, 1),
(254, 'Isle of Man', 'IM', 'IMN', '', 0, 1),
(255, 'Tristan da Cunha', 'TA', 'SHN', '', 0, 1),
(256, 'Guernsey', 'GG', 'GGY', '', 0, 1),
(257, 'Jersey', 'JE', 'JEY', '', 0, 1);

-- --------------------------------------------------------

--
-- Table structure for table `oc_coupon`
--

CREATE TABLE IF NOT EXISTS `oc_coupon` (
  `coupon_id` int(11) NOT NULL AUTO_INCREMENT,
  `name` varchar(128) NOT NULL,
  `code` varchar(20) NOT NULL,
  `type` char(1) NOT NULL,
  `discount` decimal(15,4) NOT NULL,
  `logged` tinyint(1) NOT NULL,
  `shipping` tinyint(1) NOT NULL,
  `total` decimal(15,4) NOT NULL,
  `date_start` date NOT NULL DEFAULT '0000-00-00',
  `date_end` date NOT NULL DEFAULT '0000-00-00',
  `uses_total` int(11) NOT NULL,
  `uses_customer` varchar(11) NOT NULL,
  `status` tinyint(1) NOT NULL,
  `date_added` datetime NOT NULL,
  PRIMARY KEY (`coupon_id`)
) ENGINE=MyISAM AUTO_INCREMENT=7 DEFAULT CHARSET=utf8;

--
-- Dumping data for table `oc_coupon`
--

INSERT INTO `oc_coupon` (`coupon_id`, `name`, `code`, `type`, `discount`, `logged`, `shipping`, `total`, `date_start`, `date_end`, `uses_total`, `uses_customer`, `status`, `date_added`) VALUES
(4, '-20% Discount', 'SNEAKER002', 'P', '20.0000', 0, 0, '0.0000', '2014-01-01', '2020-01-01', 10, '10', 0, '2009-01-27 13:55:03'),
(5, 'Free Shipping', '3333', 'P', '0.0000', 0, 1, '100.0000', '2014-01-01', '2014-02-01', 10, '10', 0, '2009-03-14 21:13:53'),
(6, '-10.00 Discount', '1111', 'F', '10.0000', 0, 0, '10.0000', '2014-01-01', '2020-01-01', 100000, '10000', 0, '2009-03-14 21:15:18');

-- --------------------------------------------------------

--
-- Table structure for table `oc_coupon_category`
--

CREATE TABLE IF NOT EXISTS `oc_coupon_category` (
  `coupon_id` int(11) NOT NULL,
  `category_id` int(11) NOT NULL,
  PRIMARY KEY (`coupon_id`,`category_id`)
) ENGINE=MyISAM DEFAULT CHARSET=utf8;

-- --------------------------------------------------------

--
-- Table structure for table `oc_coupon_history`
--

CREATE TABLE IF NOT EXISTS `oc_coupon_history` (
  `coupon_history_id` int(11) NOT NULL AUTO_INCREMENT,
  `coupon_id` int(11) NOT NULL,
  `order_id` int(11) NOT NULL,
  `customer_id` int(11) NOT NULL,
  `amount` decimal(15,4) NOT NULL,
  `date_added` datetime NOT NULL,
  PRIMARY KEY (`coupon_history_id`)
) ENGINE=MyISAM DEFAULT CHARSET=utf8;

-- --------------------------------------------------------

--
-- Table structure for table `oc_coupon_product`
--

CREATE TABLE IF NOT EXISTS `oc_coupon_product` (
  `coupon_product_id` int(11) NOT NULL AUTO_INCREMENT,
  `coupon_id` int(11) NOT NULL,
  `product_id` int(11) NOT NULL,
  PRIMARY KEY (`coupon_product_id`)
) ENGINE=MyISAM DEFAULT CHARSET=utf8;

-- --------------------------------------------------------

--
-- Table structure for table `oc_currency`
--

CREATE TABLE IF NOT EXISTS `oc_currency` (
  `currency_id` int(11) NOT NULL AUTO_INCREMENT,
  `title` varchar(32) NOT NULL,
  `code` varchar(3) NOT NULL,
  `symbol_left` varchar(12) NOT NULL,
  `symbol_right` varchar(12) NOT NULL,
  `decimal_place` char(1) NOT NULL,
  `value` double(15,8) NOT NULL,
  `status` tinyint(1) NOT NULL,
  `date_modified` datetime NOT NULL,
  PRIMARY KEY (`currency_id`)
) ENGINE=MyISAM AUTO_INCREMENT=4 DEFAULT CHARSET=utf8;

--
-- Dumping data for table `oc_currency`
--

INSERT INTO `oc_currency` (`currency_id`, `title`, `code`, `symbol_left`, `symbol_right`, `decimal_place`, `value`, `status`, `date_modified`) VALUES
(1, 'Pound Sterling', 'GBP', '£', '', '2', 0.75295535, 1, '2017-11-01 06:40:59'),
(2, 'US Dollar', 'USD', '$', '', '2', 1.00000000, 1, '2018-11-27 06:02:21'),
(3, 'Euro', 'EUR', '€', '', '2', 0.85888517, 1, '2017-11-01 06:40:59');

-- --------------------------------------------------------

--
-- Table structure for table `oc_customer_affiliate`
--

CREATE TABLE IF NOT EXISTS `oc_customer_affiliate` (
  `customer_id` int(11) NOT NULL,
  `company` varchar(40) NOT NULL,
  `website` varchar(255) NOT NULL,
  `tracking` varchar(64) NOT NULL,
  `commission` decimal(4,2) NOT NULL DEFAULT '0.00',
  `tax` varchar(64) NOT NULL,
  `payment` varchar(6) NOT NULL,
  `cheque` varchar(100) NOT NULL,
  `paypal` varchar(64) NOT NULL,
  `bank_name` varchar(64) NOT NULL,
  `bank_branch_number` varchar(64) NOT NULL,
  `bank_swift_code` varchar(64) NOT NULL,
  `bank_account_name` varchar(64) NOT NULL,
  `bank_account_number` varchar(64) NOT NULL,
  `custom_field` text NOT NULL,
  `status` tinyint(1) NOT NULL,
  `date_added` datetime NOT NULL,
  PRIMARY KEY (`customer_id`)
) ENGINE=MyISAM DEFAULT CHARSET=utf8;

-- --------------------------------------------------------

--
-- Table structure for table `oc_customer_approval`
--

CREATE TABLE IF NOT EXISTS `oc_customer_approval` (
  `customer_approval_id` int(11) NOT NULL AUTO_INCREMENT,
  `customer_id` int(11) NOT NULL,
  `type` varchar(9) NOT NULL,
  `date_added` datetime NOT NULL,
  PRIMARY KEY (`customer_approval_id`)
) ENGINE=MyISAM DEFAULT CHARSET=utf8;

-- --------------------------------------------------------

--
-- Table structure for table `oc_customer_group`
--

CREATE TABLE IF NOT EXISTS `oc_customer_group` (
  `customer_group_id` int(11) NOT NULL AUTO_INCREMENT,
  `approval` int(1) NOT NULL,
  `sort_order` int(3) NOT NULL,
  PRIMARY KEY (`customer_group_id`)
) ENGINE=MyISAM AUTO_INCREMENT=2 DEFAULT CHARSET=utf8;

--
-- Dumping data for table `oc_customer_group`
--

INSERT INTO `oc_customer_group` (`customer_group_id`, `approval`, `sort_order`) VALUES
(1, 0, 1);

-- --------------------------------------------------------

--
-- Table structure for table `oc_customer_group_description`
--

CREATE TABLE IF NOT EXISTS `oc_customer_group_description` (
  `customer_group_id` int(11) NOT NULL,
  `language_id` int(11) NOT NULL,
  `name` varchar(32) NOT NULL,
  `description` text NOT NULL,
  PRIMARY KEY (`customer_group_id`,`language_id`)
) ENGINE=MyISAM DEFAULT CHARSET=utf8;

--
-- Dumping data for table `oc_customer_group_description`
--

INSERT INTO `oc_customer_group_description` (`customer_group_id`, `language_id`, `name`, `description`) VALUES
(1, 1, 'Default', 'test'),
(1, 13, 'Default', 'test');

-- --------------------------------------------------------

--
-- Table structure for table `oc_customer_history`
--

CREATE TABLE IF NOT EXISTS `oc_customer_history` (
  `customer_history_id` int(11) NOT NULL AUTO_INCREMENT,
  `customer_id` int(11) NOT NULL,
  `comment` text NOT NULL,
  `date_added` datetime NOT NULL,
  PRIMARY KEY (`customer_history_id`)
) ENGINE=MyISAM DEFAULT CHARSET=utf8;

-- --------------------------------------------------------

--
-- Table structure for table `oc_customer_ip`
--

CREATE TABLE IF NOT EXISTS `oc_customer_ip` (
  `customer_ip_id` int(11) NOT NULL AUTO_INCREMENT,
  `customer_id` int(11) NOT NULL,
  `ip` varchar(40) NOT NULL,
  `date_added` datetime NOT NULL,
  PRIMARY KEY (`customer_ip_id`),
  KEY `ip` (`ip`)
) ENGINE=MyISAM AUTO_INCREMENT=2 DEFAULT CHARSET=utf8;

--
-- Dumping data for table `oc_customer_ip`
--

INSERT INTO `oc_customer_ip` (`customer_ip_id`, `customer_id`, `ip`, `date_added`) VALUES
(1, 1, '127.0.0.1', '2017-09-04 20:30:11');

-- --------------------------------------------------------

--
-- Table structure for table `oc_customer_login`
--

CREATE TABLE IF NOT EXISTS `oc_customer_login` (
  `customer_login_id` int(11) NOT NULL AUTO_INCREMENT,
  `email` varchar(96) NOT NULL,
  `ip` varchar(40) NOT NULL,
  `total` int(4) NOT NULL,
  `date_added` datetime NOT NULL,
  `date_modified` datetime NOT NULL,
  PRIMARY KEY (`customer_login_id`),
  KEY `email` (`email`),
  KEY `ip` (`ip`)
) ENGINE=MyISAM AUTO_INCREMENT=2 DEFAULT CHARSET=utf8;

--
-- Dumping data for table `oc_customer_login`
--

INSERT INTO `oc_customer_login` (`customer_login_id`, `email`, `ip`, `total`, `date_added`, `date_modified`) VALUES
(1, '', '127.0.0.1', 3, '2018-01-10 04:04:57', '2018-10-22 07:14:34');

-- --------------------------------------------------------

--
-- Table structure for table `oc_customer_online`
--

CREATE TABLE IF NOT EXISTS `oc_customer_online` (
  `ip` varchar(40) NOT NULL,
  `customer_id` int(11) NOT NULL,
  `url` text NOT NULL,
  `referer` text NOT NULL,
  `date_added` datetime NOT NULL,
  PRIMARY KEY (`ip`)
) ENGINE=MyISAM DEFAULT CHARSET=utf8;

-- --------------------------------------------------------

--
-- Table structure for table `oc_customer_reward`
--

CREATE TABLE IF NOT EXISTS `oc_customer_reward` (
  `customer_reward_id` int(11) NOT NULL AUTO_INCREMENT,
  `customer_id` int(11) NOT NULL DEFAULT '0',
  `order_id` int(11) NOT NULL DEFAULT '0',
  `description` text NOT NULL,
  `points` int(8) NOT NULL DEFAULT '0',
  `date_added` datetime NOT NULL,
  PRIMARY KEY (`customer_reward_id`)
) ENGINE=MyISAM AUTO_INCREMENT=2 DEFAULT CHARSET=utf8;

--
-- Dumping data for table `oc_customer_reward`
--

INSERT INTO `oc_customer_reward` (`customer_reward_id`, `customer_id`, `order_id`, `description`, `points`, `date_added`) VALUES
(1, 1, 1, 'Order ID: #1', 2600, '2017-09-16 09:52:34');

-- --------------------------------------------------------

--
-- Table structure for table `oc_customer_search`
--

CREATE TABLE IF NOT EXISTS `oc_customer_search` (
  `customer_search_id` int(11) NOT NULL AUTO_INCREMENT,
  `store_id` int(11) NOT NULL,
  `language_id` int(11) NOT NULL,
  `customer_id` int(11) NOT NULL,
  `keyword` varchar(255) NOT NULL,
  `category_id` int(11) DEFAULT NULL,
  `sub_category` tinyint(1) NOT NULL,
  `description` tinyint(1) NOT NULL,
  `products` int(11) NOT NULL,
  `ip` varchar(40) NOT NULL,
  `date_added` datetime NOT NULL,
  PRIMARY KEY (`customer_search_id`)
) ENGINE=MyISAM DEFAULT CHARSET=utf8;

-- --------------------------------------------------------

--
-- Table structure for table `oc_customer_transaction`
--

CREATE TABLE IF NOT EXISTS `oc_customer_transaction` (
  `customer_transaction_id` int(11) NOT NULL AUTO_INCREMENT,
  `customer_id` int(11) NOT NULL,
  `order_id` int(11) NOT NULL,
  `description` text NOT NULL,
  `amount` decimal(15,4) NOT NULL,
  `date_added` datetime NOT NULL,
  PRIMARY KEY (`customer_transaction_id`)
) ENGINE=MyISAM DEFAULT CHARSET=utf8;

-- --------------------------------------------------------

--
-- Table structure for table `oc_customer_wishlist`
--

CREATE TABLE IF NOT EXISTS `oc_customer_wishlist` (
  `customer_id` int(11) NOT NULL,
  `product_id` int(11) NOT NULL,
  `date_added` datetime NOT NULL,
  PRIMARY KEY (`customer_id`,`product_id`)
) ENGINE=MyISAM DEFAULT CHARSET=utf8;

--
-- Dumping data for table `oc_customer_wishlist`
--

INSERT INTO `oc_customer_wishlist` (`customer_id`, `product_id`, `date_added`) VALUES
(1, 55, '2018-03-26 09:12:51'),
(1, 51, '2018-03-26 09:12:46'),
(1, 58, '2018-03-26 09:13:00'),
(1, 65, '2018-05-10 10:10:37'),
(1, 60, '2018-05-10 10:11:08');

-- --------------------------------------------------------

--
-- Table structure for table `oc_custom_field`
--

CREATE TABLE IF NOT EXISTS `oc_custom_field` (
  `custom_field_id` int(11) NOT NULL AUTO_INCREMENT,
  `type` varchar(32) NOT NULL,
  `value` text NOT NULL,
  `validation` varchar(255) NOT NULL,
  `location` varchar(10) NOT NULL,
  `status` tinyint(1) NOT NULL,
  `sort_order` int(3) NOT NULL,
  PRIMARY KEY (`custom_field_id`)
) ENGINE=MyISAM DEFAULT CHARSET=utf8;

-- --------------------------------------------------------

--
-- Table structure for table `oc_custom_field_customer_group`
--

CREATE TABLE IF NOT EXISTS `oc_custom_field_customer_group` (
  `custom_field_id` int(11) NOT NULL,
  `customer_group_id` int(11) NOT NULL,
  `required` tinyint(1) NOT NULL,
  PRIMARY KEY (`custom_field_id`,`customer_group_id`)
) ENGINE=MyISAM DEFAULT CHARSET=utf8;

-- --------------------------------------------------------

--
-- Table structure for table `oc_custom_field_description`
--

CREATE TABLE IF NOT EXISTS `oc_custom_field_description` (
  `custom_field_id` int(11) NOT NULL,
  `language_id` int(11) NOT NULL,
  `name` varchar(128) NOT NULL,
  PRIMARY KEY (`custom_field_id`,`language_id`)
) ENGINE=MyISAM DEFAULT CHARSET=utf8;

-- --------------------------------------------------------

--
-- Table structure for table `oc_custom_field_value`
--

CREATE TABLE IF NOT EXISTS `oc_custom_field_value` (
  `custom_field_value_id` int(11) NOT NULL AUTO_INCREMENT,
  `custom_field_id` int(11) NOT NULL,
  `sort_order` int(3) NOT NULL,
  PRIMARY KEY (`custom_field_value_id`)
) ENGINE=MyISAM DEFAULT CHARSET=utf8;

-- --------------------------------------------------------

--
-- Table structure for table `oc_custom_field_value_description`
--

CREATE TABLE IF NOT EXISTS `oc_custom_field_value_description` (
  `custom_field_value_id` int(11) NOT NULL,
  `language_id` int(11) NOT NULL,
  `custom_field_id` int(11) NOT NULL,
  `name` varchar(128) NOT NULL,
  PRIMARY KEY (`custom_field_value_id`,`language_id`)
) ENGINE=MyISAM DEFAULT CHARSET=utf8;

-- --------------------------------------------------------

--
-- Table structure for table `oc_download`
--

CREATE TABLE IF NOT EXISTS `oc_download` (
  `download_id` int(11) NOT NULL AUTO_INCREMENT,
  `filename` varchar(160) NOT NULL,
  `mask` varchar(128) NOT NULL,
  `date_added` datetime NOT NULL,
  PRIMARY KEY (`download_id`)
) ENGINE=MyISAM DEFAULT CHARSET=utf8;

-- --------------------------------------------------------

--
-- Table structure for table `oc_download_description`
--

CREATE TABLE IF NOT EXISTS `oc_download_description` (
  `download_id` int(11) NOT NULL,
  `language_id` int(11) NOT NULL,
  `name` varchar(64) NOT NULL,
  PRIMARY KEY (`download_id`,`language_id`)
) ENGINE=MyISAM DEFAULT CHARSET=utf8;

-- --------------------------------------------------------

--
-- Table structure for table `oc_event`
--

CREATE TABLE IF NOT EXISTS `oc_event` (
  `event_id` int(11) NOT NULL AUTO_INCREMENT,
  `code` varchar(64) NOT NULL,
  `trigger` text NOT NULL,
  `action` text NOT NULL,
  `status` tinyint(1) NOT NULL,
  `sort_order` int(3) NOT NULL,
  PRIMARY KEY (`event_id`)
) ENGINE=MyISAM AUTO_INCREMENT=34 DEFAULT CHARSET=utf8;

--
-- Dumping data for table `oc_event`
--

INSERT INTO `oc_event` (`event_id`, `code`, `trigger`, `action`, `status`, `sort_order`) VALUES
(1, 'activity_customer_add', 'catalog/model/account/customer/addCustomer/after', 'event/activity/addCustomer', 1, 0),
(2, 'activity_customer_edit', 'catalog/model/account/customer/editCustomer/after', 'event/activity/editCustomer', 1, 0),
(3, 'activity_customer_password', 'catalog/model/account/customer/editPassword/after', 'event/activity/editPassword', 1, 0),
(4, 'activity_customer_forgotten', 'catalog/model/account/customer/editCode/after', 'event/activity/forgotten', 1, 0),
(5, 'activity_transaction', 'catalog/model/account/customer/addTransaction/after', 'event/activity/addTransaction', 1, 0),
(6, 'activity_customer_login', 'catalog/model/account/customer/deleteLoginAttempts/after', 'event/activity/login', 1, 0),
(7, 'activity_address_add', 'catalog/model/account/address/addAddress/after', 'event/activity/addAddress', 1, 0),
(8, 'activity_address_edit', 'catalog/model/account/address/editAddress/after', 'event/activity/editAddress', 1, 0),
(9, 'activity_address_delete', 'catalog/model/account/address/deleteAddress/after', 'event/activity/deleteAddress', 1, 0),
(10, 'activity_affiliate_add', 'catalog/model/account/customer/addAffiliate/after', 'event/activity/addAffiliate', 1, 0),
(11, 'activity_affiliate_edit', 'catalog/model/account/customer/editAffiliate/after', 'event/activity/editAffiliate', 1, 0),
(12, 'activity_order_add', 'catalog/model/checkout/order/addOrderHistory/before', 'event/activity/addOrderHistory', 1, 0),
(13, 'activity_return_add', 'catalog/model/account/return/addReturn/after', 'event/activity/addReturn', 1, 0),
(14, 'mail_transaction', 'catalog/model/account/customer/addTransaction/after', 'mail/transaction', 1, 0),
(15, 'mail_forgotten', 'catalog/model/account/customer/editCode/after', 'mail/forgotten', 1, 0),
(16, 'mail_customer_add', 'catalog/model/account/customer/addCustomer/after', 'mail/register', 1, 0),
(17, 'mail_customer_alert', 'catalog/model/account/customer/addCustomer/after', 'mail/register/alert', 1, 0),
(18, 'mail_affiliate_add', 'catalog/model/account/customer/addAffiliate/after', 'mail/affiliate', 1, 0),
(19, 'mail_affiliate_alert', 'catalog/model/account/customer/addAffiliate/after', 'mail/affiliate/alert', 1, 0),
(20, 'mail_voucher', 'catalog/model/checkout/order/addOrderHistory/after', 'extension/total/voucher/send', 1, 0),
(21, 'mail_order_add', 'catalog/model/checkout/order/addOrderHistory/before', 'mail/order', 1, 0),
(22, 'mail_order_alert', 'catalog/model/checkout/order/addOrderHistory/before', 'mail/order/alert', 1, 0),
(23, 'statistics_review_add', 'catalog/model/catalog/review/addReview/after', 'event/statistics/addReview', 1, 0),
(24, 'statistics_return_add', 'catalog/model/account/return/addReturn/after', 'event/statistics/addReturn', 1, 0),
(25, 'statistics_order_history', 'catalog/model/checkout/order/addOrderHistory/after', 'event/statistics/addOrderHistory', 1, 0),
(26, 'admin_mail_affiliate_approve', 'admin/model/customer/customer_approval/approveAffiliate/after', 'mail/affiliate/approve', 1, 0),
(27, 'admin_mail_affiliate_deny', 'admin/model/customer/customer_approval/denyAffiliate/after', 'mail/affiliate/deny', 1, 0),
(28, 'admin_mail_customer_approve', 'admin/model/customer/customer_approval/approveCustomer/after', 'mail/customer/approve', 1, 0),
(29, 'admin_mail_customer_deny', 'admin/model/customer/customer_approval/denyCustomer/after', 'mail/customer/deny', 1, 0),
(30, 'admin_mail_reward', 'admin/model/customer/customer/addReward/after', 'mail/reward', 1, 0),
(31, 'admin_mail_transaction', 'admin/model/customer/customer/addTransaction/after', 'mail/transaction', 1, 0),
(32, 'admin_mail_return', 'admin/model/sale/return/addReturn/after', 'mail/return', 1, 0),
(33, 'admin_mail_forgotten', 'admin/model/user/user/editCode/after', 'mail/forgotten', 1, 0);

-- --------------------------------------------------------

--
-- Table structure for table `oc_extension`
--

CREATE TABLE IF NOT EXISTS `oc_extension` (
  `extension_id` int(11) NOT NULL AUTO_INCREMENT,
  `type` varchar(32) NOT NULL,
  `code` varchar(32) NOT NULL,
  PRIMARY KEY (`extension_id`)
) ENGINE=MyISAM AUTO_INCREMENT=85 DEFAULT CHARSET=utf8;

--
-- Dumping data for table `oc_extension`
--

INSERT INTO `oc_extension` (`extension_id`, `type`, `code`) VALUES
(1, 'payment', 'cod'),
(2, 'total', 'shipping'),
(3, 'total', 'sub_total'),
(4, 'total', 'tax'),
(5, 'total', 'total'),
(8, 'total', 'credit'),
(9, 'shipping', 'flat'),
(10, 'total', 'handling'),
(11, 'total', 'low_order_fee'),
(12, 'total', 'coupon'),
(15, 'total', 'reward'),
(16, 'total', 'voucher'),
(17, 'payment', 'free_checkout'),
(20, 'theme', 'default'),
(21, 'dashboard', 'activity'),
(22, 'dashboard', 'sale'),
(23, 'dashboard', 'recent'),
(24, 'dashboard', 'order'),
(25, 'dashboard', 'online'),
(26, 'dashboard', 'map'),
(27, 'dashboard', 'customer'),
(28, 'dashboard', 'chart'),
(29, 'report', 'sale_coupon'),
(31, 'report', 'customer_search'),
(32, 'report', 'customer_transaction'),
(33, 'report', 'product_purchased'),
(34, 'report', 'product_viewed'),
(35, 'report', 'sale_return'),
(36, 'report', 'sale_order'),
(37, 'report', 'sale_shipping'),
(38, 'report', 'sale_tax'),
(39, 'report', 'customer_activity'),
(40, 'report', 'customer_order'),
(41, 'report', 'customer_reward'),
(42, 'module', 'oc_page_builder'),
(43, 'module', 'ocajaxlogin'),
(45, 'module', 'occmsblock'),
(47, 'module', 'newslettersubscribe'),
(48, 'module', 'ocslideshow'),
(69, 'module', 'octhemeoption'),
(51, 'module', 'ocproduct'),
(52, 'module', 'octabproducts'),
(64, 'module', 'category'),
(62, 'module', 'ocblog'),
(68, 'module', 'ocmegamenu'),
(74, 'module', 'html'),
(81, 'module', 'octwitter'),
(84, 'module', 'octestimonial');

-- --------------------------------------------------------

--
-- Table structure for table `oc_extension_install`
--

CREATE TABLE IF NOT EXISTS `oc_extension_install` (
  `extension_install_id` int(11) NOT NULL AUTO_INCREMENT,
  `extension_download_id` int(11) NOT NULL,
  `filename` varchar(255) NOT NULL,
  `date_added` datetime NOT NULL,
  PRIMARY KEY (`extension_install_id`)
) ENGINE=MyISAM AUTO_INCREMENT=40 DEFAULT CHARSET=utf8;

--
-- Dumping data for table `oc_extension_install`
--

INSERT INTO `oc_extension_install` (`extension_install_id`, `extension_download_id`, `filename`, `date_added`) VALUES
(1, 0, 'octhemeoption.ocmod.zip', '2017-08-09 09:37:18'),
(2, 0, 'customizetemplate.ocmod.zip', '2017-08-10 09:08:15'),
(3, 0, 'customizetemplate.ocmod.zip', '2017-08-10 17:17:46'),
(4, 0, 'customizetemplate.ocmod.zip', '2017-08-10 17:19:27'),
(5, 0, 'oclayerednavigation.ocmod.zip', '2017-08-11 15:37:04'),
(6, 0, 'occustomizetemplate.ocmod.zip', '2017-08-11 16:07:58'),
(7, 0, 'oclayerednavigation.ocmod.zip', '2017-08-11 16:08:14'),
(8, 0, 'oclayerednavigation.ocmod.zip', '2017-08-14 15:15:18'),
(9, 0, 'oclayerednavigation.ocmod.zip', '2017-08-14 15:17:42'),
(10, 0, 'oclayerednavigation.ocmod.zip', '2017-08-14 15:21:10'),
(11, 0, 'oclayerednavigation.ocmod.zip', '2017-08-14 15:34:32'),
(12, 0, 'oclayerednavigation.ocmod.zip', '2017-08-14 16:04:49'),
(13, 0, 'oclayerednavigation.ocmod.zip', '2017-08-14 16:06:23'),
(14, 0, 'occustomizetemplate.ocmod.zip', '2017-08-14 16:46:14'),
(15, 0, 'oclayerednavigation.ocmod.zip', '2017-08-15 14:53:09'),
(16, 0, 'occustomizetemplate.ocmod.zip', '2017-08-16 14:30:50'),
(17, 0, 'occustomizetemplate.ocmod.zip', '2017-08-29 16:36:30'),
(18, 0, 'occustomizetemplate.ocmod.zip', '2017-09-08 09:30:20'),
(19, 0, 'occustomizetemplate.ocmod.zip', '2017-09-08 09:52:35'),
(20, 0, 'occustomizetemplate.ocmod.zip', '2017-09-21 16:53:03'),
(21, 0, 'occustomizetemplate.ocmod.zip', '2017-10-04 11:02:26'),
(22, 0, 'occustomizetemplate.ocmod.zip', '2017-10-10 09:40:27'),
(23, 0, 'ocsearchcategory.ocmod.zip', '2017-10-18 14:05:11'),
(24, 0, 'occustomizetemplate.ocmod.zip', '2017-10-23 16:44:58'),
(25, 0, 'occustomizetemplate.ocmod.zip', '2017-11-21 15:10:01'),
(27, 0, 'occustomizetemplate.ocmod.zip', '2018-01-10 11:31:06'),
(28, 0, 'occustomizetemplate.ocmod.zip', '2018-01-10 13:25:36'),
(29, 0, 'octhemeoption.ocmod.zip', '2018-01-11 14:29:26'),
(30, 0, 'octhemeoption.ocmod.zip', '2018-01-12 09:09:31'),
(31, 0, 'occustomizetemplate.ocmod.zip', '2018-01-16 15:02:01'),
(32, 0, 'occustomizetemplate.ocmod.zip', '2018-02-02 14:45:38'),
(33, 0, 'occustomizetemplate.ocmod.zip', '2018-02-02 16:33:41'),
(34, 0, 'occustomizetemplate.ocmod.zip', '2018-02-08 10:26:08'),
(35, 0, 'octhemeoption.ocmod.zip', '2018-03-29 09:59:52'),
(36, 0, 'occustomizetemplate.ocmod.zip', '2018-07-25 09:38:27'),
(37, 0, 'octhemeoption.ocmod.zip', '2018-08-23 15:25:22'),
(38, 0, 'occustomizetemplate.ocmod.zip', '2018-10-08 10:44:51'),
(39, 0, 'occustomizetemplate.ocmod.zip', '2018-10-08 16:53:43');

-- --------------------------------------------------------

--
-- Table structure for table `oc_extension_path`
--

CREATE TABLE IF NOT EXISTS `oc_extension_path` (
  `extension_path_id` int(11) NOT NULL AUTO_INCREMENT,
  `extension_install_id` int(11) NOT NULL,
  `path` varchar(255) NOT NULL,
  `date_added` datetime NOT NULL,
  PRIMARY KEY (`extension_path_id`)
) ENGINE=MyISAM DEFAULT CHARSET=utf8;

-- --------------------------------------------------------

--
-- Table structure for table `oc_filter`
--

CREATE TABLE IF NOT EXISTS `oc_filter` (
  `filter_id` int(11) NOT NULL AUTO_INCREMENT,
  `filter_group_id` int(11) NOT NULL,
  `sort_order` int(3) NOT NULL,
  PRIMARY KEY (`filter_id`)
) ENGINE=MyISAM AUTO_INCREMENT=24 DEFAULT CHARSET=utf8;

--
-- Dumping data for table `oc_filter`
--

INSERT INTO `oc_filter` (`filter_id`, `filter_group_id`, `sort_order`) VALUES
(8, 1, 0),
(7, 1, 0),
(6, 1, 0),
(5, 1, 0),
(4, 1, 0),
(3, 1, 0),
(2, 1, 0),
(1, 1, 0),
(9, 2, 0),
(10, 2, 0),
(11, 2, 0),
(12, 2, 0),
(13, 2, 0),
(14, 2, 0),
(15, 2, 0),
(16, 2, 0),
(17, 2, 0),
(23, 3, 0),
(22, 3, 0),
(21, 3, 0),
(20, 3, 0),
(19, 3, 0),
(18, 3, 0);

-- --------------------------------------------------------

--
-- Table structure for table `oc_filter_description`
--

CREATE TABLE IF NOT EXISTS `oc_filter_description` (
  `filter_id` int(11) NOT NULL,
  `language_id` int(11) NOT NULL,
  `filter_group_id` int(11) NOT NULL,
  `name` varchar(64) NOT NULL,
  PRIMARY KEY (`filter_id`,`language_id`)
) ENGINE=MyISAM DEFAULT CHARSET=utf8;

--
-- Dumping data for table `oc_filter_description`
--

INSERT INTO `oc_filter_description` (`filter_id`, `language_id`, `filter_group_id`, `name`) VALUES
(8, 1, 1, 'Brown'),
(9, 1, 2, 'Versace'),
(10, 1, 2, 'Tommy Hilfiger'),
(11, 1, 2, 'Diesel'),
(12, 1, 2, 'Calvin Klein'),
(13, 1, 2, 'Chanel'),
(14, 1, 2, 'Christian Dior'),
(15, 1, 2, 'ferragamo'),
(16, 1, 2, 'hermes'),
(17, 1, 2, 'louis vuitton'),
(19, 1, 3, 'Categories1'),
(18, 1, 3, 'Categories0'),
(20, 1, 3, 'Categories2'),
(21, 1, 3, 'Categories3'),
(22, 1, 3, 'Categories4'),
(23, 1, 3, 'Categories5'),
(7, 1, 1, 'Yellow'),
(6, 1, 1, 'Pink'),
(5, 1, 1, 'Red'),
(4, 1, 1, 'Black'),
(3, 1, 1, 'Blue'),
(2, 1, 1, 'Green'),
(1, 1, 1, 'White'),
(9, 12, 2, 'Versace'),
(10, 12, 2, 'Tommy Hilfiger'),
(11, 12, 2, 'Diesel'),
(12, 12, 2, 'Calvin Klein'),
(13, 12, 2, 'Chanel'),
(14, 12, 2, 'Christian Dior'),
(15, 12, 2, 'ferragamo'),
(16, 12, 2, 'hermes'),
(17, 12, 2, 'louis vuitton'),
(19, 12, 3, 'Categories1'),
(18, 12, 3, 'Categories0'),
(20, 12, 3, 'Categories2'),
(21, 12, 3, 'Categories3'),
(22, 12, 3, 'Categories4'),
(23, 12, 3, 'Categories5'),
(8, 13, 1, 'Brown'),
(9, 13, 2, 'Versace'),
(10, 13, 2, 'Tommy Hilfiger'),
(11, 13, 2, 'Diesel'),
(12, 13, 2, 'Calvin Klein'),
(13, 13, 2, 'Chanel'),
(14, 13, 2, 'Christian Dior'),
(15, 13, 2, 'ferragamo'),
(16, 13, 2, 'hermes'),
(17, 13, 2, 'louis vuitton'),
(19, 13, 3, 'Categories1'),
(18, 13, 3, 'Categories0'),
(20, 13, 3, 'Categories2'),
(21, 13, 3, 'Categories3'),
(22, 13, 3, 'Categories4'),
(23, 13, 3, 'Categories5'),
(7, 13, 1, 'Yellow'),
(6, 13, 1, 'Pink'),
(5, 13, 1, 'Red'),
(4, 13, 1, 'Black'),
(3, 13, 1, 'Blue'),
(2, 13, 1, 'Green'),
(1, 13, 1, 'White');

-- --------------------------------------------------------

--
-- Table structure for table `oc_filter_group`
--

CREATE TABLE IF NOT EXISTS `oc_filter_group` (
  `filter_group_id` int(11) NOT NULL AUTO_INCREMENT,
  `sort_order` int(3) NOT NULL,
  PRIMARY KEY (`filter_group_id`)
) ENGINE=MyISAM AUTO_INCREMENT=4 DEFAULT CHARSET=utf8;

--
-- Dumping data for table `oc_filter_group`
--

INSERT INTO `oc_filter_group` (`filter_group_id`, `sort_order`) VALUES
(1, 0),
(2, 0),
(3, 0);

-- --------------------------------------------------------

--
-- Table structure for table `oc_filter_group_description`
--

CREATE TABLE IF NOT EXISTS `oc_filter_group_description` (
  `filter_group_id` int(11) NOT NULL,
  `language_id` int(11) NOT NULL,
  `name` varchar(64) NOT NULL,
  PRIMARY KEY (`filter_group_id`,`language_id`)
) ENGINE=MyISAM DEFAULT CHARSET=utf8;

--
-- Dumping data for table `oc_filter_group_description`
--

INSERT INTO `oc_filter_group_description` (`filter_group_id`, `language_id`, `name`) VALUES
(1, 1, 'Select By Color'),
(2, 1, 'Manufacturer'),
(3, 1, 'Categories'),
(1, 13, 'Select By Color'),
(2, 13, 'Manufacturer'),
(3, 13, 'Categories');

-- --------------------------------------------------------

--
-- Table structure for table `oc_geo_zone`
--

CREATE TABLE IF NOT EXISTS `oc_geo_zone` (
  `geo_zone_id` int(11) NOT NULL AUTO_INCREMENT,
  `name` varchar(32) NOT NULL,
  `description` varchar(255) NOT NULL,
  `date_added` datetime NOT NULL,
  `date_modified` datetime NOT NULL,
  PRIMARY KEY (`geo_zone_id`)
) ENGINE=MyISAM AUTO_INCREMENT=5 DEFAULT CHARSET=utf8;

--
-- Dumping data for table `oc_geo_zone`
--

INSERT INTO `oc_geo_zone` (`geo_zone_id`, `name`, `description`, `date_added`, `date_modified`) VALUES
(3, 'UK VAT Zone', 'UK VAT', '2009-01-06 23:26:25', '2010-02-26 22:33:24'),
(4, 'UK Shipping', 'UK Shipping Zones', '2009-06-23 01:14:53', '2010-12-15 15:18:13');

-- --------------------------------------------------------

--
-- Table structure for table `oc_information`
--

CREATE TABLE IF NOT EXISTS `oc_information` (
  `information_id` int(11) NOT NULL AUTO_INCREMENT,
  `bottom` int(1) NOT NULL DEFAULT '0',
  `sort_order` int(3) NOT NULL DEFAULT '0',
  `status` tinyint(1) NOT NULL DEFAULT '1',
  PRIMARY KEY (`information_id`)
) ENGINE=MyISAM AUTO_INCREMENT=8 DEFAULT CHARSET=utf8;

--
-- Dumping data for table `oc_information`
--

INSERT INTO `oc_information` (`information_id`, `bottom`, `sort_order`, `status`) VALUES
(3, 1, 3, 1),
(4, 1, 1, 1),
(5, 1, 4, 1),
(6, 1, 2, 1),
(7, 0, 0, 1);

-- --------------------------------------------------------

--
-- Table structure for table `oc_information_description`
--

CREATE TABLE IF NOT EXISTS `oc_information_description` (
  `information_id` int(11) NOT NULL,
  `language_id` int(11) NOT NULL,
  `title` varchar(64) NOT NULL,
  `description` mediumtext NOT NULL,
  `meta_title` varchar(255) NOT NULL,
  `meta_description` varchar(255) NOT NULL,
  `meta_keyword` varchar(255) NOT NULL,
  PRIMARY KEY (`information_id`,`language_id`)
) ENGINE=MyISAM DEFAULT CHARSET=utf8;

--
-- Dumping data for table `oc_information_description`
--

INSERT INTO `oc_information_description` (`information_id`, `language_id`, `title`, `description`, `meta_title`, `meta_description`, `meta_keyword`) VALUES
(5, 1, 'Terms &amp; Conditions', '&lt;p&gt;\r\n	Terms &amp;amp; Conditions&lt;/p&gt;\r\n', 'Terms &amp; Conditions', '', ''),
(3, 1, 'Privacy Policy', '&lt;p&gt;\r\n	Privacy Policy&lt;/p&gt;\r\n', 'Privacy Policy', '', ''),
(6, 1, 'Delivery Information', '&lt;p&gt;\r\n	Delivery Information&lt;/p&gt;\r\n', 'Delivery Information', '', ''),
(7, 1, 'Offer Details', '&lt;h2&gt;Today Offer: $20 OFF orders $300 or more with code “SNEAKER002” + Free shipping on orders over $60!&lt;/h2&gt;\r\n\r\n&lt;ul style=&quot;display: block;\r\n    list-style-type: disc;\r\n    -webkit-margin-before: 1em;\r\n    -webkit-margin-after: 1em;\r\n    -webkit-margin-start: 0px;\r\n    -webkit-margin-end: 0px;\r\n    -webkit-padding-start: 40px;\r\n     line-height: 24px;&quot;&gt;\r\n	&lt;li&gt;You must be logged in to your eBay account to redeem this offer.&lt;/li&gt;\r\n	&lt;li&gt;This offer is valid only when you pay with PayPal.  &lt;/li&gt;\r\n	&lt;li&gt;This offer is available only while supplies last; immediate payment is required to redeem the offer and all items must be eligible for the offer must be purchased together in a single checkout session prior to buyer commitment.  You can check out all items together by first adding these items to your shopping cart and then start the checkout process. &lt;/li&gt;\r\n\r\n&lt;li&gt;For offers which require the purchase of multiple items or quantity, the items must be purchased together in a single checkout session. A single checkout session means all qualifying items itemsare added to your shopping cart and then you start the checkout process. \r\n&lt;/li&gt;&lt;li&gt;Qualifying items committed to individually using the &quot;Commit to buy&quot; purchase flow or purchased and paid for separately in individual transactions will not be eligible for the offer. \r\n\r\n\r\n \r\n&lt;/li&gt;&lt;li&gt;Offers can end at any time and may end earlier then the promotion end date due to any number of reasons including, but not limited to, limited quantities of inventory.\r\nOnce the offer is no longer available, the special offer message will no longer appear on the item page, in your shopping cart, or if you try to checkout after the offer is no longer available. \r\n\r\n\r\n\r\n\r\n&lt;/li&gt;&lt;li&gt;Offer may not be available on a continuous basis.  There may be occasions when the offer is not available. In this case, the offer will stop appearing on the item page, and will not be available.\r\n\r\n\r\n\r\n	&lt;/li&gt;&lt;li&gt;Discounts are typically  applied on a cost-weighted basis against the items that are purchased and that are also eligible for the offer, prior to the addition of shipping and handling costs and any applicable taxes, and will be attributed on an item basis on your &quot;Order details&quot; page accordingly.  \r\n		&lt;p&gt;Example: a discount of $50 off the purchase of a camera lens (otherwise regularly priced at $100) when purchased with a camera (priced individually at $900)  would be applied on a cost-weighted basis against all of the items purchased as part of the offer as follows: (a) the camera lens\'s cost-weighted discount would be $50 x ($100/($900+$100)), or $5 off of $100, for a discounted price of $95; (b) the camera\'s cost-weighted discount would be $50 x ($900/($900+$100)), or $45 off of $900, for a discounted price of $855.&lt;br&gt;\r\nExample: an offer of &lt;i&gt;&quot;Get 1 free when you buy 4 or more&quot;&lt;/i&gt; on the purchase of four video games (otherwise priced individually at $20 each) would be applied as follows: (a) the cost-weighted discount for each video game would be $20 x ($20/($20 + $20 + $20 +$20)), or $5, for a discounted price of $15 for each video game; (b) the total discount on all four games would be $20, which equates to the individual undiscounted price of one of the games.  Where the offer advertises a &quot;free&quot; item but the items in the offer vary in price, the total discount applied equals the undiscounted individual price of the least expensive item in the offer, which is distributed on a cost-weighted basis to each of the items purchased as part of the offer.&lt;/p&gt;\r\n	&lt;/li&gt;\r\n	\r\n	&lt;li&gt;For offers where there is a discount  provided when you purchase a main item and related items, these discounts are also typically applied on a cost weighted basis as described above.  In some cases, a seller may choose to apply the discount on the related item only.  This decision is at the sole discretion of the seller.  You can determine the discount attribution on an item level on the Order Details page. \r\n&lt;br&gt;Example: a discount of $50 off the purchase of a camera lens (otherwise regularly priced at $100) when purchased with a camera (priced individually at $900) would be applied on just the related item, aka the camera lens. (a) The camera lens’s discount would be $50; (b) the camera has no discount and the price remains as $900.\r\n&lt;/li&gt;\r\n\r\n	\r\n	\r\n	&lt;li&gt;Items that provide the same shipping service will be grouped together as a single order.  Where individual items do not offer free shipping, shipping costs will be aggregated together.&lt;/li&gt;\r\n	&lt;li&gt;The returns policy specified in each individual listing applies to the return of each respective item purchased as part of the offer.  If the return policy for a discounted item permits returns, the item price that your seller reimburses you must at a minimum be the item price minus any applied special offer discounts, as shown in &quot;Order details&quot;). For purchases eligible for refunds under the eBay Buyer Protection policy, eBay will treat the  discounted price of an item (including any applicable sales tax) as the &quot;full cost&quot; of that item. \r\n&lt;/li&gt;\r\n&lt;li&gt;Items that are marked down will not receive an additional discount as a part of a sale, since the savings is already reflected in the marked down price, and that is the price that will display in the shopping cart and when you checkout.\r\n\r\n\r\n&lt;/li&gt;&lt;li&gt;Buy 1, get 1 offers can only be applied once per transaction and the least expensive item across all qualifying items will be discounted from the subtotal as an order discount.  The item price on all qualifying items will be reduced by the discount value that is determined across all eligible items on a cost-weighted basis.  Examples of Buy 1, get 1 offers are as follows: \r\n&lt;ul&gt;&lt;li&gt;Buy 1, get 1 free \r\n&lt;/li&gt;&lt;li&gt;Buy 1, get 1 at 50% off \r\n&lt;/li&gt;&lt;li&gt;Buy 3, get 1 free \r\n&lt;/li&gt;&lt;li&gt;Buy 2, get 1 at 50% off \r\n&lt;/li&gt;&lt;li&gt;Buy 5, get 2 free \r\n&lt;/li&gt;&lt;li&gt;Buy 5, get 2 at 50% off &lt;/li&gt;&lt;/ul&gt;\r\n \r\n\r\n&lt;/li&gt;&lt;li&gt;Dollar off ($) offers can only be applied once per transaction.  The item price on all qualifying items will be reduced by the discount value that is determined across all eligible items on a cost-weighted basis.  Examples of Dollar off ($)  offers are as follows: \r\n&lt;ul&gt;\r\n&lt;li&gt;Save $5 when you spend $50 \r\n&lt;/li&gt;&lt;li&gt;Save $10 when you buy 3 \r\n&lt;/li&gt;&lt;/ul&gt;\r\n&lt;/li&gt;&lt;li&gt;Conditional free shipping offers are restricted to US buyers only.  International Buyers will have normal shipping charges assessed at checkout.  Some sellers choose to exclude the states / regions of Hawaii and Alaska from standard shipping calculations.  In these cases, the buyer will need to request a price total from the seller to determine final charges including shipping. \r\n&lt;/li&gt;&lt;li&gt;When you receive a discount based on the purchase of a single item in multiple quantities, the amount of the discount applied may be rounded up or down by a maximum of one (1) cent per item ($0.01) depending on the original price of the item and the amount or percentage of discount offered as part of the promotion. \r\n\r\n\r\n\r\n\r\n&lt;/li&gt;&lt;/ul&gt;', 'Today Offer: $20 OFF orders $300 or more with code “SNEAKER002” + Free shipping on orders over $60!', 'Today Offer: $20 OFF orders $300 or more with code “SNEAKER002” + Free shipping on orders over $60!', 'Offer Details'),
(4, 1, 'About Us', '&lt;h2&gt;Welcome to our shop online&lt;/h2&gt;\r\n&lt;p&gt;\r\nWe aim to offer our customers a variety of the latest Watches. We’ve come a long way, so we know exactly which direction to take when supplying you with high quality yet budget friendly products. We offer all of this while providing excellent customer service and friendly support.&lt;/p&gt;\r\n&lt;p&gt;\r\nWe always keep an eye on the latest trends in Sneaker and put our customers’ wishes first. That is why we have satisfied customers all over the world, and are thrilled to be a part of the Sneaker industry.\r\n&lt;/p&gt;\r\n&lt;p&gt;\r\nThe interests of our customers are always the top priority for us, so we hope you will enjoy our products as much as we enjoy making them available to you.\r\n&lt;/p&gt;\r\n\r\n&lt;h4&gt;What is an About Us Page?&lt;/h4&gt;\r\n&lt;p&gt;\r\nAn About Us Page is a page on your website that tells your readers all about you. It includes a detailed description covering all aspects of your business and you as entrepreneurs. This includes the products or services you are offering, how you came into being as a business, your mission and vision, your aim, and maybe something about your future goals too. Your “About Us” page is your perfect opportunity to tell a compelling story about yourself and your business.\r\n&lt;/p&gt;\r\n\r\n&lt;h4&gt;About Us Page: What Should an About Us Page Include?&lt;/h4&gt;\r\n&lt;p&gt;\r\nIt is important not to overlook the marketing potential that lies within the content of your website’s About Us page. The About Us page plays a large part in the impression you leave on a visitor to your website. It is your chance to make the best out of this opportunity and present yourself and your brand in the best possible way. This is where people come to learn more about your brand and the people behind it. There’s also a high chance that your About Us page will be your most frequently viewed page. You need to make sure that the information you add on the About Us page accurately represents who you are as a brand. That’s why we’ve included a list that you can go through to make sure you haven’t missed anything crucial.\r\n&lt;/p&gt;\r\n&lt;ol style=&quot;list-style-type: decimal;padding-left:30px;&quot;&gt;\r\n  &lt;li&gt;&lt;h5&gt;Vision and Mission&lt;/h5&gt;\r\n&lt;p&gt;\r\n  Start your About Us page by telling your customers about yourself. What is unique about you, what are your key features and what is your mission? &lt;span style=&quot;font-weight: 400;&quot;&gt;Try to stand out by conveying your values and culture as a brand, or what brought your company together. Use this area to fully answer the question of who you are as a brand, and what you represent. This does not means that it has to be overly lengthy, but you can nonetheless use this space to communicate yourself in the way you are comfortable with, with your audience.&lt;/span&gt;&lt;/p&gt;&lt;/li&gt;\r\n&lt;p&gt;&lt;/p&gt;\r\n&lt;li&gt;&lt;h5&gt;Your History&lt;/h5&gt;\r\n&lt;p&gt;\r\n  Take the visitors on your website to a trip down memory lane, and give them an insight to the history behind your store. Here, you can show them where, how, and when you started, and everything your business has accomplished on the way. This is you chance to share your relevant milestones and achievements relating to your business in an engaging way. You can even choose to present your history to your viewers in the form of a timeline, which allows you to display a large amount of information in a visually engaging manner. Your customers or potential customers might be interested in seeing how you grew over the years.&lt;/p&gt;&lt;/li&gt;\r\n&lt;p&gt;&lt;/p&gt;\r\n&lt;li&gt;&lt;h5&gt;Team Member Profiles&lt;/h5&gt;\r\n&lt;p&gt;\r\n  Add an emotional element to your About Us page by adding details of the people that are driving the passion at your business. People find it easier to connect with human beings, so allow the personality of your crew to shine through the About Us page.\r\n&lt;/p&gt;\r\n&lt;/li&gt;\r\n&lt;li&gt;&lt;h5&gt;Multimedia &amp;amp; Infographics&lt;/h5&gt;\r\n&lt;p&gt;A well-built infographic might help visitors remember about you or your business better than any amount of words. So if you think it works better for your brand or business, skip the lengthy description, or add a well-designed graphic that can help your visitors understand your concept. Or maybe you would like to add a cool video about how your business was created, or about your story and let it speak for itself.\r\n&lt;/p&gt;&lt;/li&gt;\r\n&lt;/ol&gt;', 'About Us', '', ''),
(5, 13, 'Terms &amp; Conditions', '&lt;p&gt;\r\n	Terms &amp;amp; Conditions&lt;/p&gt;\r\n', 'Terms &amp; Conditions', '', ''),
(3, 13, 'Privacy Policy', '&lt;p&gt;\r\n	Privacy Policy&lt;/p&gt;\r\n', 'Privacy Policy', '', ''),
(6, 13, 'Delivery Information', '&lt;p&gt;\r\n	Delivery Information&lt;/p&gt;\r\n', 'Delivery Information', '', ''),
(7, 13, 'Offer Details', '&lt;h2&gt;Today Offer: $20 OFF orders $300 or more with code “SNEAKER002” + Free shipping on orders over $60!&lt;/h2&gt;\r\n\r\n&lt;ul style=&quot;display: block;\r\n    list-style-type: disc;\r\n    -webkit-margin-before: 1em;\r\n    -webkit-margin-after: 1em;\r\n    -webkit-margin-start: 0px;\r\n    -webkit-margin-end: 0px;\r\n    -webkit-padding-start: 40px;\r\n     line-height: 24px;&quot;&gt;\r\n	&lt;li&gt;You must be logged in to your eBay account to redeem this offer.&lt;/li&gt;\r\n	&lt;li&gt;This offer is valid only when you pay with PayPal.  &lt;/li&gt;\r\n	&lt;li&gt;This offer is available only while supplies last; immediate payment is required to redeem the offer and all items must be eligible for the offer must be purchased together in a single checkout session prior to buyer commitment.  You can check out all items together by first adding these items to your shopping cart and then start the checkout process. &lt;/li&gt;\r\n\r\n&lt;li&gt;For offers which require the purchase of multiple items or quantity, the items must be purchased together in a single checkout session. A single checkout session means all qualifying items itemsare added to your shopping cart and then you start the checkout process. \r\n&lt;/li&gt;&lt;li&gt;Qualifying items committed to individually using the &quot;Commit to buy&quot; purchase flow or purchased and paid for separately in individual transactions will not be eligible for the offer. \r\n\r\n\r\n \r\n&lt;/li&gt;&lt;li&gt;Offers can end at any time and may end earlier then the promotion end date due to any number of reasons including, but not limited to, limited quantities of inventory.\r\nOnce the offer is no longer available, the special offer message will no longer appear on the item page, in your shopping cart, or if you try to checkout after the offer is no longer available. \r\n\r\n\r\n\r\n\r\n&lt;/li&gt;&lt;li&gt;Offer may not be available on a continuous basis.  There may be occasions when the offer is not available. In this case, the offer will stop appearing on the item page, and will not be available.\r\n\r\n\r\n\r\n	&lt;/li&gt;&lt;li&gt;Discounts are typically  applied on a cost-weighted basis against the items that are purchased and that are also eligible for the offer, prior to the addition of shipping and handling costs and any applicable taxes, and will be attributed on an item basis on your &quot;Order details&quot; page accordingly.  \r\n		&lt;p&gt;Example: a discount of $50 off the purchase of a camera lens (otherwise regularly priced at $100) when purchased with a camera (priced individually at $900)  would be applied on a cost-weighted basis against all of the items purchased as part of the offer as follows: (a) the camera lens\'s cost-weighted discount would be $50 x ($100/($900+$100)), or $5 off of $100, for a discounted price of $95; (b) the camera\'s cost-weighted discount would be $50 x ($900/($900+$100)), or $45 off of $900, for a discounted price of $855.&lt;br&gt;\r\nExample: an offer of &lt;i&gt;&quot;Get 1 free when you buy 4 or more&quot;&lt;/i&gt; on the purchase of four video games (otherwise priced individually at $20 each) would be applied as follows: (a) the cost-weighted discount for each video game would be $20 x ($20/($20 + $20 + $20 +$20)), or $5, for a discounted price of $15 for each video game; (b) the total discount on all four games would be $20, which equates to the individual undiscounted price of one of the games.  Where the offer advertises a &quot;free&quot; item but the items in the offer vary in price, the total discount applied equals the undiscounted individual price of the least expensive item in the offer, which is distributed on a cost-weighted basis to each of the items purchased as part of the offer.&lt;/p&gt;\r\n	&lt;/li&gt;\r\n	\r\n	&lt;li&gt;For offers where there is a discount  provided when you purchase a main item and related items, these discounts are also typically applied on a cost weighted basis as described above.  In some cases, a seller may choose to apply the discount on the related item only.  This decision is at the sole discretion of the seller.  You can determine the discount attribution on an item level on the Order Details page. \r\n&lt;br&gt;Example: a discount of $50 off the purchase of a camera lens (otherwise regularly priced at $100) when purchased with a camera (priced individually at $900) would be applied on just the related item, aka the camera lens. (a) The camera lens’s discount would be $50; (b) the camera has no discount and the price remains as $900.\r\n&lt;/li&gt;\r\n\r\n	\r\n	\r\n	&lt;li&gt;Items that provide the same shipping service will be grouped together as a single order.  Where individual items do not offer free shipping, shipping costs will be aggregated together.&lt;/li&gt;\r\n	&lt;li&gt;The returns policy specified in each individual listing applies to the return of each respective item purchased as part of the offer.  If the return policy for a discounted item permits returns, the item price that your seller reimburses you must at a minimum be the item price minus any applied special offer discounts, as shown in &quot;Order details&quot;). For purchases eligible for refunds under the eBay Buyer Protection policy, eBay will treat the  discounted price of an item (including any applicable sales tax) as the &quot;full cost&quot; of that item. \r\n&lt;/li&gt;\r\n&lt;li&gt;Items that are marked down will not receive an additional discount as a part of a sale, since the savings is already reflected in the marked down price, and that is the price that will display in the shopping cart and when you checkout.\r\n\r\n\r\n&lt;/li&gt;&lt;li&gt;Buy 1, get 1 offers can only be applied once per transaction and the least expensive item across all qualifying items will be discounted from the subtotal as an order discount.  The item price on all qualifying items will be reduced by the discount value that is determined across all eligible items on a cost-weighted basis.  Examples of Buy 1, get 1 offers are as follows: \r\n&lt;ul&gt;&lt;li&gt;Buy 1, get 1 free \r\n&lt;/li&gt;&lt;li&gt;Buy 1, get 1 at 50% off \r\n&lt;/li&gt;&lt;li&gt;Buy 3, get 1 free \r\n&lt;/li&gt;&lt;li&gt;Buy 2, get 1 at 50% off \r\n&lt;/li&gt;&lt;li&gt;Buy 5, get 2 free \r\n&lt;/li&gt;&lt;li&gt;Buy 5, get 2 at 50% off &lt;/li&gt;&lt;/ul&gt;\r\n \r\n\r\n&lt;/li&gt;&lt;li&gt;Dollar off ($) offers can only be applied once per transaction.  The item price on all qualifying items will be reduced by the discount value that is determined across all eligible items on a cost-weighted basis.  Examples of Dollar off ($)  offers are as follows: \r\n&lt;ul&gt;\r\n&lt;li&gt;Save $5 when you spend $50 \r\n&lt;/li&gt;&lt;li&gt;Save $10 when you buy 3 \r\n&lt;/li&gt;&lt;/ul&gt;\r\n&lt;/li&gt;&lt;li&gt;Conditional free shipping offers are restricted to US buyers only.  International Buyers will have normal shipping charges assessed at checkout.  Some sellers choose to exclude the states / regions of Hawaii and Alaska from standard shipping calculations.  In these cases, the buyer will need to request a price total from the seller to determine final charges including shipping. \r\n&lt;/li&gt;&lt;li&gt;When you receive a discount based on the purchase of a single item in multiple quantities, the amount of the discount applied may be rounded up or down by a maximum of one (1) cent per item ($0.01) depending on the original price of the item and the amount or percentage of discount offered as part of the promotion. \r\n\r\n\r\n\r\n\r\n&lt;/li&gt;&lt;/ul&gt;', 'Today Offer: $20 OFF orders $300 or more with code “SNEAKER002” + Free shipping on orders over $60!', 'Today Offer: $20 OFF orders $300 or more with code “SNEAKER002” + Free shipping on orders over $60!', 'Offer Details'),
(4, 13, 'About Us', '&lt;h2&gt;Welcome to our shop online&lt;/h2&gt;\r\n&lt;p&gt;\r\nWe aim to offer our customers a variety of the latest Watches. We’ve come a long way, so we know exactly which direction to take when supplying you with high quality yet budget friendly products. We offer all of this while providing excellent customer service and friendly support.&lt;/p&gt;\r\n&lt;p&gt;\r\nWe always keep an eye on the latest trends in Sneaker and put our customers’ wishes first. That is why we have satisfied customers all over the world, and are thrilled to be a part of the Sneaker industry.\r\n&lt;/p&gt;\r\n&lt;p&gt;\r\nThe interests of our customers are always the top priority for us, so we hope you will enjoy our products as much as we enjoy making them available to you.\r\n&lt;/p&gt;\r\n\r\n&lt;h4&gt;What is an About Us Page?&lt;/h4&gt;\r\n&lt;p&gt;\r\nAn About Us Page is a page on your website that tells your readers all about you. It includes a detailed description covering all aspects of your business and you as entrepreneurs. This includes the products or services you are offering, how you came into being as a business, your mission and vision, your aim, and maybe something about your future goals too. Your “About Us” page is your perfect opportunity to tell a compelling story about yourself and your business.\r\n&lt;/p&gt;\r\n\r\n&lt;h4&gt;About Us Page: What Should an About Us Page Include?&lt;/h4&gt;\r\n&lt;p&gt;\r\nIt is important not to overlook the marketing potential that lies within the content of your website’s About Us page. The About Us page plays a large part in the impression you leave on a visitor to your website. It is your chance to make the best out of this opportunity and present yourself and your brand in the best possible way. This is where people come to learn more about your brand and the people behind it. There’s also a high chance that your About Us page will be your most frequently viewed page. You need to make sure that the information you add on the About Us page accurately represents who you are as a brand. That’s why we’ve included a list that you can go through to make sure you haven’t missed anything crucial.\r\n&lt;/p&gt;\r\n&lt;ol style=&quot;list-style-type: decimal;padding-left:30px;&quot;&gt;\r\n  &lt;li&gt;&lt;h5&gt;Vision and Mission&lt;/h5&gt;\r\n&lt;p&gt;\r\n  Start your About Us page by telling your customers about yourself. What is unique about you, what are your key features and what is your mission? &lt;span style=&quot;font-weight: 400;&quot;&gt;Try to stand out by conveying your values and culture as a brand, or what brought your company together. Use this area to fully answer the question of who you are as a brand, and what you represent. This does not means that it has to be overly lengthy, but you can nonetheless use this space to communicate yourself in the way you are comfortable with, with your audience.&lt;/span&gt;&lt;/p&gt;&lt;/li&gt;\r\n&lt;p&gt;&lt;/p&gt;\r\n&lt;li&gt;&lt;h5&gt;Your History&lt;/h5&gt;\r\n&lt;p&gt;\r\n  Take the visitors on your website to a trip down memory lane, and give them an insight to the history behind your store. Here, you can show them where, how, and when you started, and everything your business has accomplished on the way. This is you chance to share your relevant milestones and achievements relating to your business in an engaging way. You can even choose to present your history to your viewers in the form of a timeline, which allows you to display a large amount of information in a visually engaging manner. Your customers or potential customers might be interested in seeing how you grew over the years.&lt;/p&gt;&lt;/li&gt;\r\n&lt;p&gt;&lt;/p&gt;\r\n&lt;li&gt;&lt;h5&gt;Team Member Profiles&lt;/h5&gt;\r\n&lt;p&gt;\r\n  Add an emotional element to your About Us page by adding details of the people that are driving the passion at your business. People find it easier to connect with human beings, so allow the personality of your crew to shine through the About Us page.\r\n&lt;/p&gt;\r\n&lt;/li&gt;\r\n&lt;li&gt;&lt;h5&gt;Multimedia &amp;amp; Infographics&lt;/h5&gt;\r\n&lt;p&gt;A well-built infographic might help visitors remember about you or your business better than any amount of words. So if you think it works better for your brand or business, skip the lengthy description, or add a well-designed graphic that can help your visitors understand your concept. Or maybe you would like to add a cool video about how your business was created, or about your story and let it speak for itself.\r\n&lt;/p&gt;&lt;/li&gt;\r\n&lt;/ol&gt;', 'About Us', '', '');

-- --------------------------------------------------------

--
-- Table structure for table `oc_information_to_layout`
--

CREATE TABLE IF NOT EXISTS `oc_information_to_layout` (
  `information_id` int(11) NOT NULL,
  `store_id` int(11) NOT NULL,
  `layout_id` int(11) NOT NULL,
  PRIMARY KEY (`information_id`,`store_id`)
) ENGINE=MyISAM DEFAULT CHARSET=utf8;

--
-- Dumping data for table `oc_information_to_layout`
--

INSERT INTO `oc_information_to_layout` (`information_id`, `store_id`, `layout_id`) VALUES
(4, 17, 0),
(4, 16, 0),
(4, 3, 0),
(4, 2, 0),
(6, 17, 0),
(6, 16, 0),
(6, 3, 0),
(6, 2, 0),
(3, 17, 0),
(3, 16, 0),
(3, 3, 0),
(3, 2, 0),
(5, 17, 0),
(5, 16, 0),
(5, 3, 0),
(5, 2, 0),
(7, 17, 0),
(7, 16, 0),
(7, 3, 0),
(7, 2, 0),
(4, 1, 0),
(4, 0, 0),
(6, 1, 0),
(6, 0, 0),
(7, 1, 0),
(7, 0, 0),
(3, 1, 0),
(3, 0, 0),
(5, 1, 0),
(5, 0, 0);

-- --------------------------------------------------------

--
-- Table structure for table `oc_information_to_store`
--

CREATE TABLE IF NOT EXISTS `oc_information_to_store` (
  `information_id` int(11) NOT NULL,
  `store_id` int(11) NOT NULL,
  PRIMARY KEY (`information_id`,`store_id`)
) ENGINE=MyISAM DEFAULT CHARSET=utf8;

--
-- Dumping data for table `oc_information_to_store`
--

INSERT INTO `oc_information_to_store` (`information_id`, `store_id`) VALUES
(3, 0),
(3, 1),
(3, 2),
(3, 3),
(3, 16),
(3, 17),
(4, 0),
(4, 1),
(4, 2),
(4, 3),
(4, 16),
(4, 17),
(5, 0),
(5, 1),
(5, 2),
(5, 3),
(5, 16),
(5, 17),
(6, 0),
(6, 1),
(6, 2),
(6, 3),
(6, 16),
(6, 17),
(7, 0),
(7, 1),
(7, 2),
(7, 3),
(7, 16),
(7, 17);

-- --------------------------------------------------------

--
-- Table structure for table `oc_language`
--

CREATE TABLE IF NOT EXISTS `oc_language` (
  `language_id` int(11) NOT NULL AUTO_INCREMENT,
  `name` varchar(32) NOT NULL,
  `code` varchar(5) NOT NULL,
  `locale` varchar(255) NOT NULL,
  `image` varchar(64) NOT NULL,
  `directory` varchar(32) NOT NULL,
  `sort_order` int(3) NOT NULL DEFAULT '0',
  `status` tinyint(1) NOT NULL,
  PRIMARY KEY (`language_id`),
  KEY `name` (`name`)
) ENGINE=MyISAM AUTO_INCREMENT=14 DEFAULT CHARSET=utf8;

--
-- Dumping data for table `oc_language`
--

INSERT INTO `oc_language` (`language_id`, `name`, `code`, `locale`, `image`, `directory`, `sort_order`, `status`) VALUES
(1, 'English', 'en-gb', 'en-US,en_US.UTF-8,en_US,en-gb,english', 'gb.png', 'english', 1, 1),
(13, 'Germany', 'de-de', 'de', '', '', 1, 1);

-- --------------------------------------------------------

--
-- Table structure for table `oc_layout`
--

CREATE TABLE IF NOT EXISTS `oc_layout` (
  `layout_id` int(11) NOT NULL AUTO_INCREMENT,
  `name` varchar(64) NOT NULL,
  PRIMARY KEY (`layout_id`)
) ENGINE=MyISAM AUTO_INCREMENT=78 DEFAULT CHARSET=utf8;

--
-- Dumping data for table `oc_layout`
--

INSERT INTO `oc_layout` (`layout_id`, `name`) VALUES
(1, 'Layout 01: Home'),
(2, 'Layout 01: Product'),
(3, 'Layout 01: Category'),
(4, 'Layout 01: Default'),
(5, 'Layout 02: Category'),
(6, 'Layout 02: Product'),
(7, 'Layout 03: Default'),
(8, 'Layout 04: Category'),
(9, 'Layout 02: Home'),
(10, 'Layout 03: Category'),
(11, 'Layout 03: Product'),
(12, 'Layout 03: Home'),
(13, 'Layout 02: Default'),
(14, 'Layout 04: Default'),
(17, 'Layout 04: Home'),
(20, 'Layout 04: Product'),
(69, 'Layout 05: Category'),
(70, 'Layout 05: Default'),
(71, 'Layout 05: Home'),
(72, 'Layout 05: Product'),
(73, 'Layout 06: Category'),
(74, 'Layout 06: Default'),
(75, 'Layout 06: Home'),
(76, 'Layout 06: Product');

-- --------------------------------------------------------

--
-- Table structure for table `oc_layout_module`
--

CREATE TABLE IF NOT EXISTS `oc_layout_module` (
  `layout_module_id` int(11) NOT NULL AUTO_INCREMENT,
  `layout_id` int(11) NOT NULL,
  `code` varchar(64) NOT NULL,
  `position` varchar(14) NOT NULL,
  `sort_order` int(3) NOT NULL,
  PRIMARY KEY (`layout_module_id`)
) ENGINE=MyISAM AUTO_INCREMENT=4907 DEFAULT CHARSET=utf8;

--
-- Dumping data for table `oc_layout_module`
--

INSERT INTO `oc_layout_module` (`layout_module_id`, `layout_id`, `code`, `position`, `sort_order`) VALUES
(4839, 69, 'occmsblock.330', 'block11', 0),
(4838, 69, 'occmsblock.396', 'block10', 0),
(4862, 73, 'category', 'column_left', 0),
(4860, 72, 'occmsblock.396', 'block10', 0),
(4861, 72, 'occmsblock.330', 'block11', 0),
(4854, 71, 'occmsblock.330', 'block11', 0),
(4846, 70, 'occmsblock.330', 'block11', 0),
(4762, 12, 'occmsblock.330', 'block11', 0),
(4845, 70, 'occmsblock.396', 'block10', 0),
(4617, 3, 'occmsblock.330', 'block11', 0),
(4858, 72, 'occmsblock.364', 'block7', 0),
(4616, 3, 'occmsblock.396', 'block10', 0),
(4853, 71, 'occmsblock.396', 'block10', 0),
(4678, 5, 'occmsblock.396', 'block10', 0),
(4677, 5, 'occmsblock.339', 'block9', 0),
(4859, 72, 'occmsblock.339', 'block9', 0),
(4857, 72, 'occmsblock.191', 'block6', 0),
(4639, 2, 'occmsblock.330', 'block11', 0),
(4638, 2, 'occmsblock.396', 'block10', 0),
(4844, 70, 'occmsblock.339', 'block9', 0),
(4837, 69, 'occmsblock.339', 'block9', 0),
(4843, 70, 'occmsblock.364', 'block7', 0),
(4836, 69, 'occmsblock.364', 'block7', 0),
(4835, 69, 'occmsblock.191', 'block6', 0),
(4834, 69, 'ocmegamenu.437', 'block2', 0),
(4833, 69, 'ocmegamenu.436', 'block1', 0),
(4623, 4, 'occmsblock.396', 'block10', 0),
(4624, 4, 'occmsblock.330', 'block11', 0),
(4863, 73, 'ocproduct.395', 'column_left', 1),
(4832, 69, 'ocproduct.395', 'column_left', 1),
(4831, 69, 'category', 'column_left', 0),
(4791, 20, 'occmsblock.364', 'block7', 0),
(4792, 20, 'occmsblock.339', 'block9', 0),
(4676, 5, 'occmsblock.364', 'block7', 0),
(4842, 70, 'occmsblock.191', 'block6', 0),
(4841, 70, 'ocmegamenu.437', 'block2', 0),
(4632, 1, 'occmsblock.330', 'block11', 0),
(4851, 71, 'occmsblock.364', 'block7', 0),
(4852, 71, 'occmsblock.339', 'block9', 0),
(4776, 8, 'occmsblock.339', 'block9', 0),
(4675, 5, 'occmsblock.191', 'block6', 0),
(4631, 1, 'occmsblock.396', 'block10', 0),
(4850, 71, 'occmsblock.191', 'block6', 0),
(4684, 13, 'occmsblock.396', 'block10', 0),
(4849, 71, 'ocmegamenu.437', 'block2', 0),
(4691, 9, 'occmsblock.396', 'block10', 0),
(4848, 71, 'oc_page_builder.434', 'content_top', 0),
(4615, 3, 'occmsblock.339', 'block9', 0),
(4847, 71, 'ocmegamenu.436', 'block1', 0),
(4747, 10, 'occmsblock.330', 'block11', 0),
(4746, 10, 'occmsblock.396', 'block10', 0),
(4683, 13, 'occmsblock.339', 'block9', 0),
(4840, 70, 'ocmegamenu.436', 'block1', 0),
(4754, 7, 'occmsblock.330', 'block11', 0),
(4753, 7, 'occmsblock.396', 'block10', 0),
(4761, 12, 'occmsblock.396', 'block10', 0),
(4759, 12, 'occmsblock.364', 'block7', 0),
(4760, 12, 'occmsblock.339', 'block9', 0),
(4769, 11, 'occmsblock.330', 'block11', 0),
(4745, 10, 'occmsblock.339', 'block9', 0),
(4682, 13, 'occmsblock.364', 'block7', 0),
(4674, 5, 'ocmegamenu.218', 'block2', 0),
(4768, 11, 'occmsblock.396', 'block10', 0),
(4673, 5, 'ocmegamenu.215', 'block1', 0),
(4630, 1, 'occmsblock.339', 'block9', 0),
(4629, 1, 'occmsblock.364', 'block7', 0),
(4681, 13, 'occmsblock.191', 'block6', 0),
(4680, 13, 'ocmegamenu.218', 'block2', 0),
(4790, 20, 'occmsblock.191', 'block6', 0),
(4789, 20, 'ocmegamenu.426', 'block2', 0),
(4788, 20, 'ocmegamenu.425', 'block1', 0),
(4787, 17, 'occmsblock.339', 'block9', 0),
(4786, 17, 'occmsblock.364', 'block7', 0),
(4785, 17, 'occmsblock.191', 'block6', 0),
(4784, 17, 'ocmegamenu.426', 'block2', 0),
(4782, 17, 'ocmegamenu.425', 'block1', 0),
(4783, 17, 'oc_page_builder.58', 'content_top', 0),
(4781, 14, 'occmsblock.339', 'block9', 0),
(4780, 14, 'occmsblock.364', 'block7', 0),
(4779, 14, 'occmsblock.191', 'block6', 0),
(4672, 5, 'ocproduct.395', 'column_left', 2),
(4628, 1, 'occmsblock.191', 'block6', 0),
(4778, 14, 'ocmegamenu.426', 'block2', 0),
(4777, 14, 'ocmegamenu.425', 'block1', 0),
(4775, 8, 'occmsblock.364', 'block7', 0),
(4774, 8, 'occmsblock.191', 'block6', 0),
(4773, 8, 'ocmegamenu.426', 'block2', 0),
(4772, 8, 'ocmegamenu.425', 'block1', 0),
(4771, 8, 'ocproduct.395', 'column_left', 2),
(4770, 8, 'category', 'column_left', 0),
(4627, 1, 'ocmegamenu.218', 'block2', 0),
(4626, 1, 'oc_page_builder.32', 'content_top', 1),
(4614, 3, 'occmsblock.364', 'block7', 0),
(4613, 3, 'occmsblock.191', 'block6', 0),
(4612, 3, 'ocmegamenu.218', 'block2', 0),
(4622, 4, 'occmsblock.339', 'block9', 0),
(4621, 4, 'occmsblock.364', 'block7', 0),
(4620, 4, 'occmsblock.191', 'block6', 0),
(4637, 2, 'occmsblock.339', 'block9', 0),
(4636, 2, 'occmsblock.364', 'block7', 0),
(4635, 2, 'occmsblock.191', 'block6', 0),
(4611, 3, 'ocmegamenu.215', 'block1', 0),
(4610, 3, 'ocproduct.395', 'column_left', 2),
(4856, 72, 'ocmegamenu.437', 'block2', 0),
(4690, 9, 'occmsblock.339', 'block9', 0),
(4689, 9, 'occmsblock.364', 'block7', 0),
(4688, 9, 'occmsblock.191', 'block6', 0),
(4686, 9, 'oc_page_builder.48', 'content_top', 0),
(4679, 13, 'ocmegamenu.215', 'block1', 0),
(4671, 5, 'category', 'column_left', 0),
(4697, 6, 'occmsblock.396', 'block10', 0),
(4696, 6, 'occmsblock.339', 'block9', 0),
(4695, 6, 'occmsblock.364', 'block7', 0),
(4694, 6, 'occmsblock.191', 'block6', 0),
(4693, 6, 'ocmegamenu.218', 'block2', 0),
(4692, 6, 'ocmegamenu.215', 'block1', 0),
(4687, 9, 'ocmegamenu.218', 'block2', 0),
(4685, 9, 'ocmegamenu.215', 'block1', 0),
(4744, 10, 'occmsblock.364', 'block7', 0),
(4743, 10, 'occmsblock.191', 'block6', 0),
(4742, 10, 'ocmegamenu.426', 'block2', 0),
(4741, 10, 'ocmegamenu.425', 'block1', 0),
(4740, 10, 'ocproduct.395', 'column_left', 2),
(4739, 10, 'category', 'column_left', 0),
(4752, 7, 'occmsblock.339', 'block9', 0),
(4751, 7, 'occmsblock.364', 'block7', 0),
(4750, 7, 'occmsblock.191', 'block6', 0),
(4749, 7, 'ocmegamenu.426', 'block2', 0),
(4748, 7, 'ocmegamenu.425', 'block1', 0),
(4758, 12, 'occmsblock.191', 'block6', 0),
(4757, 12, 'ocmegamenu.426', 'block2', 0),
(4756, 12, 'oc_page_builder.53', 'content_top', 0),
(4755, 12, 'ocmegamenu.425', 'block1', 0),
(4767, 11, 'occmsblock.339', 'block9', 0),
(4766, 11, 'occmsblock.364', 'block7', 0),
(4765, 11, 'occmsblock.191', 'block6', 0),
(4764, 11, 'ocmegamenu.426', 'block2', 0),
(4763, 11, 'ocmegamenu.425', 'block1', 0),
(4625, 1, 'ocmegamenu.215', 'block1', 0),
(4855, 72, 'ocmegamenu.436', 'block1', 0),
(4608, 3, 'category', 'column_left', 0),
(4619, 4, 'ocmegamenu.218', 'block2', 0),
(4618, 4, 'ocmegamenu.215', 'block1', 0),
(4634, 2, 'ocmegamenu.218', 'block2', 0),
(4633, 2, 'ocmegamenu.215', 'block1', 0),
(4864, 73, 'ocmegamenu.436', 'block1', 0),
(4865, 73, 'ocmegamenu.437', 'block2', 0),
(4866, 73, 'occmsblock.191', 'block6', 0),
(4867, 73, 'occmsblock.364', 'block7', 0),
(4868, 73, 'occmsblock.339', 'block9', 0),
(4869, 73, 'occmsblock.396', 'block10', 0),
(4870, 73, 'occmsblock.330', 'block11', 0),
(4871, 74, 'ocmegamenu.436', 'block1', 0),
(4872, 74, 'ocmegamenu.437', 'block2', 0),
(4873, 74, 'occmsblock.191', 'block6', 0),
(4874, 74, 'occmsblock.364', 'block7', 0),
(4875, 74, 'occmsblock.339', 'block9', 0),
(4876, 74, 'occmsblock.396', 'block10', 0),
(4877, 74, 'occmsblock.330', 'block11', 0),
(4904, 75, 'occmsblock.339', 'block9', 0),
(4903, 75, 'occmsblock.364', 'block7', 0),
(4902, 75, 'occmsblock.191', 'block6', 0),
(4901, 75, 'ocmegamenu.437', 'block2', 0),
(4900, 75, 'oc_page_builder.445', 'content_top', 0),
(4899, 75, 'ocmegamenu.436', 'block1', 0),
(4885, 76, 'ocmegamenu.436', 'block1', 0),
(4886, 76, 'ocmegamenu.437', 'block2', 0),
(4887, 76, 'occmsblock.191', 'block6', 0),
(4888, 76, 'occmsblock.364', 'block7', 0),
(4889, 76, 'occmsblock.339', 'block9', 0),
(4890, 76, 'occmsblock.396', 'block10', 0),
(4891, 76, 'occmsblock.330', 'block11', 0),
(4905, 75, 'occmsblock.396', 'block10', 0),
(4906, 75, 'occmsblock.330', 'block11', 0);

-- --------------------------------------------------------

--
-- Table structure for table `oc_layout_route`
--

CREATE TABLE IF NOT EXISTS `oc_layout_route` (
  `layout_route_id` int(11) NOT NULL AUTO_INCREMENT,
  `layout_id` int(11) NOT NULL,
  `store_id` int(11) NOT NULL,
  `route` varchar(64) NOT NULL,
  PRIMARY KEY (`layout_route_id`)
) ENGINE=MyISAM AUTO_INCREMENT=875 DEFAULT CHARSET=utf8;

--
-- Dumping data for table `oc_layout_route`
--

INSERT INTO `oc_layout_route` (`layout_route_id`, `layout_id`, `store_id`, `route`) VALUES
(859, 20, 3, 'product/product'),
(857, 14, 3, ''),
(858, 17, 3, 'common/home'),
(846, 6, 1, 'product/product'),
(852, 10, 2, 'product/category'),
(855, 11, 2, 'product/product'),
(853, 7, 2, ''),
(856, 8, 3, 'product/category'),
(845, 9, 1, 'common/home'),
(843, 5, 1, 'product/category'),
(854, 12, 2, 'common/home'),
(844, 13, 1, ''),
(865, 69, 16, 'product/category'),
(835, 3, 0, 'product/category'),
(867, 71, 16, 'common/home'),
(868, 72, 16, 'product/product'),
(838, 2, 0, 'product/product'),
(836, 4, 0, ''),
(837, 1, 0, 'common/home'),
(866, 70, 16, ''),
(869, 73, 17, 'product/category'),
(870, 74, 17, ''),
(874, 75, 17, 'common/home'),
(872, 76, 17, 'product/product');

-- --------------------------------------------------------

--
-- Table structure for table `oc_length_class`
--

CREATE TABLE IF NOT EXISTS `oc_length_class` (
  `length_class_id` int(11) NOT NULL AUTO_INCREMENT,
  `value` decimal(15,8) NOT NULL,
  PRIMARY KEY (`length_class_id`)
) ENGINE=MyISAM AUTO_INCREMENT=4 DEFAULT CHARSET=utf8;

--
-- Dumping data for table `oc_length_class`
--

INSERT INTO `oc_length_class` (`length_class_id`, `value`) VALUES
(1, '1.00000000'),
(2, '10.00000000'),
(3, '0.39370000');

-- --------------------------------------------------------

--
-- Table structure for table `oc_length_class_description`
--

CREATE TABLE IF NOT EXISTS `oc_length_class_description` (
  `length_class_id` int(11) NOT NULL,
  `language_id` int(11) NOT NULL,
  `title` varchar(32) NOT NULL,
  `unit` varchar(4) NOT NULL,
  PRIMARY KEY (`length_class_id`,`language_id`)
) ENGINE=MyISAM DEFAULT CHARSET=utf8;

--
-- Dumping data for table `oc_length_class_description`
--

INSERT INTO `oc_length_class_description` (`length_class_id`, `language_id`, `title`, `unit`) VALUES
(1, 1, 'Centimeter', 'cm'),
(2, 1, 'Millimeter', 'mm'),
(3, 1, 'Inch', 'in'),
(1, 13, 'Centimeter', 'cm'),
(2, 13, 'Millimeter', 'mm'),
(3, 13, 'Inch', 'in');

-- --------------------------------------------------------

--
-- Table structure for table `oc_location`
--

CREATE TABLE IF NOT EXISTS `oc_location` (
  `location_id` int(11) NOT NULL AUTO_INCREMENT,
  `name` varchar(32) NOT NULL,
  `address` text NOT NULL,
  `telephone` varchar(32) NOT NULL,
  `fax` varchar(32) NOT NULL,
  `geocode` varchar(32) NOT NULL,
  `image` varchar(255) DEFAULT NULL,
  `open` text NOT NULL,
  `comment` text NOT NULL,
  PRIMARY KEY (`location_id`),
  KEY `name` (`name`)
) ENGINE=MyISAM DEFAULT CHARSET=utf8;

-- --------------------------------------------------------

--
-- Table structure for table `oc_manufacturer`
--

CREATE TABLE IF NOT EXISTS `oc_manufacturer` (
  `manufacturer_id` int(11) NOT NULL AUTO_INCREMENT,
  `name` varchar(64) NOT NULL,
  `image` varchar(255) DEFAULT NULL,
  `sort_order` int(3) NOT NULL,
  PRIMARY KEY (`manufacturer_id`)
) ENGINE=MyISAM AUTO_INCREMENT=11 DEFAULT CHARSET=utf8;

--
-- Dumping data for table `oc_manufacturer`
--

INSERT INTO `oc_manufacturer` (`manufacturer_id`, `name`, `image`, `sort_order`) VALUES
(5, 'HTC', 'catalog/demo/htc_logo.jpg', 0),
(6, 'Palm', 'catalog/demo/palm_logo.jpg', 0),
(7, 'Hewlett-Packard', 'catalog/demo/hp_logo.jpg', 0),
(8, 'Apple', 'catalog/demo/apple_logo.jpg', 0),
(9, 'Canon', 'catalog/demo/canon_logo.jpg', 0),
(10, 'Sony', 'catalog/demo/sony_logo.jpg', 0);

-- --------------------------------------------------------

--
-- Table structure for table `oc_manufacturer_to_store`
--

CREATE TABLE IF NOT EXISTS `oc_manufacturer_to_store` (
  `manufacturer_id` int(11) NOT NULL,
  `store_id` int(11) NOT NULL,
  PRIMARY KEY (`manufacturer_id`,`store_id`)
) ENGINE=MyISAM DEFAULT CHARSET=utf8;

--
-- Dumping data for table `oc_manufacturer_to_store`
--

INSERT INTO `oc_manufacturer_to_store` (`manufacturer_id`, `store_id`) VALUES
(5, 0),
(5, 1),
(5, 2),
(5, 3),
(5, 16),
(5, 17),
(6, 0),
(6, 1),
(6, 2),
(6, 3),
(6, 16),
(6, 17),
(7, 0),
(7, 1),
(7, 2),
(7, 3),
(7, 16),
(7, 17),
(8, 0),
(8, 1),
(8, 2),
(8, 3),
(8, 16),
(8, 17),
(9, 0),
(9, 1),
(9, 2),
(9, 3),
(9, 16),
(9, 17),
(10, 0),
(10, 1),
(10, 2),
(10, 3),
(10, 16),
(10, 17);

-- --------------------------------------------------------

--
-- Table structure for table `oc_marketing`
--

CREATE TABLE IF NOT EXISTS `oc_marketing` (
  `marketing_id` int(11) NOT NULL AUTO_INCREMENT,
  `name` varchar(32) NOT NULL,
  `description` text NOT NULL,
  `code` varchar(64) NOT NULL,
  `clicks` int(5) NOT NULL DEFAULT '0',
  `date_added` datetime NOT NULL,
  PRIMARY KEY (`marketing_id`)
) ENGINE=MyISAM DEFAULT CHARSET=utf8;

-- --------------------------------------------------------

--
-- Table structure for table `oc_megamenu`
--

CREATE TABLE IF NOT EXISTS `oc_megamenu` (
  `menu_id` int(11) NOT NULL AUTO_INCREMENT,
  `status` tinyint(1) NOT NULL DEFAULT '0',
  `name` varchar(255) NOT NULL,
  `menu_type` varchar(255) NOT NULL,
  PRIMARY KEY (`menu_id`)
) ENGINE=InnoDB AUTO_INCREMENT=3 DEFAULT CHARSET=utf8;

--
-- Dumping data for table `oc_megamenu`
--

INSERT INTO `oc_megamenu` (`menu_id`, `status`, `name`, `menu_type`) VALUES
(1, 1, 'Horizontal Mega Item Menu', 'horizontal'),
(2, 1, 'Mobile Item Menu', 'mobile');

-- --------------------------------------------------------

--
-- Table structure for table `oc_megamenu_sub_item`
--

CREATE TABLE IF NOT EXISTS `oc_megamenu_sub_item` (
  `sub_menu_item_id` int(11) NOT NULL AUTO_INCREMENT,
  `parent_menu_item_id` int(11) NOT NULL,
  `level` int(11) NOT NULL,
  `status` tinyint(1) NOT NULL DEFAULT '0',
  `name` varchar(255) NOT NULL,
  `position` int(11) NOT NULL,
  `link` varchar(255) DEFAULT NULL,
  PRIMARY KEY (`sub_menu_item_id`)
) ENGINE=InnoDB DEFAULT CHARSET=utf8;

-- --------------------------------------------------------

--
-- Table structure for table `oc_megamenu_sub_item_description`
--

CREATE TABLE IF NOT EXISTS `oc_megamenu_sub_item_description` (
  `sub_menu_item_id` int(11) NOT NULL,
  `language_id` int(11) NOT NULL,
  `title` varchar(255) NOT NULL,
  PRIMARY KEY (`sub_menu_item_id`,`language_id`)
) ENGINE=InnoDB DEFAULT CHARSET=utf8;

-- --------------------------------------------------------

--
-- Table structure for table `oc_megamenu_top_item`
--

CREATE TABLE IF NOT EXISTS `oc_megamenu_top_item` (
  `menu_item_id` int(11) NOT NULL AUTO_INCREMENT,
  `menu_id` int(11) NOT NULL,
  `status` tinyint(1) NOT NULL DEFAULT '0',
  `has_title` tinyint(1) NOT NULL DEFAULT '0',
  `has_link` tinyint(1) NOT NULL DEFAULT '0',
  `has_child` tinyint(1) NOT NULL DEFAULT '0',
  `category_id` int(11) DEFAULT NULL,
  `position` int(11) NOT NULL DEFAULT '0',
  `name` varchar(255) NOT NULL,
  `link` varchar(255) DEFAULT NULL,
  `icon` varchar(255) DEFAULT NULL,
  `item_align` varchar(255) NOT NULL,
  `sub_menu_type` varchar(255) NOT NULL,
  `sub_menu_content_type` varchar(255) NOT NULL,
  `sub_menu_content_columns` int(11) DEFAULT NULL,
  `sub_menu_content` text,
  PRIMARY KEY (`menu_item_id`)
) ENGINE=InnoDB AUTO_INCREMENT=102 DEFAULT CHARSET=utf8;

--
-- Dumping data for table `oc_megamenu_top_item`
--

INSERT INTO `oc_megamenu_top_item` (`menu_item_id`, `menu_id`, `status`, `has_title`, `has_link`, `has_child`, `category_id`, `position`, `name`, `link`, `icon`, `item_align`, `sub_menu_type`, `sub_menu_content_type`, `sub_menu_content_columns`, `sub_menu_content`) VALUES
(7, 1, 1, 1, 1, 0, 0, 0, 'Home', 'index.php?route=common/home', '', 'left', 'mega', 'widget', 1, '[]'),
(9, 1, 1, 1, 1, 0, 0, 6, 'Blog', 'index.php?route=blog/blog', '', 'left', 'mega', 'widget', 1, '[]'),
(10, 2, 1, 1, 1, 0, 0, 0, 'Home', 'index.php?route=common/home', '', 'left', 'mega', 'widget', 1, '[]'),
(16, 2, 1, 1, 1, 0, 0, 3, 'About us', 'index.php?route=information/information&amp;information_id=4', '', 'left', 'mega', 'widget', 1, '[]'),
(17, 2, 1, 1, 1, 0, 0, 6, 'Blog', 'index.php?route=blog/blog', '', 'left', 'mega', 'widget', 1, '[]'),
(21, 1, 1, 1, 1, 0, 0, 4, 'Contact us', 'index.php?route=information/contact', '', 'left', 'mega', 'widget', 1, '[]'),
(22, 2, 1, 1, 1, 0, 0, 4, 'Contact us', 'index.php?route=information/contact', '', 'left', 'mega', 'widget', 1, '[]'),
(84, 1, 1, 1, 1, 0, 0, 5, 'Specials', 'index.php?route=product/special', '', 'left', 'mega', 'widget', 1, '[]'),
(87, 2, 1, 1, 1, 0, 0, 5, 'Specials', 'index.php?route=product/special', '', 'left', 'mega', 'widget', 1, '[]'),
(88, 2, 1, 1, 1, 1, 20, 0, 'Flowers', 'index.php?route=product/category&amp;path=20', '', 'left', 'flyout', 'category', 1, '{\"category\":[{\"name\":\"Handbag\",\"type\":\"category\",\"cols\":\"2\",\"position\":\"0\",\"category_id\":\"307\",\"show_image\":\"0\",\"show_child\":\"1\"},{\"name\":\"Tablets\",\"type\":\"category\",\"cols\":\"2\",\"position\":\"1\",\"category_id\":\"48\",\"show_image\":\"0\",\"show_child\":\"1\"},{\"name\":\"Clothing\",\"type\":\"category\",\"cols\":\"2\",\"position\":\"2\",\"category_id\":\"50\",\"show_image\":\"0\",\"show_child\":\"1\"},{\"name\":\"Monitors\",\"type\":\"category\",\"cols\":\"2\",\"position\":\"3\",\"category_id\":\"304\",\"show_image\":\"0\",\"show_child\":\"1\"}]}'),
(89, 2, 1, 1, 1, 1, 56, 0, 'Decor', 'index.php?route=product/category&amp;path=56', '', 'left', 'flyout', 'category', 1, '{\"category\":[{\"name\":\"Shoes\",\"type\":\"category\",\"cols\":\"2\",\"position\":\"0\",\"category_id\":\"84\",\"show_image\":\"0\",\"show_child\":\"1\"},{\"name\":\"Clothing\",\"type\":\"category\",\"cols\":\"2\",\"position\":\"1\",\"category_id\":\"86\",\"show_image\":\"0\",\"show_child\":\"1\"},{\"name\":\"Handbag\",\"type\":\"category\",\"cols\":\"2\",\"position\":\"2\",\"category_id\":\"62\",\"show_image\":\"0\",\"show_child\":\"1\"},{\"name\":\"Accessories\",\"type\":\"category\",\"cols\":\"2\",\"position\":\"3\",\"category_id\":\"91\",\"show_image\":\"0\",\"show_child\":\"1\"}]}'),
(90, 2, 1, 1, 1, 1, 124, 0, 'Outdoor Living ', 'index.php?route=product/category&amp;path=124', '', 'left', 'flyout', 'category', 1, '{\"category\":[{\"name\":\"Handbag\",\"type\":\"category\",\"cols\":\"2\",\"position\":\"0\",\"category_id\":\"305\",\"show_image\":\"0\",\"show_child\":\"1\"},{\"name\":\"Accessories\",\"type\":\"category\",\"cols\":\"2\",\"position\":\"1\",\"category_id\":\"125\",\"show_image\":\"0\",\"show_child\":\"1\"},{\"name\":\"Clothing\",\"type\":\"category\",\"cols\":\"2\",\"position\":\"2\",\"category_id\":\"133\",\"show_image\":\"0\",\"show_child\":\"1\"},{\"name\":\"Shoes\",\"type\":\"category\",\"cols\":\"2\",\"position\":\"3\",\"category_id\":\"137\",\"show_image\":\"0\",\"show_child\":\"1\"}]}'),
(91, 2, 1, 1, 1, 1, 312, 0, 'Indoor Living', 'index.php?route=product/category&amp;path=312', '', 'left', 'flyout', 'category', 1, '{\"category\":[{\"name\":\"Bridge\",\"type\":\"category\",\"cols\":\"2\",\"position\":\"0\",\"category_id\":\"386\",\"show_image\":\"0\",\"show_child\":\"1\"},{\"name\":\"Hub\",\"type\":\"category\",\"cols\":\"2\",\"position\":\"1\",\"category_id\":\"385\",\"show_image\":\"0\",\"show_child\":\"1\"},{\"name\":\"Repeater\",\"type\":\"category\",\"cols\":\"2\",\"position\":\"2\",\"category_id\":\"384\",\"show_image\":\"0\",\"show_child\":\"1\"},{\"name\":\"Switch\",\"type\":\"category\",\"cols\":\"2\",\"position\":\"3\",\"category_id\":\"387\",\"show_image\":\"0\",\"show_child\":\"1\"},{\"name\":\"Video Games Cosoles\",\"type\":\"category\",\"cols\":\"2\",\"position\":\"4\",\"category_id\":\"308\",\"show_image\":\"0\",\"show_child\":\"1\"}]}'),
(100, 1, 1, 1, 1, 1, 20, 0, 'Flowers', 'index.php?route=product/category&amp;path=20', '', 'left', 'mega', 'category', 1, '{\"category\":[{\"name\":\"Handbag\",\"type\":\"category\",\"cols\":\"3\",\"position\":\"0\",\"category_id\":\"307\",\"show_image\":\"0\",\"show_child\":\"1\"},{\"name\":\"Tablets\",\"type\":\"category\",\"cols\":\"3\",\"position\":\"1\",\"category_id\":\"48\",\"show_image\":\"0\",\"show_child\":\"1\"},{\"name\":\"Clothing\",\"type\":\"category\",\"cols\":\"3\",\"position\":\"2\",\"category_id\":\"50\",\"show_image\":\"0\",\"show_child\":\"1\"},{\"name\":\"Monitors\",\"type\":\"category\",\"cols\":\"3\",\"position\":\"3\",\"category_id\":\"304\",\"show_image\":\"0\",\"show_child\":\"1\"}]}'),
(101, 1, 1, 1, 1, 1, 56, 0, 'Decor', 'index.php?route=product/category&amp;path=56', '', 'left', 'flyout', 'category', 1, '{\"category\":[{\"name\":\"Shoes\",\"type\":\"category\",\"cols\":\"2\",\"position\":\"0\",\"category_id\":\"84\",\"show_image\":\"0\",\"show_child\":\"1\"},{\"name\":\"Clothing\",\"type\":\"category\",\"cols\":\"2\",\"position\":\"1\",\"category_id\":\"86\",\"show_image\":\"0\",\"show_child\":\"1\"},{\"name\":\"Handbag\",\"type\":\"category\",\"cols\":\"2\",\"position\":\"2\",\"category_id\":\"62\",\"show_image\":\"0\",\"show_child\":\"1\"},{\"name\":\"Accessories\",\"type\":\"category\",\"cols\":\"2\",\"position\":\"3\",\"category_id\":\"91\",\"show_image\":\"0\",\"show_child\":\"1\"}]}');

-- --------------------------------------------------------

--
-- Table structure for table `oc_megamenu_top_item_description`
--

CREATE TABLE IF NOT EXISTS `oc_megamenu_top_item_description` (
  `menu_item_id` int(11) NOT NULL,
  `language_id` int(11) NOT NULL,
  `title` varchar(255) NOT NULL,
  PRIMARY KEY (`menu_item_id`,`language_id`)
) ENGINE=InnoDB DEFAULT CHARSET=utf8;

--
-- Dumping data for table `oc_megamenu_top_item_description`
--

INSERT INTO `oc_megamenu_top_item_description` (`menu_item_id`, `language_id`, `title`) VALUES
(7, 1, 'Home'),
(7, 13, 'Home'),
(9, 1, 'Blog'),
(9, 13, 'Blog'),
(10, 1, 'Home'),
(10, 13, 'Home'),
(16, 1, 'About us'),
(16, 13, 'About us'),
(17, 1, 'Blog'),
(17, 13, 'Blog'),
(21, 1, 'Contact us'),
(21, 13, 'Contact us'),
(22, 1, 'Contact us'),
(22, 13, 'Contact us'),
(24, 1, 'Home'),
(26, 1, 'accessories'),
(27, 1, 'Special Offers'),
(28, 1, 'About us'),
(29, 1, 'Contact us'),
(30, 1, 'Blog'),
(31, 1, 'Home'),
(34, 1, 'Special Offers'),
(35, 1, 'About us'),
(37, 1, 'Blog'),
(38, 1, 'Shop'),
(39, 1, 'Shop'),
(40, 1, 'Home'),
(41, 1, 'Accessories'),
(42, 1, 'Special Offers'),
(43, 1, 'Blog'),
(45, 1, 'About us'),
(46, 1, 'shop'),
(47, 1, 'Accessories'),
(48, 1, 'Home'),
(49, 1, 'shop'),
(50, 1, 'Accessories'),
(51, 1, 'Special Offers'),
(52, 1, 'Contact us'),
(53, 1, 'About us'),
(54, 1, 'Blog'),
(57, 1, 'Audio &amp; Home Theater'),
(58, 1, 'Camera, Photo &amp; Video'),
(59, 1, 'Laptop &amp; Computer'),
(60, 1, 'Cellphones &amp; Accessories'),
(61, 1, 'Video Games Consoles'),
(62, 1, 'Business &amp; Office'),
(63, 1, 'Headphones &amp; Accessories'),
(64, 1, 'Quadcopters &amp; Accessories'),
(65, 1, 'Network Devices'),
(66, 1, 'Smart Watches &amp; Accessories'),
(84, 1, 'Specials'),
(84, 13, 'Specials'),
(87, 1, 'Specials'),
(87, 13, 'Specials'),
(88, 1, 'Flowers'),
(88, 13, 'Flowers'),
(89, 1, 'Decor'),
(89, 13, 'Decor'),
(90, 1, 'Outdoor Living '),
(90, 13, 'Outdoor Living '),
(91, 1, 'Indoor Living'),
(91, 13, 'Indoor Living'),
(92, 1, 'Home'),
(92, 13, 'Home'),
(93, 1, 'Shop'),
(94, 1, 'Accessories'),
(95, 1, 'About us'),
(96, 1, 'Contact us'),
(97, 1, 'Specials'),
(98, 1, 'Blog'),
(99, 1, 'Sneaker'),
(100, 1, 'Flowers'),
(100, 13, 'Flowers'),
(101, 1, 'Decor'),
(101, 13, 'Decor');

-- --------------------------------------------------------

--
-- Table structure for table `oc_modification`
--

CREATE TABLE IF NOT EXISTS `oc_modification` (
  `modification_id` int(11) NOT NULL AUTO_INCREMENT,
  `extension_install_id` int(11) NOT NULL,
  `name` varchar(64) NOT NULL,
  `code` varchar(64) NOT NULL,
  `author` varchar(64) NOT NULL,
  `version` varchar(32) NOT NULL,
  `link` varchar(255) NOT NULL,
  `xml` mediumtext NOT NULL,
  `status` tinyint(1) NOT NULL,
  `date_added` datetime NOT NULL,
  PRIMARY KEY (`modification_id`)
) ENGINE=MyISAM AUTO_INCREMENT=40 DEFAULT CHARSET=utf8;

--
-- Dumping data for table `oc_modification`
--

INSERT INTO `oc_modification` (`modification_id`, `extension_install_id`, `name`, `code`, `author`, `version`, `link`, `xml`, `status`, `date_added`) VALUES
(23, 23, 'OC Search Category by Plaza Themes', 'search_category', 'Plaza Theme', '3.0', 'http://www.plazathemes.com/', '<modification>\r\n    <name>OC Search Category by Plaza Themes</name>\r\n	<version>3.0</version>\r\n	<link>http://www.plazathemes.com/</link>\r\n	<author>Plaza Theme</author>\r\n	<code>search_category</code>\r\n\r\n	<file path=\"catalog/controller/common/header.php\">\r\n		<operation>\r\n			<search ><![CDATA[$data[\'search\'] = $this->load->controller(\'common/search\');]]></search>\r\n			<add position=\"replace\"><![CDATA[\r\n				/* Edit for Search Category Module by OCMod */\r\n				$module_status = $this->config->get(\'module_ocsearchcategory_status\');\r\n				if($module_status) {\r\n					$data[\'search\'] = $this->load->controller(\'extension/module/ocsearchcategory\');\r\n				} else {\r\n					$data[\'search\'] = $this->load->controller(\'common/search\');\r\n				}\r\n				/* End Code */\r\n			]]></add>\r\n		</operation>\r\n	</file>	\r\n</modification>', 1, '2017-10-18 14:05:14'),
(37, 37, 'OC Theme Option', 'oc_theme_option', 'Plaza Theme', '1.18', '', '<?xml version=\"1.0\" encoding=\"utf-8\"?>\r\n<modification>\r\n    <code>oc_theme_option</code>\r\n    <name>OC Theme Option</name>\r\n    <version>1.18</version>\r\n    <author>Plaza Theme</author>\r\n\r\n    <!-- Menu Left in Admin -->\r\n    <file path=\"admin/controller/common/column_left.php\">\r\n        <operation>\r\n            <search ><![CDATA[$sale = array();]]></search>\r\n            <add position=\"before\"><![CDATA[\r\n            // OC Menu Items\r\n            $this->load->language(\'ocadminmenu/ocadminmenu\');\r\n\r\n            $ocadmin_menu = array();\r\n\r\n            if($this->user->hasPermission(\'access\', \'extension/module/octhemeoption\')) {\r\n                $ocadmin_menu[] = array(\r\n                    \'name\'     => $this->language->get(\'text_theme_config\'),\r\n                    \'href\'     => $this->url->link(\'extension/module/octhemeoption\', \'user_token=\' . $this->session->data[\'user_token\'], true),\r\n                    \'children\' => array()\r\n                );\r\n            }\r\n\r\n            if($this->user->hasPermission(\'access\', \'catalog/occategorythumbnail\')) {\r\n                $ocadmin_menu[] = array(\r\n                    \'name\'     => $this->language->get(\'text_category_thumbnail\'),\r\n                    \'href\'     => $this->url->link(\'catalog/occategorythumbnail\', \'user_token=\' . $this->session->data[\'user_token\'], true),\r\n                    \'children\' => array()\r\n                );\r\n            }\r\n\r\n            if($this->user->hasPermission(\'access\', \'extension/module/ocmegamenu\')) {\r\n                $ocadmin_menu[] = array(\r\n                    \'name\'     => $this->language->get(\'text_advance_menu\'),\r\n                    \'href\'     => $this->url->link(\'extension/module/ocmegamenu/menuList\', \'user_token=\' . $this->session->data[\'user_token\'], true),\r\n                    \'children\' => array()\r\n                );\r\n            }\r\n\r\n            // Blog\r\n            $blog = array();\r\n\r\n            if ($this->user->hasPermission(\'access\', \'blog/article\')) {\r\n                $blog[] = array(\r\n                    \'name\'     => $this->language->get(\'text_article\'),\r\n                    \'href\'     => $this->url->link(\'blog/article\', \'user_token=\' . $this->session->data[\'user_token\'], true),\r\n                    \'children\' => array()\r\n                );\r\n            }\r\n\r\n            if ($this->user->hasPermission(\'access\', \'blog/articlelist\')) {\r\n                $blog[] = array(\r\n                    \'name\'     => $this->language->get(\'text_article_list\'),\r\n                    \'href\'     => $this->url->link(\'blog/articlelist\', \'user_token=\' . $this->session->data[\'user_token\'], true),\r\n                    \'children\' => array()\r\n                );\r\n            }\r\n\r\n            if ($this->user->hasPermission(\'access\', \'blog/config\')) {\r\n                $blog[] = array(\r\n                    \'name\'     => $this->language->get(\'text_blog_config\'),\r\n                    \'href\'     => $this->url->link(\'blog/config\', \'user_token=\' . $this->session->data[\'user_token\'], true),\r\n                    \'children\' => array()\r\n                );\r\n            }\r\n\r\n            if($blog) {\r\n                $ocadmin_menu[] = array(\r\n                    \'name\'      => $this->language->get(\'text_blog\'),\r\n                    \'href\'      => \'\',\r\n                    \'children\'  => $blog\r\n                );\r\n            }\r\n\r\n            if($this->user->hasPermission(\'access\', \'extension/module/occmsblock\')) {\r\n                $ocadmin_menu[] = array(\r\n                    \'name\'     => $this->language->get(\'text_cms_block\'),\r\n                    \'href\'     => $this->url->link(\'extension/module/occmsblock/cmslist\', \'user_token=\' . $this->session->data[\'user_token\'], true),\r\n                    \'children\' => array()\r\n                );\r\n            }\r\n\r\n            if($this->user->hasPermission(\'access\', \'extension/module/ocslideshow\')) {\r\n                $ocadmin_menu[] = array(\r\n                    \'name\'     => $this->language->get(\'text_slideshow\'),\r\n                    \'href\'     => $this->url->link(\'extension/module/ocslideshow/form\', \'user_token=\' . $this->session->data[\'user_token\'], true),\r\n                    \'children\' => array()\r\n                );\r\n            }\r\n\r\n            if($this->user->hasPermission(\'access\', \'catalog/octestimonial\')) {\r\n                $ocadmin_menu[] = array(\r\n                    \'name\'     => $this->language->get(\'text_testimonial\'),\r\n                    \'href\'     => $this->url->link(\'catalog/octestimonial\', \'user_token=\' . $this->session->data[\'user_token\'], true),\r\n                    \'children\' => array()\r\n                );\r\n            }\r\n            \r\n            $data[\'menus\'][] = array(\r\n                \'id\'       => \'menu-panel\',\r\n                \'icon\'     => \'fa-empire\',\r\n                \'name\'     => $this->language->get(\'text_theme_menu\'),\r\n                \'href\'     => \'\',\r\n                \'children\' => $ocadmin_menu\r\n            );\r\n            ]]></add>\r\n        </operation>\r\n    </file>\r\n\r\n    <!-- PRODUCT CONFIGURATION -->\r\n    <file path=\"admin/controller/catalog/product.php\">\r\n        <operation>\r\n            <search ><![CDATA[public function index() {]]></search>\r\n            <add position=\"after\"><![CDATA[\r\n        $this->load->model(\'catalog/ocproductrotator\');\r\n        $this->model_catalog_ocproductrotator->installProductRotator();\r\n\r\n        $this->load->model(\'catalog/occolorswatches\');\r\n        $this->model_catalog_occolorswatches->installSwatchesAttribute();\r\n            ]]></add>\r\n        </operation>\r\n        <operation>\r\n            <search ><![CDATA[$this->load->language(\'catalog/product\');]]></search>\r\n            <add position=\"before\"><![CDATA[\r\n                $this->load->language(\'extension/module/ocproductrotator\');\r\n                $this->load->language(\'extension/module/octhemeoption\');\r\n            ]]></add>\r\n        </operation>\r\n        <operation>\r\n            <search ><![CDATA[\'sort_order\' => $product_image[\'sort_order\']]]></search>\r\n            <add position=\"before\"><![CDATA[\r\n                \'is_rotator\' => $product_image[\'is_rotator\'],\r\n                \'product_option_value_id\' => $product_image[\'product_option_value_id\'],\r\n            ]]></add>\r\n        </operation>\r\n    </file>\r\n\r\n    <file path=\"admin/model/catalog/product.php\">\r\n        <operation>\r\n            <search><![CDATA[$this->db->query(\"INSERT INTO \" . DB_PREFIX . \"product_image SET product_id = \'\" . (int)$product_id . \"\', image = \'\" . $this->db->escape($product_image[\'image\']) . \"\', sort_order = \'\" . (int)$product_image[\'sort_order\'] . \"\'\");]]></search>\r\n            <add position=\"replace\">\r\n                <![CDATA[\r\n                    if(isset($product_image[\'product_option_value_id\']) && $product_image[\'product_option_value_id\']) {\r\n                        $this->db->query(\"INSERT INTO \" . DB_PREFIX . \"product_image SET product_id = \'\" . (int)$product_id . \"\', image = \'\" . $this->db->escape($product_image[\'image\']) . \"\', sort_order = \'\" . (int)$product_image[\'sort_order\'] . \"\', is_rotator = \'\" . (int)$product_image[\'is_rotator\'] . \"\', product_option_value_id = \'\" . (int)$product_image[\'product_option_value_id\'] . \"\'\");\r\n                    } else {\r\n                        $this->db->query(\"INSERT INTO \" . DB_PREFIX . \"product_image SET product_id = \'\" . (int)$product_id . \"\', image = \'\" . $this->db->escape($product_image[\'image\']) . \"\', sort_order = \'\" . (int)$product_image[\'sort_order\'] . \"\', is_rotator = \'\" . (int)$product_image[\'is_rotator\'] . \"\'\");\r\n                    }\r\n                ]]>\r\n            </add>\r\n        </operation>\r\n    </file>\r\n\r\n    <file path=\"admin/view/template/catalog/product_form.twig\">\r\n        <operation>\r\n            <search><![CDATA[<td class=\"text-right\">{{ entry_sort_order }}</td>]]></search>\r\n            <add position=\"after\">\r\n                <![CDATA[\r\n                    <td class=\"text-center\">{{ entry_option }}</td>\r\n                    <td class=\"text-center\">{{ entry_is_rotator }}</td>\r\n                ]]>\r\n            </add>\r\n        </operation>\r\n        <operation>\r\n            <search><![CDATA[<td class=\"text-left\"><button type=\"button\" onclick=\"$(\'#image-row{{ image_row }}\').remove();\" data-toggle=\"tooltip\" title=\"{{ button_remove }}\" class=\"btn btn-danger\"><i class=\"fa fa-minus-circle\"></i></button></td>]]></search>\r\n            <add position=\"before\">\r\n                <![CDATA[\r\n                    <!-- Swatches Options -->\r\n                    <td class=\"text-center\">\r\n                      <select class=\"form-control image-opt\" id=\"product-image-option-{{ image_row }}\" data-row=\"{{ image_row }}\" style=\"margin-bottom: 10px;\">\r\n                        <option value=\"0\">{{ text_choose_option }}</option>\r\n                        {% for product_option in product_options %}\r\n                          {% if product_option.type == \"select\" or product_option.type == \"radio\" %}\r\n                            <option value=\"{{ product_option.product_option_id }}\">{{ product_option.name }}</option>\r\n                          {% endif %}\r\n                        {% endfor %}\r\n                      </select>\r\n                      {% for product_option in product_options %}\r\n                        {% if product_option.type == \"select\" or product_option.type == \"radio\" %}\r\n                        <select class=\"form-control image-opt-value\" id=\"product-image-option-{{ image_row }}-{{ product_option.product_option_id }}\" data-row=\"{{ image_row }}\" data-type=\"{{ product_option.product_option_id }}\">\r\n                          <option value=\"0\">{{ text_choose_value }}</option>\r\n                          {% for po_value in product_option.product_option_value %}\r\n                            {% if option_values[product_option.option_id] %}\r\n                              {% for option_value in option_values[product_option.option_id] %}\r\n                                {% if option_value.option_value_id == po_value.option_value_id %}\r\n                                  <option value=\"{{ po_value.product_option_value_id }}\" {% if product_image.product_option_value_id == po_value.product_option_value_id %} selected=\"selected\" {% endif %}>{{ option_value.name }}</option>\r\n                                {% endif %}\r\n                              {% endfor %}\r\n                            {% endif %}\r\n                          {% endfor %}\r\n                        </select>\r\n                        {% endif %}\r\n                      {% endfor %}\r\n                    </td>\r\n\r\n                    <!-- Rotator Image -->\r\n                    <td class=\"text-center\">\r\n                      <select name=\"product_image[{{ image_row }}][is_rotator]\" class=\"form-control rotator-select\">\r\n                        {% if product_image.is_rotator and (product_image.is_rotator == 1) %}\r\n                        <option value=\"1\" selected=\"selected\">Yes</option>\r\n                        <option value=\"0\">No</option>\r\n                        {% else %}\r\n                        <option value=\"1\">Yes</option>\r\n                        <option value=\"0\" selected=\"selected\">No</option>\r\n                        {% endif %}\r\n                      </select>\r\n                    </td>\r\n                    <!-- End -->\r\n                ]]>\r\n            </add>\r\n        </operation>\r\n        <operation>\r\n            <search><![CDATA[function addImage() {]]></search>\r\n            <add position=\"before\">\r\n                <![CDATA[\r\n                    $(\'#tab-image tfoot td:first\').attr(\'colspan\', 4);\r\n\r\n                    // Swatches Options\r\n                    $(\'.image-opt-value\').hide();\r\n                    $(\'.image-opt-value\').each(function () {\r\n                      var row = $(this).data(\'row\');\r\n                      $(this).find(\'option\').each(function () {\r\n                        if($(this).attr(\"selected\") == \'selected\') {\r\n                          var option_id = $(this).closest(\'.image-opt-value\').data(\'type\');\r\n                          $(\'#product-image-option-\' + row).find(\"option[value=\'\" + option_id + \"\']\").attr(\'selected\', \'selected\');\r\n                          $(this).closest(\'.image-opt-value\').attr(\'name\', \'product_image[\' + row + \'][product_option_value_id]\').show();\r\n                        }\r\n                      });\r\n                    });\r\n\r\n                    $(\'.image-opt\').change(function () {\r\n                      var row = $(this).data(\'row\');\r\n                      var id_select = $(this).attr(\'id\');\r\n                      var product_option_id = $(this).val();\r\n                      $(\'#image-row\' + row).find(\'.image-opt-value\').removeAttr(\'name\').hide();\r\n                      $(\'#\' + id_select + \"-\" + product_option_id).attr(\'name\', \'product_image[\' + row + \'][product_option_value_id]\').show();\r\n                    });\r\n\r\n                    // Product Rotator\r\n                    $(\'.rotator-select\').change(function() {\r\n                      var value = $(this).val();\r\n                      if(value == 1) {\r\n                        $(\'.rotator-select\').val(0);\r\n                        $(this).val(1);\r\n                      }\r\n                    });\r\n                ]]>\r\n            </add>\r\n        </operation>\r\n        <operation>\r\n            <search><![CDATA[$(\'#images tbody\').append(html);]]></search>\r\n            <add position=\"after\">\r\n                <![CDATA[\r\n                    // Swatches Options\r\n                    $(\'.image-opt\').change(function () {\r\n                      var row = $(this).data(\'row\');\r\n                      var id_select = $(this).attr(\'id\');\r\n                      var product_option_id = $(this).val();\r\n                      $(\'#image-row\' + row).find(\'.image-opt-value\').removeAttr(\'name\').hide();\r\n                      $(\'#\' + id_select + \"-\" + product_option_id).attr(\'name\', \'product_image[\' + row + \'][product_option_value_id]\').show();\r\n                    });\r\n\r\n                    //Product Rotator\r\n                    $(\'.rotator-select\').change(function() {\r\n                      var value = $(this).val();\r\n                      if(value == 1) {\r\n                        $(\'.rotator-select\').val(0);\r\n                        $(this).val(1);\r\n                      }\r\n                    });\r\n                    //End\r\n                ]]>\r\n            </add>\r\n        </operation>\r\n        <operation>\r\n            <search><![CDATA[html += \'  <td class=\"text-left\"><button type=\"button\" onclick=\"$(\\\'#image-row\' + image_row  + \'\\\').remove();\" data-toggle=\"tooltip\" title=\"{{ button_remove }}\" class=\"btn btn-danger\"><i class=\"fa fa-minus-circle\"></i></button></td>\';]]></search>\r\n            <add position=\"before\">\r\n                <![CDATA[\r\n                    // Swatches Options\r\n                    html += \'  <td class=\"text-center\">\';\r\n                    html += \'    <select class=\"form-control image-opt\" id=\"product-image-option-\' + image_row + \'\" data-row=\"\' + image_row + \'\" style=\"margin-bottom: 10px;\">\';\r\n                    html += \'       <option value=\"0\">{{ text_choose_option }}</option>\';\r\n                    {% for product_option in product_options %}\r\n                    {% if product_option.type == \"select\" or product_option.type == \"radio\" %}\r\n                    html += \'       <option value=\"{{ product_option.product_option_id }}\">{{ product_option.name }}</option>\';\r\n                    {% endif %}\r\n                    {% endfor %}\r\n                    html += \'    </select>\';\r\n                    {% for product_option in product_options %}\r\n                    {% if product_option.type == \"select\" or product_option.type == \"radio\" %}\r\n                    html += \'    <select class=\"form-control image-opt-value\" id=\"product-image-option-\' + image_row + \'-{{ product_option.product_option_id }}\" data-row=\"\' + image_row + \'\" data-type=\"{{ product_option.product_option_id }}\" style=\"display: none;\">\';\r\n                    html += \'       <option value=\"0\">{{ text_choose_value }}</option>\';\r\n                    {% for po_value in product_option.product_option_value %}\r\n                    {% if option_values[product_option.option_id] %}\r\n                    {% for option_value in option_values[product_option.option_id] %}\r\n                    {% if option_value.option_value_id == po_value.option_value_id %}\r\n                    html += \'       <option value=\"{{ po_value.product_option_value_id }}\">{{ option_value.name }}</option>\';\r\n                    {% endif %}\r\n                    {% endfor %}\r\n                    {% endif %}\r\n                    {% endfor %}\r\n                    html += \'    </select>\';\r\n                    {% endif %}\r\n                    {% endfor %}\r\n                    html += \'  </td>\';\r\n\r\n                    //Product Rotator\r\n                    html += \' <td class=\"text-center\">\';\r\n                    html += \'   <select name=\"product_image[\' + image_row + \'][is_rotator]\" class=\"form-control rotator-select\">\';\r\n                    html += \'     <option value=\"1\">{{ text_yes }}</option>\';\r\n                    html += \'     <option value=\"0\" selected=\"selected\">{{ text_no }}</option>\';\r\n                    html += \'   </select>\';\r\n                    html += \' </td>\';\r\n                ]]>\r\n            </add>\r\n        </operation>\r\n    </file>\r\n\r\n    <file path=\"catalog/controller/product/product.php\">\r\n        <operation>\r\n            <search><![CDATA[$data[\'heading_title\'] = $product_info[\'name\'];]]></search>\r\n            <add position=\"before\"><![CDATA[\r\n            /* Zoom & Swatches */\r\n            $store_id = $this->config->get(\'config_store_id\');\r\n            $use_swatches = (int) $this->config->get(\'module_octhemeoption_use_swatches\')[$store_id];\r\n            $use_zoom = (int) $this->config->get(\'module_octhemeoption_use_zoom\')[$store_id];\r\n            ]]></add>\r\n        </operation>\r\n        <operation>\r\n            <search><![CDATA[$data[\'images\'] = array();]]></search>\r\n            <add position=\"before\"><![CDATA[\r\n            if($use_swatches) {\r\n                $data[\'use_swatches\'] = true;\r\n                $data[\'icon_swatches_width\'] = $this->config->get(\'module_octhemeoption_swatches_width\')[$store_id];\r\n                $data[\'icon_swatches_height\'] = $this->config->get(\'module_octhemeoption_swatches_height\')[$store_id];\r\n                $data[\'swatches_option\'] = $this->config->get(\'module_octhemeoption_swatches_option\')[$store_id];\r\n\r\n                if (file_exists(\'catalog/view/theme/\' . $this->config->get(\'theme_\' . $this->config->get(\'config_theme\') . \'_directory\') . \'/stylesheet/occolorswatches/swatches.css\')) {\r\n                    $this->document->addStyle(\'catalog/view/theme/\' . $this->config->get(\'theme_\' . $this->config->get(\'config_theme\') . \'_directory\') . \'/stylesheet/occolorswatches/swatches.css\');\r\n                } else {\r\n                    $this->document->addStyle(\'catalog/view/theme/default/stylesheet/occolorswatches/swatches.css\');\r\n                }\r\n\r\n                $this->document->addScript(\'catalog/view/javascript/occolorswatches/swatches.js\');\r\n            } else {\r\n                $data[\'use_swatches\'] = false;\r\n            }\r\n            \r\n            if($use_zoom) {\r\n                $data[\'use_zoom\'] = true;\r\n\r\n                if ($product_info[\'image\']) {\r\n                    $data[\'small_image\'] = $this->model_tool_image->resize($product_info[\'image\'], $this->config->get(\'theme_\' . $this->config->get(\'config_theme\') . \'_image_additional_width\'), $this->config->get(\'theme_\' . $this->config->get(\'config_theme\') . \'_image_additional_height\'));\r\n                } else {\r\n                    $data[\'small_image\'] = \'\';\r\n                }\r\n\r\n                if (file_exists(\'catalog/view/theme/\' . $this->config->get(\'theme_\' . $this->config->get(\'config_theme\') . \'_directory\') . \'/stylesheet/oczoom/zoom.css\')) {\r\n                    $this->document->addStyle(\'catalog/view/theme/\' . $this->config->get(\'theme_\' . $this->config->get(\'config_theme\') . \'_directory\') . \'/stylesheet/oczoom/zoom.css\');\r\n                } else {\r\n                    $this->document->addStyle(\'catalog/view/theme/default/stylesheet/oczoom/zoom.css\');\r\n                }\r\n\r\n                $data[\'popup_dimension\'] = array(\r\n                    \'width\' => $this->config->get(\'theme_\' . $this->config->get(\'config_theme\') . \'_image_popup_width\'),\r\n                    \'height\' => $this->config->get(\'theme_\' . $this->config->get(\'config_theme\') . \'_image_popup_height\')\r\n                );\r\n\r\n                $data[\'thumb_dimension\'] = array(\r\n                    \'width\' => $this->config->get(\'theme_\' . $this->config->get(\'config_theme\') . \'_image_thumb_width\'),\r\n                    \'height\' => $this->config->get(\'theme_\' . $this->config->get(\'config_theme\') . \'_image_thumb_height\')\r\n                );\r\n\r\n                $data[\'small_dimension\'] = array(\r\n                    \'width\' => $this->config->get(\'theme_\' . $this->config->get(\'config_theme\') . \'_image_additional_width\'),\r\n                    \'height\' => $this->config->get(\'theme_\' . $this->config->get(\'config_theme\') . \'_image_additional_height\')\r\n                );\r\n\r\n                $bg_status = (int) $this->config->get(\'module_octhemeoption_zoom_background_status\')[$store_id];\r\n                if($bg_status) {\r\n                    $zoom_bg_status = true;\r\n                } else {\r\n                    $zoom_bg_status = false;\r\n                }\r\n\r\n                $title_status = (int) $this->config->get(\'module_octhemeoption_zoom_title\')[$store_id];\r\n                if($title_status) {\r\n                    $zoom_title_status = true;\r\n                } else {\r\n                    $zoom_title_status = false;\r\n                }\r\n\r\n                $data[\'zoom_config\'] = array(\r\n                    \'position\' => $this->config->get(\'module_octhemeoption_zoom_position\')[$store_id],\r\n                    \'space\' => $this->config->get(\'module_octhemeoption_zoom_space\')[$store_id],\r\n                    \'bg_status\' => $zoom_bg_status,\r\n                    \'bg_color\' => \'#\' . $this->config->get(\'module_octhemeoption_zoom_background_color\')[$store_id],\r\n                    \'bg_opacity\' => $this->config->get(\'module_octhemeoption_zoom_background_opacity\')[$store_id],\r\n                    \'title_status\' => $zoom_title_status\r\n                );\r\n\r\n                $this->document->addStyle(\'catalog/view/javascript/cloudzoom/css/cloud-zoom.css\');\r\n                $this->document->addScript(\'catalog/view/javascript/cloudzoom/cloud-zoom.1.0.2.min.js\');\r\n                $this->document->addScript(\'catalog/view/javascript/cloudzoom/zoom.js\');\r\n            } else {\r\n                $data[\'use_zoom\'] = false;\r\n            }\r\n\r\n            ]]></add>\r\n        </operation>\r\n        <operation>\r\n            <search><![CDATA[$data[\'images\'][] = array(]]></search>\r\n            <add position=\"after\"><![CDATA[\r\n                    \'product_option_value_id\' => $result[\'product_option_value_id\'],\r\n                    \'product_image_option\' => $this->model_tool_image->resize($result[\'image\'], $this->config->get(\'theme_\' . $this->config->get(\'config_theme\') . \'_image_thumb_width\'), $this->config->get(\'theme_\' . $this->config->get(\'config_theme\') . \'_image_thumb_height\')),\r\n            ]]></add>\r\n        </operation>\r\n    </file>\r\n    \r\n    <!-- CATEGORY CONFIGURATION -->\r\n    <file path=\"catalog/controller/product/category.php\">\r\n        <operation>\r\n            <search><![CDATA[$data[\'heading_title\'] = $category_info[\'name\'];]]></search>\r\n            <add position=\"before\"><![CDATA[\r\n            if (file_exists(\'catalog/view/theme/\' . $this->config->get(\'theme_\' . $this->config->get(\'config_theme\') . \'_directory\') . \'/stylesheet/octhemecategory/category.css\')) {\r\n                $this->document->addStyle(\'catalog/view/theme/\' . $this->config->get(\'theme_\' . $this->config->get(\'config_theme\') . \'_directory\') . \'/stylesheet/octhemecategory/category.css\');\r\n            } else {\r\n                $this->document->addStyle(\'catalog/view/theme/default/stylesheet/octhemecategory/category.css\');\r\n            }\r\n\r\n            $store_id = $this->config->get(\'config_store_id\');\r\n            if(isset($this->config->get(\'module_octhemeoption_custom_view\')[$store_id])) {\r\n                $data[\'use_custom_view\'] = (int) $this->config->get(\'module_octhemeoption_custom_view\')[$store_id];\r\n            } else {\r\n                $data[\'use_custom_view\'] = 0;\r\n            }\r\n\r\n            if(isset($this->config->get(\'module_octhemeoption_category_view\')[$store_id])) {\r\n                $data[\'category_view\'] = $this->config->get(\'module_octhemeoption_category_view\')[$store_id];\r\n            } else {\r\n                $data[\'category_view\'] = false;\r\n            }\r\n\r\n            if(isset($this->config->get(\'module_octhemeoption_category_view\')[$store_id])) {\r\n                $data[\'grid_columns\'] = $this->config->get(\'module_octhemeoption_grid_columns\')[$store_id];\r\n            } else {\r\n                $data[\'grid_columns\'] = false;\r\n            }\r\n\r\n            if(isset($this->config->get(\'module_octhemeoption_use_layered\')[$store_id])) {\r\n                $data[\'use_layered\'] = (int) $this->config->get(\'module_octhemeoption_use_layered\')[$store_id];\r\n            } else {\r\n                $data[\'use_layered\'] = 0;\r\n            }\r\n\r\n            if(isset($this->config->get(\'module_octhemeoption_use_cate_quickview\')[$store_id])) {\r\n	            $data[\'use_quickview\'] = (int) $this->config->get(\'module_octhemeoption_use_cate_quickview\')[$store_id];\r\n	        } else {\r\n	            $data[\'use_quickview\'] = 0;\r\n	        }\r\n\r\n            if(isset($this->config->get(\'module_octhemeoption_image_effect\')[$store_id])) {\r\n                $data[\'image_effect\'] = $this->config->get(\'module_octhemeoption_image_effect\')[$store_id];\r\n            } else {\r\n                $data[\'image_effect\'] = false;\r\n            }\r\n\r\n            if($data[\'image_effect\'] == \'swatches\') {\r\n                $this->document->addScript(\'catalog/view/javascript/occolorswatches/swatches.js\');\r\n            }\r\n\r\n            if($data[\'use_custom_view\']) {\r\n                $this->document->addScript(\'catalog/view/javascript/occategorygrid/grid.js\');\r\n            }\r\n            \r\n            if (!empty($_SERVER[\'HTTPS\'])) {\r\n                // SSL connection\r\n                $base_url = str_replace(\'http://\', \'https://\', $this->config->get(\'config_url\'));\r\n            } else {\r\n                $base_url = $this->config->get(\'config_url\');\r\n            }\r\n            \r\n            $data[\'ajax_sorts\'] = array();\r\n\r\n            $data[\'ajax_limits\'] = array();\r\n\r\n            if($data[\'use_layered\']) {\r\n                if (file_exists(\'catalog/view/theme/\' . $this->config->get(\'theme_\' . $this->config->get(\'config_theme\') . \'_directory\') . \'/stylesheet/octhemecategory/filter.css\')) {\r\n                    $this->document->addStyle(\'catalog/view/theme/\' . $this->config->get(\'theme_\' . $this->config->get(\'config_theme\') . \'_directory\') . \'/stylesheet/octhemecategory/filter.css\');\r\n                } else {\r\n                    $this->document->addStyle(\'catalog/view/theme/default/stylesheet/octhemecategory/filter.css\');\r\n                }\r\n\r\n                $this->document->addScript(\'catalog/view/javascript/occategorygrid/filter.js\');\r\n\r\n                $data[\'ajax_sorts\'][] = array(\r\n                    \'text\'  => $this->language->get(\'text_default\'),\r\n                    \'value\' => \'p.sort_order-ASC\',\r\n                    \'href\'  => $base_url . \'index.php?route=product/ocfilter/category&path=\' . $category_id . \'&sort=p.sort_order&order=ASC\' . $url\r\n                );\r\n\r\n                $data[\'ajax_sorts\'][] = array(\r\n                    \'text\'  => $this->language->get(\'text_name_asc\'),\r\n                    \'value\' => \'pd.name-ASC\',\r\n                    \'href\'  => $base_url . \'index.php?route=product/ocfilter/category&path=\' . $category_id . \'&sort=pd.name&order=ASC\' . $url\r\n                );\r\n\r\n                $data[\'ajax_sorts\'][] = array(\r\n                    \'text\'  => $this->language->get(\'text_name_desc\'),\r\n                    \'value\' => \'pd.name-DESC\',\r\n                    \'href\'  => $base_url . \'index.php?route=product/ocfilter/category&path=\' . $category_id . \'&sort=pd.name&order=DESC\' . $url\r\n                );\r\n\r\n                $data[\'ajax_sorts\'][] = array(\r\n                    \'text\'  => $this->language->get(\'text_price_asc\'),\r\n                    \'value\' => \'p.price-ASC\',\r\n                    \'href\'  => $base_url . \'index.php?route=product/ocfilter/category&path=\' . $category_id . \'&sort=p.price&order=ASC\' . $url\r\n                );\r\n\r\n                $data[\'ajax_sorts\'][] = array(\r\n                    \'text\'  => $this->language->get(\'text_price_desc\'),\r\n                    \'value\' => \'p.price-DESC\',\r\n                    \'href\'  => $base_url . \'index.php?route=product/ocfilter/category&path=\' . $category_id . \'&sort=p.price&order=DESC\' . $url\r\n                );\r\n\r\n                if ($this->config->get(\'config_review_status\')) {\r\n                    $data[\'ajax_sorts\'][] = array(\r\n                        \'text\'  => $this->language->get(\'text_rating_desc\'),\r\n                        \'value\' => \'rating-DESC\',\r\n                        \'href\'  => $base_url . \'index.php?route=product/ocfilter/category&path=\' . $category_id . \'&sort=rating&order=DESC\' . $url\r\n                    );\r\n\r\n                    $data[\'ajax_sorts\'][] = array(\r\n                        \'text\'  => $this->language->get(\'text_rating_asc\'),\r\n                        \'value\' => \'rating-ASC\',\r\n                        \'href\'  => $base_url . \'index.php?route=product/ocfilter/category&path=\' . $category_id . \'&sort=rating&order=ASC\' . $url\r\n                    );\r\n                }\r\n\r\n                $data[\'ajax_sorts\'][] = array(\r\n                    \'text\'  => $this->language->get(\'text_model_asc\'),\r\n                    \'value\' => \'p.model-ASC\',\r\n                    \'href\'  => $base_url . \'index.php?route=product/ocfilter/category&path=\' . $category_id . \'&sort=p.model&order=ASC\' . $url\r\n                );\r\n\r\n                $data[\'ajax_sorts\'][] = array(\r\n                    \'text\'  => $this->language->get(\'text_model_desc\'),\r\n                    \'value\' => \'p.model-DESC\',\r\n                    \'href\'  => $base_url . \'index.php?route=product/ocfilter/category&path=\' . $category_id . \'&sort=p.model&order=DESC\' . $url\r\n                );\r\n\r\n                $data[\'ajax_limits\'] = array();\r\n\r\n                $limits = array_unique(array($this->config->get(\'theme_\' . $this->config->get(\'config_theme\') . \'_product_limit\'), 25, 50, 75, 100));\r\n\r\n                sort($limits);\r\n\r\n                foreach($limits as $value) {\r\n                    $data[\'ajax_limits\'][] = array(\r\n                        \'text\'  => $value,\r\n                        \'value\' => $value,\r\n                        \'href\'  => $base_url . \'index.php?route=product/ocfilter/category&path=\' . $category_id . $url . \'&limit=\' . $value\r\n                    );\r\n                }\r\n\r\n                $data[\'ajax_loader\'] = $base_url . \'image/\' . $this->config->get(\'module_octhemeoption_loader_img\');\r\n            }\r\n            ]]></add>\r\n        </operation>\r\n        <operation>\r\n            <search><![CDATA[$data[\'products\'][] = array(]]></search>\r\n            <add position=\"before\"><![CDATA[\r\n                if($data[\'image_effect\'] == \'rotator\') {\r\n                    $this->load->model(\'catalog/ocproductrotator\');\r\n\r\n                    $product_rotator_image = $this->model_catalog_ocproductrotator->getProductRotatorImage($result[\'product_id\']);\r\n\r\n                    if($product_rotator_image) {\r\n                        $rotate_image = $this->model_tool_image->resize($product_rotator_image, $this->config->get(\'theme_\' . $this->config->get(\'config_theme\') . \'_image_product_width\'), $this->config->get(\'theme_\' . $this->config->get(\'config_theme\') . \'_image_product_height\'));\r\n                    } else {\r\n                        $rotate_image = false;\r\n                    }\r\n                } else {\r\n                    $rotate_image = false;\r\n                }\r\n\r\n                $swatches_images = array();\r\n\r\n                $options = array();\r\n\r\n                if($data[\'image_effect\'] == \'swatches\') {\r\n                    $data[\'icon_swatches_width\'] = $this->config->get(\'module_octhemeoption_cate_swatches_width\')[$store_id];\r\n                    $data[\'icon_swatches_height\'] = $this->config->get(\'module_octhemeoption_cate_swatches_height\')[$store_id];\r\n\r\n                    $this->load->model(\'catalog/occolorswatches\');\r\n\r\n                    $images = $this->model_catalog_product->getProductImages($result[\'product_id\']);\r\n\r\n                    $is_swatches_option = false;\r\n\r\n                    foreach ($images as $img) {\r\n                        if ($img[\'product_option_value_id\']) {\r\n                            $image_option_id = $this->model_catalog_occolorswatches->getOptionIdByProductOptionValueId($img[\'product_option_value_id\']);\r\n\r\n                            if($image_option_id == $this->config->get(\'module_octhemeoption_swatches_option\')[$store_id]) {\r\n                                $is_swatches_option = true;\r\n\r\n                                $swatches_images[] = array(\r\n                                    \'product_option_value_id\' => $img[\'product_option_value_id\'],\r\n                                    \'image\' => $this->model_tool_image->resize($img[\'image\'], $this->config->get(\'theme_\' . $this->config->get(\'config_theme\') . \'_image_product_width\'), $this->config->get(\'theme_\' . $this->config->get(\'config_theme\') . \'_image_product_height\'))\r\n                                );\r\n                            }\r\n                        }\r\n                    }\r\n\r\n                    if($is_swatches_option) {\r\n                        foreach ($this->model_catalog_product->getProductOptions($result[\'product_id\']) as $option) {\r\n                            if($option[\'option_id\'] == $this->config->get(\'module_octhemeoption_swatches_option\')[$store_id]) {\r\n                                $product_option_value_data = array();\r\n\r\n                                foreach ($option[\'product_option_value\'] as $option_value) {\r\n                                    if (!$option_value[\'subtract\'] || ($option_value[\'quantity\'] > 0)) {\r\n                                        $product_option_value_data[] = array(\r\n                                            \'product_option_value_id\' => $option_value[\'product_option_value_id\'],\r\n                                            \'option_value_id\'         => $option_value[\'option_value_id\'],\r\n                                            \'name\'                    => $option_value[\'name\'],\r\n                                            \'image\'                   => $this->model_tool_image->resize($option_value[\'image\'], $data[\'icon_swatches_width\'], $data[\'icon_swatches_height\']),\r\n                                        );\r\n                                    }\r\n                                }\r\n\r\n                                $options[] = array(\r\n                                    \'product_option_id\'    => $option[\'product_option_id\'],\r\n                                    \'product_option_value\' => $product_option_value_data,\r\n                                    \'option_id\'            => $option[\'option_id\'],\r\n                                    \'name\'                 => $option[\'name\'],\r\n                                    \'type\'                 => $option[\'type\'],\r\n                                    \'value\'                => $option[\'value\'],\r\n                                );\r\n                            }\r\n                        }\r\n                    }\r\n                }\r\n\r\n            ]]></add>\r\n        </operation>\r\n        <operation>\r\n            <search><![CDATA[$data[\'products\'][] = array(]]></search>\r\n            <add position=\"after\"><![CDATA[\r\n                    \'options\' => $options,\r\n                    \'swatches_images\' => $swatches_images,\r\n                    \'rotate_image\' => $rotate_image,\r\n            ]]></add>\r\n        </operation>\r\n        <operation>\r\n            <search><![CDATA[$pagination = new Pagination();]]></search>\r\n            <add position=\"before\"><![CDATA[\r\n            $ajax_pagination = new Pagination();\r\n            $ajax_pagination->total = $product_total;\r\n            $ajax_pagination->page = $page;\r\n            $ajax_pagination->limit = $limit;\r\n            $ajax_pagination->url = $base_url . \'index.php?route=product/ocfilter/category&path=\' . $category_id . $url . \'&page={page}\';\r\n\r\n            $data[\'ajax_pagination\'] = $ajax_pagination->render();\r\n            ]]></add>\r\n        </operation>\r\n    </file>\r\n\r\n    <file path=\"catalog/controller/common/column_left.php\">\r\n    	<operation>\r\n            <search><![CDATA[if ($route == \'product/category\' && isset($this->request->get[\'path\'])) {]]></search>\r\n            <add position=\"before\"><![CDATA[\r\n       	if ($route == \'product/category\') {\r\n			$store_id = $this->config->get(\'config_store_id\');\r\n\r\n			if(isset($this->config->get(\'module_octhemeoption_use_layered\')[$store_id])) {\r\n				$use_layered = (int) $this->config->get(\'module_octhemeoption_use_layered\')[$store_id];\r\n			} else {\r\n				$use_layered = 0;\r\n			}\r\n\r\n			if(isset($this->config->get(\'module_octhemeoption_layered_column\')[$store_id])) {\r\n				$column_side = $this->config->get(\'module_octhemeoption_layered_column\')[$store_id];\r\n			} else {\r\n				$column_side = false;\r\n			}\r\n\r\n			if($use_layered && $column_side == \'left\') {\r\n				$data[\'use_layered\'] = true;\r\n			} else {\r\n				$data[\'use_layered\'] = false;\r\n			}\r\n			\r\n			if($data[\'use_layered\']) {\r\n				$data[\'layered_section\'] = $this->load->controller(\'product/ocfilter\');\r\n			}\r\n		} else {\r\n			$data[\'use_layered\'] = false;\r\n		}\r\n            ]]></add>\r\n        </operation>\r\n    </file>\r\n\r\n    <file path=\"catalog/controller/common/column_right.php\">\r\n    	<operation>\r\n            <search><![CDATA[if ($route == \'product/category\' && isset($this->request->get[\'path\'])) {]]></search>\r\n            <add position=\"before\"><![CDATA[\r\n       	if ($route == \'product/category\') {\r\n			$store_id = $this->config->get(\'config_store_id\');\r\n\r\n			if(isset($this->config->get(\'module_octhemeoption_use_layered\')[$store_id])) {\r\n				$use_layered = (int) $this->config->get(\'module_octhemeoption_use_layered\')[$store_id];\r\n			} else {\r\n				$use_layered = 0;\r\n			}\r\n\r\n			if(isset($this->config->get(\'module_octhemeoption_layered_column\')[$store_id])) {\r\n				$column_side = $this->config->get(\'module_octhemeoption_layered_column\')[$store_id];\r\n			} else {\r\n				$column_side = false;\r\n			}\r\n\r\n			if($use_layered && $column_side == \'right\') {\r\n				$data[\'use_layered\'] = true;\r\n			} else {\r\n				$data[\'use_layered\'] = false;\r\n			}\r\n			\r\n			if($data[\'use_layered\']) {\r\n				$data[\'layered_section\'] = $this->load->controller(\'product/ocfilter\');\r\n			}\r\n		} else {\r\n			$data[\'use_layered\'] = false;\r\n		}\r\n            ]]></add>\r\n        </operation>\r\n    </file>\r\n\r\n    <file path=\"catalog/model/catalog/product.php\">\r\n        <operation>\r\n            <search><![CDATA[if (!empty($data[\'filter_manufacturer_id\'])) {]]></search>\r\n            <add position=\"before\">\r\n                <![CDATA[\r\n        /* Price range */\r\n        if  (!empty($data[\'filter_price\'])) {\r\n            $min_price = $data[\'filter_price\'][\'min_price\'];\r\n            $max_price = $data[\'filter_price\'][\'max_price\'];\r\n            $sql_sl_special = \"(SELECT price FROM \" . DB_PREFIX . \"product_special ps WHERE ps.product_id = p.product_id AND ps.customer_group_id = \'\" . (int)$this->config->get(\'config_customer_group_id\') . \"\' AND ((ps.date_start = \'0000-00-00\' OR ps.date_start < NOW()) AND (ps.date_end = \'0000-00-00\' OR ps.date_end > NOW())) ORDER BY ps.priority ASC, ps.price ASC LIMIT 1)\";\r\n            $sql_sl_discount = \"(SELECT price FROM \" . DB_PREFIX . \"product_discount pd2 WHERE pd2.product_id = p.product_id AND pd2.customer_group_id = \'\" . (int)$this->config->get(\'config_customer_group_id\') . \"\' AND pd2.quantity = \'1\' AND ((pd2.date_start = \'0000-00-00\' OR pd2.date_start < NOW()) AND (pd2.date_end = \'0000-00-00\' OR pd2.date_end > NOW())) ORDER BY pd2.priority ASC, pd2.price ASC LIMIT 1)\";\r\n            $sql .= \" AND (CASE WHEN \" . $sql_sl_special . \" IS NOT NULL THEN \" . $sql_sl_special . \" WHEN \" . $sql_sl_discount . \" IS NOT NULL THEN \". $sql_sl_discount . \" ELSE p.price END) >=\'\". $min_price .\"\'\" ;\r\n            $sql .= \" AND (CASE WHEN \" . $sql_sl_special . \" IS NOT NULL THEN \" . $sql_sl_special . \" WHEN \" . $sql_sl_discount . \" IS NOT NULL THEN \". $sql_sl_discount . \" ELSE p.price END) <=\'\". $max_price .\"\'\";\r\n        }\r\n        /* End */\r\n                ]]>\r\n            </add>\r\n        </operation>\r\n    </file>\r\n\r\n    <!-- THEME OPTION -->\r\n    <file path=\"catalog/controller/common/header.php\">\r\n        <operation>\r\n            <search><![CDATA[return $this->load->view(\'common/header\', $data);]]></search>\r\n            <add position=\"before\"><![CDATA[\r\n        $data[\'store_id\'] = $this->config->get(\'config_store_id\');\r\n        $data[\'theme_option_status\'] = $this->config->get(\'module_octhemeoption_status\');\r\n        $data[\'a_tag\'] = $this->config->get(\'module_octhemeoption_a_tag\');\r\n        $data[\'header_tag\'] = $this->config->get(\'module_octhemeoption_header_tag\');\r\n        $data[\'body_css\'] = $this->config->get(\'module_octhemeoption_body\');\r\n        \r\n        if(isset($this->config->get(\'module_octhemeoption_quickview\')[$data[\'store_id\']])) {\r\n            $module_quickview = (int) $this->config->get(\'module_octhemeoption_quickview\')[$data[\'store_id\']];\r\n        } else {\r\n            $module_quickview = 0;\r\n        }\r\n\r\n        if(isset($this->config->get(\'module_octhemeoption_use_cate_quickview\')[$data[\'store_id\']])) {\r\n            $category_quickview = (int) $this->config->get(\'module_octhemeoption_use_cate_quickview\')[$data[\'store_id\']];\r\n        } else {\r\n            $category_quickview = 0;\r\n        }\r\n\r\n        if($module_quickview || $category_quickview) {\r\n        	$data[\'use_quick_view\'] = true;\r\n        } else {\r\n			$data[\'use_quick_view\'] = false;\r\n        }\r\n        	]]></add>\r\n        </operation>\r\n    </file>\r\n\r\n    <!-- Layouts Position -->\r\n    <file path=\"admin/controller/design/layout.php\">\r\n        <operation>\r\n            <search><![CDATA[$this->response->setOutput($this->load->view(\'design/layout_form\', $data));]]></search>\r\n            <add position=\"replace\"><![CDATA[\r\n                $this->response->setOutput($this->load->view(\'design/layout_plaza_form\', $data));\r\n            ]]></add>\r\n        </operation>\r\n    </file>\r\n</modification>', 1, '2018-08-23 15:25:25');
INSERT INTO `oc_modification` (`modification_id`, `extension_install_id`, `name`, `code`, `author`, `version`, `link`, `xml`, `status`, `date_added`) VALUES
(39, 39, 'OC Customize Template', 'oc_customize_template', 'Plaza Theme', '3.x', '', '<?xml version=\"1.0\" encoding=\"utf-8\"?>\r\n<modification>\r\n    <code>oc_customize_template</code>\r\n    <name>OC Customize Template</name>\r\n    <version>3.x</version>\r\n    <author>Plaza Theme</author>\r\n	\r\n	<file path=\"admin/model/localisation/language.php\">\r\n		<operation>\r\n			<search><![CDATA[return $language_id;]]></search>\r\n			<add position=\"before\"><![CDATA[\r\n				$query = $this->db->query(\"SELECT * FROM \" . DB_PREFIX . \"cmsblock_description WHERE language_id = \'\" . (int)$this->config->get(\'config_language_id\') . \"\'\");\r\n\r\n				foreach ($query->rows as $cmsblock_description) {\r\n					$this->db->query(\"INSERT INTO \" . DB_PREFIX . \"cmsblock_description SET cmsblock_des_id = \'\" . (int)$cmsblock_description[\'cmsblock_des_id\'] . \"\', language_id = \'\" . (int)$language_id . \"\', cmsblock_id = \'\" . (int)$cmsblock_description[\'cmsblock_id\'] . \"\', title = \'\" . $this->db->escape($cmsblock_description[\'title\']) . \"\', description = \'\" . $this->db->escape($cmsblock_description[\'description\']) . \"\'\");\r\n				}\r\n				$this->cache->delete(\'cmsblock_description\');\r\n\r\n				$query = $this->db->query(\"SELECT * FROM \" . DB_PREFIX . \"article_description WHERE language_id = \'\" . (int)$this->config->get(\'config_language_id\') . \"\'\");\r\n\r\n				foreach ($query->rows as $article_description) {\r\n					$this->db->query(\"INSERT INTO \" . DB_PREFIX . \"article_description SET article_id = \'\" . (int)$article_description[\'article_id\'] . \"\', language_id = \'\" . (int)$language_id . \"\', name = \'\" . $this->db->escape($article_description[\'name\']) . \"\', description = \'\" . $this->db->escape($article_description[\'description\']) . \"\', intro_text = \'\" . $this->db->escape($article_description[\'intro_text\']) . \"\', meta_title = \'\" . $this->db->escape($article_description[\'meta_title\']) . \"\', meta_description = \'\" . $this->db->escape($article_description[\'meta_description\']) . \"\', meta_keyword = \'\" . $this->db->escape($article_description[\'meta_keyword\']) . \"\'\");\r\n				}\r\n				$this->cache->delete(\'article_description\');\r\n				\r\n				$query = $this->db->query(\"SELECT * FROM \" . DB_PREFIX . \"ocslideshow_image_description WHERE language_id = \'\" . (int)$this->config->get(\'config_language_id\') . \"\'\");\r\n\r\n				foreach ($query->rows as $ocslideshow_image_description) {\r\n					$this->db->query(\"INSERT INTO \" . DB_PREFIX . \"ocslideshow_image_description SET ocslideshow_image_id = \'\" . (int)$ocslideshow_image_description[\'ocslideshow_image_id\'] . \"\', language_id = \'\" . (int)$language_id . \"\', ocslideshow_id = \'\" . (int)$ocslideshow_image_description[\'ocslideshow_id\'] . \"\', description = \'\" . $this->db->escape($ocslideshow_image_description[\'description\']) . \"\', title = \'\" . $this->db->escape($ocslideshow_image_description[\'title\']) . \"\', sub_title = \'\" . $this->db->escape($ocslideshow_image_description[\'sub_title\']) . \"\'\");\r\n				}\r\n				$this->cache->delete(\'ocslideshow_image_description\');\r\n			]]></add>\r\n		</operation>\r\n	</file>\r\n\r\n	<file path=\"catalog/controller/common/header.php\">\r\n		<operation>\r\n			<search><![CDATA[return $this->load->view(\'common/header\', $data);]]></search>\r\n			<add position=\"before\"><![CDATA[\r\n				$data[\'block1\'] = $this->load->controller(\'common/block1\');\r\n				$data[\'block2\'] = $this->load->controller(\'common/block2\');\r\n				$data[\'block3\'] = $this->load->controller(\'common/block3\');\r\n				$data[\'block9\'] = $this->load->controller(\'common/block9\');				\r\n				$data[\'block8\'] = $this->load->controller(\'common/block8\');\r\n				$data[\'block10\'] = $this->load->controller(\'common/block10\');		\r\n				$data[\'block11\'] = $this->load->controller(\'common/block11\');	\r\n				if($this->config->get(\'module_ocajaxlogin_status\')){\r\n					$data[\'use_ajax_login\'] = true;\r\n				}else{\r\n					$data[\'use_ajax_login\'] = false;\r\n				}\r\n				\r\n				// For page specific css\r\n				if (isset($this->request->get[\'route\'])) {\r\n					if (isset($this->request->get[\'product_id\'])) {\r\n						$class = \'-\' . $this->request->get[\'product_id\'];\r\n					} elseif (isset($this->request->get[\'path\'])) {\r\n						$class = \'-\' . $this->request->get[\'path\'];\r\n					} elseif (isset($this->request->get[\'manufacturer_id\'])) {\r\n						$class = \'-\' . $this->request->get[\'manufacturer_id\'];\r\n					} elseif (isset($this->request->get[\'information_id\'])) {\r\n						$class = \'-\' . $this->request->get[\'information_id\'];\r\n					} else {\r\n						$class = \'\';\r\n					}\r\n\r\n					$data[\'class\'] = str_replace(\'/\', \'-\', $this->request->get[\'route\']) . $class;\r\n				} else {\r\n					$data[\'class\'] = \'common-home\';\r\n				}\r\n			]]></add>\r\n		</operation>\r\n	</file>\r\n	\r\n	<file path=\"catalog/controller/common/footer.php\">\r\n		<operation>\r\n			<search><![CDATA[$data[\'newsletter\'] = $this->url->link(\'account/newsletter\', \'\', true);]]></search>\r\n			<add position=\"after\"><![CDATA[						\r\n				$data[\'block4\'] = $this->load->controller(\'common/block4\');			\r\n				$data[\'block5\'] = $this->load->controller(\'common/block5\');				\r\n				$data[\'block6\'] = $this->load->controller(\'common/block6\');				\r\n				$data[\'block7\'] = $this->load->controller(\'common/block7\');				\r\n				$data[\'block8\'] = $this->load->controller(\'common/block8\');				\r\n								\r\n				if ($this->request->server[\'HTTPS\']) {\r\n					$server = $this->config->get(\'config_ssl\');\r\n				} else {\r\n					$server = $this->config->get(\'config_url\');\r\n				}\r\n			]]></add>\r\n		</operation>\r\n	</file>\r\n	\r\n	<file path=\"catalog/controller/product/category.php\">\r\n		<operation>\r\n			<search><![CDATA[foreach ($results as $result) {]]></search>\r\n			<add position=\"before\"><![CDATA[\r\n				/* Get new product */\r\n				$this->load->model(\'catalog/product\');\r\n		\r\n				$data[\'new_products\'] = array();\r\n		\r\n				$filter_data = array(\r\n					\'sort\'  => \'p.date_added\',\r\n					\'order\' => \'DESC\',\r\n					\'start\' => 0,\r\n					\'limit\' => 10\r\n				);\r\n		\r\n				$new_results = $this->model_catalog_product->getProducts($filter_data);\r\n				/* End */\r\n			]]></add>\r\n		</operation>\r\n		<operation>\r\n			<search><![CDATA[$data[\'products\'][] = array(]]></search>\r\n			<add position=\"before\"><![CDATA[\r\n				$is_new = false;\r\n				if ($new_results) { \r\n					foreach($new_results as $new_r) {\r\n						if($result[\'product_id\'] == $new_r[\'product_id\']) {\r\n							$is_new = true;\r\n						}\r\n					}\r\n				}\r\n				if (($this->config->get(\'config_customer_price\') && $this->customer->isLogged()) || !$this->config->get(\'config_customer_price\')) {\r\n					$price_num = $this->tax->calculate($result[\'price\'], $result[\'tax_class_id\'], $this->config->get(\'config_tax\'));\r\n				} else {\r\n					$price_num = false;\r\n				}\r\n\r\n				if ((float)$result[\'special\']) {\r\n					$special_num = $this->tax->calculate($result[\'special\'], $result[\'tax_class_id\'], $this->config->get(\'config_tax\'));\r\n				} else {\r\n					$special_num = false;\r\n				}\r\n				/// Product Rotator /\r\n				$store_id = $this->config->get(\'config_store_id\');\r\n\r\n				$product_rotator_status = (int) $this->config->get(\'module_octhemeoption_rotator\')[$store_id];\r\n				if($product_rotator_status == 1) {\r\n				 $this->load->model(\'catalog/ocproductrotator\');\r\n				 $this->load->model(\'tool/image\');\r\n			 \r\n				 $product_id = $result[\'product_id\'];\r\n				 $product_rotator_image = $this->model_catalog_ocproductrotator->getProductRotatorImage($product_id);\r\n			 \r\n				 if($product_rotator_image) {\r\n				  $rotator_image = $this->model_tool_image->resize($product_rotator_image, $this->config->get(\'theme_\' . $this->config->get(\'config_theme\') . \'_image_product_width\'), $this->config->get(\'theme_\' . $this->config->get(\'config_theme\') . \'_image_product_height\')); \r\n				 } else {\r\n				  $rotator_image = false;\r\n				 } \r\n				} else {\r\n				 $rotator_image = false;    \r\n				}\r\n				/// End Product Rotator /\r\n								\r\n				\r\n			]]></add>\r\n		</operation>\r\n		<operation>\r\n			<search><![CDATA[\'product_id\'  => $result[\'product_id\'],]]></search>\r\n			<add position=\"before\"><![CDATA[\r\n				\'is_new\'      => $is_new,\r\n				\'rotator_image\' => $rotator_image,\r\n				\'price_num\'       => $price_num,\r\n				\'special_num\'     => $special_num,\r\n				\'manufacturer\' => $result[\'manufacturer\'],\r\n				\'manufacturers\' => $this->url->link(\'product/manufacturer/info\', \'manufacturer_id=\' . $result[\'manufacturer_id\']),\r\n			]]></add>\r\n		</operation>\r\n	</file>\r\n	\r\n	<file path=\"catalog/controller/product/product.php\">\r\n		<operation>\r\n			<search><![CDATA[$results = $this->model_catalog_product->getProductRelated($this->request->get[\'product_id\']);]]></search>\r\n			<add position=\"before\"><![CDATA[\r\n				/* Get new product */\r\n				$this->load->model(\'catalog/product\');\r\n		\r\n				$data[\'new_products\'] = array();\r\n		\r\n				$filter_data = array(\r\n					\'sort\'  => \'p.date_added\',\r\n					\'order\' => \'DESC\',\r\n					\'start\' => 0,\r\n					\'limit\' => 10\r\n				);\r\n		\r\n				$new_results = $this->model_catalog_product->getProducts($filter_data);\r\n				/* End */\r\n			]]></add>\r\n		</operation>\r\n		<operation>\r\n			<search><![CDATA[$data[\'products\'][] = array(]]></search>\r\n			<add position=\"before\"><![CDATA[\r\n				$is_new = false;\r\n				if ($new_results) { \r\n					foreach($new_results as $new_r) {\r\n						if($result[\'product_id\'] == $new_r[\'product_id\']) {\r\n							$is_new = true;\r\n						}\r\n					}\r\n				}\r\n				if (($this->config->get(\'config_customer_price\') && $this->customer->isLogged()) || !$this->config->get(\'config_customer_price\')) {\r\n					$price_num = $this->tax->calculate($result[\'price\'], $result[\'tax_class_id\'], $this->config->get(\'config_tax\'));\r\n				} else {\r\n					$price_num = false;\r\n				}\r\n\r\n				if ((float)$result[\'special\']) {\r\n					$special_num = $this->tax->calculate($result[\'special\'], $result[\'tax_class_id\'], $this->config->get(\'config_tax\'));\r\n				} else {\r\n					$special_num = false;\r\n				}\r\n				/// Product Rotator /\r\n				$store_id = $this->config->get(\'config_store_id\');\r\n\r\n				$product_rotator_status = (int) $this->config->get(\'module_octhemeoption_rotator\')[$store_id];\r\n				if($product_rotator_status == 1) {\r\n				 $this->load->model(\'catalog/ocproductrotator\');\r\n				 $this->load->model(\'tool/image\');\r\n			 \r\n				 $product_id = $result[\'product_id\'];\r\n				 $product_rotator_image = $this->model_catalog_ocproductrotator->getProductRotatorImage($product_id);\r\n			 \r\n				 if($product_rotator_image) {\r\n				  $rotator_image = $this->model_tool_image->resize($product_rotator_image, $this->config->get(\'theme_\' . $this->config->get(\'config_theme\') . \'_image_product_width\'), $this->config->get(\'theme_\' . $this->config->get(\'config_theme\') . \'_image_product_height\')); \r\n				 } else {\r\n				  $rotator_image = false;\r\n				 }\r\n				} else {\r\n				 $rotator_image = false;    \r\n				}\r\n				/// End Product Rotator /	\r\n				\r\n				$data[\'use_quickview\'] = (int) $this->config->get(\'module_octhemeoption_quickview\')[$store_id];\r\n				\r\n				\r\n			]]></add>\r\n		</operation>\r\n		<operation>\r\n			<search><![CDATA[\'rating\'      => $rating,]]></search>\r\n			<add position=\"after\"><![CDATA[\r\n				\'is_new\'      => $is_new,\r\n				\'rotator_image\' => $rotator_image,\r\n				\'price_num\'       => $price_num,\r\n				\'special_num\'     => $special_num,\r\n				\'manufacturer\' => $result[\'manufacturer\'],\r\n				\'manufacturers\' => $this->url->link(\'product/manufacturer/info\', \'manufacturer_id=\' . $result[\'manufacturer_id\']),\r\n			]]></add>\r\n		</operation>\r\n		<operation>\r\n			<search><![CDATA[$data[\'description\'] = html_entity_decode($product_info[\'description\'], ENT_QUOTES, \'UTF-8\');]]></search>\r\n			<add position=\"after\"><![CDATA[\r\n				$data[\'short_description\'] = utf8_substr(strip_tags(html_entity_decode($product_info[\'description\'], ENT_QUOTES, \'UTF-8\')), 0, $this->config->get($this->config->get(\'config_theme\') . \'_product_description_length\')) . \'..\';\r\n			]]></add>\r\n		</operation>\r\n	</file>\r\n	\r\n	<file path=\"catalog/controller/product/special.php\">		\r\n		<operation>\r\n			<search><![CDATA[$results = $this->model_catalog_product->getProductSpecials($filter_data);]]></search>\r\n			<add position=\"after\"><![CDATA[\r\n				/* Get new product */\r\n				$this->load->model(\'catalog/product\');\r\n		\r\n				$data[\'new_products\'] = array();\r\n		\r\n				$filter_data = array(\r\n					\'sort\'  => \'p.date_added\',\r\n					\'order\' => \'DESC\',\r\n					\'start\' => 0,\r\n					\'limit\' => 10\r\n				);\r\n		\r\n				$new_results = $this->model_catalog_product->getProducts($filter_data);\r\n				/* End */\r\n			]]></add>\r\n		</operation>\r\n		\r\n		<operation>\r\n			<search><![CDATA[$data[\'products\'][] = array(]]></search>\r\n			<add position=\"before\"><![CDATA[\r\n				$is_new = false;\r\n				if ($new_results) { \r\n					foreach($new_results as $new_r) {\r\n						if($result[\'product_id\'] == $new_r[\'product_id\']) {\r\n							$is_new = true;\r\n						}\r\n					}\r\n				}\r\n				if (($this->config->get(\'config_customer_price\') && $this->customer->isLogged()) || !$this->config->get(\'config_customer_price\')) {\r\n					$price_num = $this->tax->calculate($result[\'price\'], $result[\'tax_class_id\'], $this->config->get(\'config_tax\'));\r\n				} else {\r\n					$price_num = false;\r\n				}\r\n\r\n				if ((float)$result[\'special\']) {\r\n					$special_num = $this->tax->calculate($result[\'special\'], $result[\'tax_class_id\'], $this->config->get(\'config_tax\'));\r\n				} else {\r\n					$special_num = false;\r\n				}\r\n				/// Product Rotator /\r\n				$store_id = $this->config->get(\'config_store_id\');\r\n				$product_rotator_status = (int) $this->config->get(\'module_octhemeoption_rotator\')[$store_id];\r\n				\r\n				if($product_rotator_status == 1) {\r\n				 $this->load->model(\'catalog/ocproductrotator\');\r\n				 $this->load->model(\'tool/image\');\r\n			 \r\n				 $product_id = $result[\'product_id\'];\r\n				 $product_rotator_image = $this->model_catalog_ocproductrotator->getProductRotatorImage($product_id);\r\n			 \r\n					 if($product_rotator_image) {\r\n							$rotator_image = $this->model_tool_image->resize($product_rotator_image, $this->config->get(\'theme_\' . $this->config->get(\'config_theme\') . \'_image_product_width\'), $this->config->get(\'theme_\' . $this->config->get(\'config_theme\') . \'_image_product_height\')); \r\n					} else {\r\n						$rotator_image = false;\r\n					}\r\n				} else {\r\n				 $rotator_image = false;    \r\n				}\r\n				/// End Product Rotator /\r\n				\r\n				\r\n			]]></add>\r\n		</operation>\r\n		\r\n		<operation>\r\n			<search><![CDATA[\'rating\'      => $result[\'rating\'],]]></search>\r\n			<add position=\"after\"><![CDATA[\r\n				\'is_new\'      => $is_new,\r\n				\'rotator_image\' => $rotator_image,\r\n				\'price_num\'       => $price_num,\r\n				\'special_num\'     => $special_num,\r\n				\'manufacturer\' => $result[\'manufacturer\'],\r\n				\'manufacturers\' => $this->url->link(\'product/manufacturer/info\', \'manufacturer_id=\' . $result[\'manufacturer_id\']),\r\n			]]></add>\r\n		</operation>\r\n	</file>\r\n\r\n	<file path=\"catalog/controller/product/search.php\">\r\n		<operation>\r\n			<search><![CDATA[$results = $this->model_catalog_product->getProducts($filter_data);]]></search>\r\n			<add position=\"after\"><![CDATA[\r\n				/* Get new product */\r\n				$this->load->model(\'catalog/product\');\r\n		\r\n				$data[\'new_products\'] = array();\r\n		\r\n				$filter_data = array(\r\n					\'sort\'  => \'p.date_added\',\r\n					\'order\' => \'DESC\',\r\n					\'start\' => 0,\r\n					\'limit\' => 10\r\n				);\r\n		\r\n				$new_results = $this->model_catalog_product->getProducts($filter_data);\r\n				/* End */\r\n			]]></add>\r\n		</operation>\r\n		\r\n		<operation>\r\n			<search><![CDATA[$data[\'products\'][] = array(]]></search>\r\n			<add position=\"before\"><![CDATA[\r\n				$is_new = false;\r\n				if ($new_results) { \r\n					foreach($new_results as $new_r) {\r\n						if($result[\'product_id\'] == $new_r[\'product_id\']) {\r\n							$is_new = true;\r\n						}\r\n					}\r\n				}\r\n				if (($this->config->get(\'config_customer_price\') && $this->customer->isLogged()) || !$this->config->get(\'config_customer_price\')) {\r\n					$price_num = $this->tax->calculate($result[\'price\'], $result[\'tax_class_id\'], $this->config->get(\'config_tax\'));\r\n				} else {\r\n					$price_num = false;\r\n				}\r\n\r\n				if ((float)$result[\'special\']) {\r\n					$special_num = $this->tax->calculate($result[\'special\'], $result[\'tax_class_id\'], $this->config->get(\'config_tax\'));\r\n				} else {\r\n					$special_num = false;\r\n				}\r\n				/// Product Rotator /\r\n				$store_id = $this->config->get(\'config_store_id\');\r\n				$product_rotator_status = (int) $this->config->get(\'module_octhemeoption_rotator\')[$store_id];\r\n				if($product_rotator_status == 1) {\r\n				 $this->load->model(\'catalog/ocproductrotator\');\r\n				 $this->load->model(\'tool/image\');\r\n			 \r\n				 $product_id = $result[\'product_id\'];\r\n				 $product_rotator_image = $this->model_catalog_ocproductrotator->getProductRotatorImage($product_id);\r\n			 \r\n				 if($product_rotator_image) {\r\n							$rotator_image = $this->model_tool_image->resize($product_rotator_image, $this->config->get(\'theme_\' . $this->config->get(\'config_theme\') . \'_image_product_width\'), $this->config->get(\'theme_\' . $this->config->get(\'config_theme\') . \'_image_product_height\')); \r\n					} else {\r\n						$rotator_image = false;\r\n					} \r\n				} else {\r\n				 $rotator_image = false;    \r\n				}\r\n				/// End Product Rotator /\r\n				\r\n				\r\n			]]></add>\r\n		</operation>\r\n		\r\n		<operation>\r\n			<search><![CDATA[\'rating\'      => $result[\'rating\'],]]></search>\r\n			<add position=\"after\"><![CDATA[\r\n				\'is_new\'      => $is_new,\r\n				\'rotator_image\' => $rotator_image,\r\n				\'price_num\'       => $price_num,\r\n				\'special_num\'     => $special_num,\r\n				\'manufacturer\' => $result[\'manufacturer\'],\r\n				\'manufacturers\' => $this->url->link(\'product/manufacturer/info\', \'manufacturer_id=\' . $result[\'manufacturer_id\']),\r\n			]]></add>\r\n		</operation>\r\n	</file>\r\n\r\n	<file path=\"catalog/controller/product/manufacturer.php\">\r\n		<operation>\r\n			<search><![CDATA[$results = $this->model_catalog_product->getProducts($filter_data);]]></search>\r\n			<add position=\"after\"><![CDATA[\r\n				/* Get new product */\r\n				$this->load->model(\'catalog/product\');\r\n		\r\n				$data[\'new_products\'] = array();\r\n		\r\n				$filter_data = array(\r\n					\'sort\'  => \'p.date_added\',\r\n					\'order\' => \'DESC\',\r\n					\'start\' => 0,\r\n					\'limit\' => 10\r\n				);\r\n		\r\n				$new_results = $this->model_catalog_product->getProducts($filter_data);\r\n				/* End */\r\n			]]></add>\r\n		</operation>\r\n		\r\n		<operation>\r\n			<search><![CDATA[$data[\'products\'][] = array(]]></search>\r\n			<add position=\"before\"><![CDATA[\r\n				$is_new = false;\r\n				if ($new_results) { \r\n					foreach($new_results as $new_r) {\r\n						if($result[\'product_id\'] == $new_r[\'product_id\']) {\r\n							$is_new = true;\r\n						}\r\n					}\r\n				}\r\n				if (($this->config->get(\'config_customer_price\') && $this->customer->isLogged()) || !$this->config->get(\'config_customer_price\')) {\r\n					$price_num = $this->tax->calculate($result[\'price\'], $result[\'tax_class_id\'], $this->config->get(\'config_tax\'));\r\n				} else {\r\n					$price_num = false;\r\n				}\r\n\r\n				if ((float)$result[\'special\']) {\r\n					$special_num = $this->tax->calculate($result[\'special\'], $result[\'tax_class_id\'], $this->config->get(\'config_tax\'));\r\n				} else {\r\n					$special_num = false;\r\n				}\r\n				/// Product Rotator /\r\n				$store_id = $this->config->get(\'config_store_id\');\r\n				$product_rotator_status = (int) $this->config->get(\'module_octhemeoption_rotator\')[$store_id];\r\n				if($product_rotator_status == 1) {\r\n				 $this->load->model(\'catalog/ocproductrotator\');\r\n				 $this->load->model(\'tool/image\');\r\n			 \r\n				 $product_id = $result[\'product_id\'];\r\n				 $product_rotator_image = $this->model_catalog_ocproductrotator->getProductRotatorImage($product_id);\r\n			 \r\n				 if($product_rotator_image) {\r\n							$rotator_image = $this->model_tool_image->resize($product_rotator_image, $this->config->get(\'theme_\' . $this->config->get(\'config_theme\') . \'_image_product_width\'), $this->config->get(\'theme_\' . $this->config->get(\'config_theme\') . \'_image_product_height\')); \r\n					} else {\r\n						$rotator_image = false;\r\n					}\r\n				} else {\r\n				 $rotator_image = false;    \r\n				}\r\n				/// End Product Rotator /\r\n				\r\n				\r\n			]]></add>\r\n		</operation>\r\n		\r\n		<operation>\r\n			<search><![CDATA[\'rating\'      => $result[\'rating\'],]]></search>\r\n			<add position=\"after\"><![CDATA[\r\n				\'is_new\'      => $is_new,\r\n				\'rotator_image\' => $rotator_image,\r\n				\'price_num\'       => $price_num,\r\n				\'special_num\'     => $special_num,\r\n				\'manufacturer\' => $result[\'manufacturer\'],\r\n				\'manufacturers\' => $this->url->link(\'product/manufacturer/info\', \'manufacturer_id=\' . $result[\'manufacturer_id\']),\r\n			]]></add>\r\n		</operation>\r\n	</file>\r\n	<file path=\"catalog/controller/account/{account,address,affiliate,download,edit,forgotten,login,logout,newsletter,order,password,recurring,register,reset,return,reward,success,tracking,transaction,voucher,wishlist}*.php\">\r\n		  <operation>\r\n		   <search><![CDATA[$this->document->setTitle($this->language->get(\'heading_title\'));]]></search>\r\n		   <add position=\"after\"><![CDATA[\r\n			$data[\'heading_title\'] = $this->language->get(\'heading_title\');\r\n		   ]]></add>\r\n		  </operation>\r\n		 </file>\r\n		 \r\n		 <file path=\"catalog/controller/affiliate/{login,register,success,}*.php\">\r\n		  <operation>\r\n		   <search><![CDATA[$this->document->setTitle($this->language->get(\'heading_title\'));]]></search>\r\n		   <add position=\"after\"><![CDATA[\r\n			$data[\'heading_title\'] = $this->language->get(\'heading_title\');\r\n		   ]]></add>\r\n		  </operation>\r\n		 </file>\r\n		 \r\n		 <file path=\"catalog/controller/checkout/{cart,checkout,failure,success}*.php\">\r\n		  <operation>\r\n		   <search><![CDATA[$this->document->setTitle($this->language->get(\'heading_title\'));]]></search>\r\n		   <add position=\"after\"><![CDATA[\r\n			$data[\'heading_title\'] = $this->language->get(\'heading_title\');\r\n		   ]]></add>\r\n		  </operation>\r\n		 </file>\r\n		 \r\n		 <file path=\"catalog/controller/product/{compare,manufacturer,search,special}*.php\">\r\n		  <operation>\r\n		   <search><![CDATA[$this->document->setTitle($this->language->get(\'heading_title\'));]]></search>\r\n		   <add position=\"after\"><![CDATA[\r\n			$data[\'heading_title\'] = $this->language->get(\'heading_title\');\r\n		   ]]></add>\r\n		  </operation>\r\n		 </file>\r\n		 \r\n		 <file path=\"catalog/controller/{common,error}/{maintenance,not_found}*.php\">\r\n		  <operation>\r\n		   <search><![CDATA[$this->document->setTitle($this->language->get(\'heading_title\'));]]></search>\r\n		   <add position=\"after\"><![CDATA[\r\n			$data[\'heading_title\'] = $this->language->get(\'heading_title\');\r\n		   ]]></add>\r\n		  </operation>\r\n		 </file>\r\n		 \r\n		 <file path=\"catalog/controller/extension/{credit_card,payment}/{sagepay_direct,sagepay_server,squareup,amazon_login_pay,klarna_checkout,wechat_pay}*.php\">\r\n		  <operation>\r\n		   <search><![CDATA[$this->document->setTitle($this->language->get(\'heading_title\'));]]></search>\r\n		   <add position=\"after\"><![CDATA[\r\n			$data[\'heading_title\'] = $this->language->get(\'heading_title\');\r\n		   ]]></add>\r\n		  </operation>\r\n	</file>\r\n	<file path=\"catalog/controller/information/{sitemap,contact}*.php\">\r\n	  <operation>\r\n	   <search><![CDATA[$this->document->setTitle($this->language->get(\'heading_title\'));]]></search>\r\n	   <add position=\"after\"><![CDATA[\r\n		$data[\'heading_title\'] = $this->language->get(\'heading_title\');\r\n	   ]]></add>\r\n	  </operation>\r\n	 </file>\r\n	 <file path=\"catalog/controller/account/{address,download,order,recurring,return,reward,transaction,wishlist}*.php\">\r\n		<operation>\r\n			<search><![CDATA[$this->document->setTitle($this->language->get(\'heading_title\'));]]></search>\r\n			<add position=\"after\"><![CDATA[\r\n				$data[\'text_empty\'] = $this->language->get(\'text_empty\');\r\n			]]></add>\r\n		</operation>\r\n	</file>\r\n	<file path=\"catalog/controller/checkout/cart.php\">\r\n		<operation>\r\n			<search><![CDATA[$this->document->setTitle($this->language->get(\'heading_title\'));]]></search>\r\n			<add position=\"after\"><![CDATA[\r\n				$data[\'text_empty\'] = $this->language->get(\'text_empty\');\r\n			]]></add>\r\n		</operation>\r\n	</file>\r\n	<file path=\"catalog/controller/common/cart.php\">\r\n		<operation>\r\n			<search><![CDATA[$this->document->setTitle($this->language->get(\'heading_title\'));]]></search>\r\n			<add position=\"after\"><![CDATA[\r\n				$data[\'text_empty\'] = $this->language->get(\'text_empty\');\r\n			]]></add>\r\n		</operation>\r\n	</file>\r\n	<file path=\"catalog/controller/extension/credit_card/{sagepay_direct,sagepay_server}*.php\">\r\n		<operation>\r\n			<search><![CDATA[$this->document->setTitle($this->language->get(\'heading_title\'));]]></search>\r\n			<add position=\"after\"><![CDATA[\r\n				$data[\'text_empty\'] = $this->language->get(\'text_empty\');\r\n			]]></add>\r\n		</operation>\r\n	</file>\r\n	\r\n	<file path=\"catalog/controller/product/{category,search}*.php\">\r\n		<operation>\r\n			<search><![CDATA[$data[\'breadcrumbs\'] = array();]]></search>\r\n			<add position=\"before\"><![CDATA[\r\n				$data[\'text_empty\'] = $this->language->get(\'text_empty\');\r\n			]]></add>\r\n		</operation>\r\n	</file>\r\n	\r\n	<file path=\"catalog/controller/product/{compare,manufacturer,special}*.php\">\r\n		<operation>\r\n			<search><![CDATA[$this->document->setTitle($this->language->get(\'heading_title\'));]]></search>\r\n			<add position=\"after\"><![CDATA[\r\n				$data[\'text_empty\'] = $this->language->get(\'text_empty\');\r\n			]]></add>\r\n		</operation>\r\n	</file>\r\n	<file path=\"catalog/controller/account/voucher.php\">\r\n		<operation>\r\n			<search><![CDATA[$this->load->language(\'account/voucher\');]]></search>\r\n			<add position=\"after\"><![CDATA[\r\n				$data[\'text_agree\'] = $this->language->get(\'text_agree\');\r\n			]]></add>\r\n		</operation>\r\n	</file>\r\n	<file path=\"admin/controller/design/layout.php\">\r\n		<operation>\r\n			<search><![CDATA[$this->load->language(\'design/layout\');]]></search>\r\n			<add position=\"after\"><![CDATA[\r\n				$data[\'heading_title\'] = $this->language->get(\'heading_title\');\r\n			]]></add>\r\n		</operation>\r\n		<operation>\r\n			<search><![CDATA[protected function getForm() {]]></search>\r\n			<add position=\"after\"><![CDATA[\r\n				$this->load->language(\'design/layout\');\r\n				$data[\'heading_title\'] = $this->language->get(\'heading_title\');\r\n			]]></add>\r\n		</operation>\r\n		\r\n	</file>\r\n</modification>', 1, '2018-10-08 16:53:46');

-- --------------------------------------------------------

--
